{"id":120,"date":"2026-04-17T07:21:18","date_gmt":"2026-04-17T10:21:18","guid":{"rendered":"https:\/\/www.hediyepazar.com\/?page_id=120"},"modified":"2026-04-18T14:37:56","modified_gmt":"2026-04-18T17:37:56","slug":"hakkimizda","status":"publish","type":"page","link":"https:\/\/www.hediyepazar.com\/?page_id=120","title":{"rendered":"Hakk\u0131m\u0131zda"},"content":{"rendered":"\n<p><strong>Biz, bir hediyenin asl\u0131nda bir kutuya konulmu\u015f bir e\u015fya olmad\u0131\u011f\u0131na inan\u0131yoruz. Bir tebess\u00fcm\u00fcn, bir \u2018Seni d\u00fc\u015f\u00fcnd\u00fcm\u2019 c\u00fcmlesinin, bazen de t\u00fcm bir \u00f6zetinin ta kendisi oldu\u011funa inan\u0131yoruz.<\/strong><\/p>\n\n\n\n<p><a href=\"https:\/\/hediyepazar.com\/\" target=\"_blank\" rel=\"noreferrer noopener\">Hediyepazar.com<\/a>&nbsp;olarak yola \u00e7\u0131k\u0131\u015f hikayemiz, asl\u0131nda hepimizin ortak bir derdine \u00e7are bulma iste\u011fiyle ba\u015flad\u0131: \u201cSevdi\u011fim insana ne hediye alsam da onu ger\u00e7ekten mutlu etsem?\u201d Sorusu. Belki bir do\u011fum g\u00fcn\u00fc, belki bir y\u0131l d\u00f6n\u00fcm\u00fc, belki de sadece \u201c\u0130yiki vars\u0131n\u201d demek i\u00e7in&#8230; Biz, her \u00f6zel an i\u00e7in en g\u00fczel hediyeyi bulman\u0131n verdi\u011fi heyecan\u0131 yeniden ya\u015fatmak i\u00e7in buraday\u0131z.<\/p>\n\n\n\n<p>Karma\u015f\u0131k al\u0131\u015fveri\u015f sitelerinden s\u0131k\u0131ld\u0131k. Saatlerce gezinip, \u201cBu \u00e7ok s\u0131radan, bu onu anlatmaz\u201d diye d\u00fc\u015f\u00fcnd\u00fc\u011f\u00fcm\u00fcz o anlar\u0131 biliyoruz. \u0130\u015fte bu y\u00fczden&nbsp;<a href=\"https:\/\/hediyepazar.com\/\" target=\"_blank\" rel=\"noreferrer noopener\">hediyepazar.com<\/a>\u2019da&nbsp;sizi bekleyen bir s\u00fcrpriz var: Her bir \u00fcr\u00fcn, bir d\u00fc\u015f\u00fcncenin, bir duygunun yans\u0131mas\u0131 olarak \u00f6zenle se\u00e7ildi.<\/p>\n\n\n\n<p><strong>Sadece bir ma\u011faza de\u011filiz; bir ilham kayna\u011f\u0131y\u0131z.<\/strong>&nbsp;Amac\u0131m\u0131z, hediye almay\u0131 keyifli, kolay ve anlaml\u0131 bir deneyime d\u00f6n\u00fc\u015ft\u00fcrmek. Bizim i\u00e7in en b\u00fcy\u00fck \u00f6d\u00fcl, sizin sevdiklerinizin y\u00fcz\u00fcnde olu\u015fturaca\u011f\u0131n\u0131z o k\u00fc\u00e7\u00fck mutluluk k\u0131v\u0131lc\u0131m\u0131.<\/p>\n\n\n\n<p>Biz k\u00fc\u00e7\u00fck ama tutkulu bir ekibiz. Her g\u00fcn, her keseye ve her zevke uygun, \u00f6zg\u00fcn ve kaliteli hediyeleri bir araya getirmek i\u00e7in \u00e7al\u0131\u015f\u0131yoruz. \u00c7\u00fcnk\u00fc biliyoruz ki, do\u011fru hediyenin bir g\u00fcl\u00fcmsemeyi, hatta t\u00fcm bir g\u00fcn\u00fc de\u011fi\u015ftirme g\u00fcc\u00fc vard\u0131r.<\/p>\n\n\n\n<p>Haydi, siz de bu keyifli yolculu\u011fa kat\u0131l\u0131n. Sevdikleriniz i\u00e7in en \u00f6zel hediyeyi bulman\u0131n tam zaman\u0131.<\/p>\n\n\n\n<p><strong>Mutluluklar da\u011f\u0131tmaya haz\u0131r m\u0131s\u0131n\u0131z?<\/strong><\/p>\n","protected":false},"excerpt":{"rendered":"<p>Biz, bir hediyenin asl\u0131nda bir kutuya konulmu\u015f bir e\u015fya olmad\u0131\u011f\u0131na inan\u0131yoruz. Bir tebess\u00fcm\u00fcn, bir \u2018Seni d\u00fc\u015f\u00fcnd\u00fcm\u2019 c\u00fcmlesinin, bazen de t\u00fcm bir \u00f6zetinin ta kendisi oldu\u011funa inan\u0131yoruz. Hediyepazar.com&nbsp;olarak yola \u00e7\u0131k\u0131\u015f hikayemiz, asl\u0131nda hepimizin ortak bir derdine \u00e7are bulma iste\u011fiyle ba\u015flad\u0131: \u201cSevdi\u011fim insana ne hediye alsam da onu ger\u00e7ekten mutlu etsem?\u201d Sorusu. Belki bir do\u011fum g\u00fcn\u00fc, belki&#8230;<\/p>\n","protected":false},"author":1,"featured_media":0,"parent":0,"menu_order":0,"comment_status":"closed","ping_status":"closed","template":"","meta":{"_kad_post_transparent":"","_kad_post_title":"","_kad_post_layout":"","_kad_post_sidebar_id":"","_kad_post_content_style":"","_kad_post_vertical_padding":"","_kad_post_feature":"","_kad_post_feature_position":"","_kad_post_header":false,"_kad_post_footer":false,"_kad_post_classname":"","footnotes":""},"class_list":["post-120","page","type-page","status-publish","hentry"],"_links":{"self":[{"href":"https:\/\/www.hediyepazar.com\/index.php?rest_route=\/wp\/v2\/pages\/120","targetHints":{"allow":["GET"]}}],"collection":[{"href":"https:\/\/www.hediyepazar.com\/index.php?rest_route=\/wp\/v2\/pages"}],"about":[{"href":"https:\/\/www.hediyepazar.com\/index.php?rest_route=\/wp\/v2\/types\/page"}],"author":[{"embeddable":true,"href":"https:\/\/www.hediyepazar.com\/index.php?rest_route=\/wp\/v2\/users\/1"}],"replies":[{"embeddable":true,"href":"https:\/\/www.hediyepazar.com\/index.php?rest_route=%2Fwp%2Fv2%2Fcomments&post=120"}],"version-history":[{"count":2,"href":"https:\/\/www.hediyepazar.com\/index.php?rest_route=\/wp\/v2\/pages\/120\/revisions"}],"predecessor-version":[{"id":484,"href":"https:\/\/www.hediyepazar.com\/index.php?rest_route=\/wp\/v2\/pages\/120\/revisions\/484"}],"wp:attachment":[{"href":"https:\/\/www.hediyepazar.com\/index.php?rest_route=%2Fwp%2Fv2%2Fmedia&parent=120"}],"curies":[{"name":"wp","href":"https:\/\/api.w.org\/{rel}","templated":true}]}}