{"id":101986,"date":"2026-05-04T04:15:29","date_gmt":"2026-05-04T07:15:29","guid":{"rendered":"https:\/\/www.hediyepazar.com\/?product=turk-pratik-el-rondosu-ustten-basmali-1-6-litre-10x18cm"},"modified":"2026-05-04T04:31:56","modified_gmt":"2026-05-04T07:31:56","slug":"turk-pratik-el-rondosu-ustten-basmali-1-6-litre-10x18cm","status":"publish","type":"product","link":"https:\/\/www.hediyepazar.com\/?product=turk-pratik-el-rondosu-ustten-basmali-1-6-litre-10x18cm","title":{"rendered":"Turk Pratik El Rondosu \u00dcstten Basmal\u0131 1.6 L\u0130TRE 10X18CM"},"content":{"rendered":"<p>\t<strong>\u00dcr\u00fcn \u00d6zellikleri : <\/strong><\/p>\n<p>\t<strong>Materyal : Sa\u011flamla\u015ft\u0131r\u0131lm\u0131\u015f bpa i\u00e7ermeyen Plastik <\/strong><\/p>\n<p>\t<strong>1 Adet , Turk Professional Design olarak tasarlad\u0131\u011f\u0131m\u0131z, resimde yer alan model kombinasyonunu, s\u00fcrpriz ya\u015famaman\u0131z i\u00e7in birebir g\u00f6nderiyoruz . \u00dcst basma b\u00f6lgesi renkleri de\u011fi\u015fkenlik g\u00f6sterebilir<\/strong><\/p>\n<p>\t<strong>\u00d6l\u00e7\u00fcler (bir cep telefonu ortalama 16 cm dir. K\u0131yaslaman\u0131z i\u00e7in kolayl\u0131k de\u011fil mi ? ) : Hazne : 10 x 18 cm &#8211; 1.6 Litre\u00a0<\/strong><\/p>\n<p>\tBu basmal\u0131 el rondosu, k\u00fc\u00e7\u00fck mutfak i\u015flerinizi kolayla\u015ft\u0131rmak i\u00e7in ideal bir \u00e7\u00f6z\u00fcmd\u00fcr.<\/p>\n<p>\t1.6 litre kapasitesiyle sebze, meyve ve otlar\u0131 h\u0131zl\u0131ca do\u011framan\u0131z\u0131 sa\u011flar.<br \/>\tBasmal\u0131 mekanizmas\u0131 sayesinde elektrikli rondolara ihtiya\u00e7 duymadan kolay ve pratik kullan\u0131m sunar. Mutfa\u011f\u0131n\u0131za renk katarak hem i\u015flevsel hem de estetik bir \u00fcr\u00fcn sa\u011flar.<br \/>\tKompakt yap\u0131s\u0131 sayesinde az yer kaplar ve temizlik a\u00e7\u0131s\u0131ndan da olduk\u00e7a pratiktir.<br \/>\tBasmal\u0131 El Rondosu ile h\u0131zl\u0131 ve kolayca kesebilenizi sa\u011flayan keskin b\u0131\u00e7ak yap\u0131s\u0131 ve kullan\u0131m kolayl\u0131\u011f\u0131 sa\u011flayan basmal\u0131 mekanizmas\u0131 sayesinde birka\u00e7 saniyede so\u011fan, sar\u0131msak, havu\u00e7 ve daha fazlas\u0131n\u0131 do\u011frayabilirsiniz.<br \/>\tG\u0131da ile temas\u0131 uygundur. \u00dcr\u00fcn sa\u011fl\u0131\u011fa zararl\u0131 hi\u00e7bir madde i\u00e7ermez.<br \/>\tKullan\u0131m ve Bak\u0131m Bilgileri<br \/>\t\u00dcr\u00fcn\u00fcn plastik par\u00e7alar\u0131 bula\u015f\u0131k makinesinde y\u0131kanabilir.<br \/>\t\u00dcr\u00fcn\u00fcn b\u0131\u00e7a\u011f\u0131 paslanmak \u00e7elikten \u00fcretilmi\u015ftir.<br \/>\tElde y\u0131kanmas\u0131 tavsiye edilir ve y\u0131kama sonras\u0131 hemen kurulaman\u0131z \u00f6nerilir.<\/p>\n<p>\t<strong>M\u00dcKEMMEL SATI\u015e SONRASI H\u0130ZMET : <\/strong>Bu \u00fcr\u00fcne daha avantajl\u0131 sahip olabilmeniz i\u00e7in ma\u011fazam\u0131z\u0131 ziyaret ederek, kampanyalar\u0131 inceleyebilirsiniz. Turk \/ Turk olarak m\u00fc\u015fterilerimize en iyi hizmeti sunmay\u0131 ama\u00e7l\u0131yor, g\u00fcvenle sat\u0131n alabilmeniz i\u00e7in, ambalaj kalitemize g\u00fcveniyor, her \u00fcr\u00fcn sorunsuz teslimat i\u00e7in \u00f6zenle paketliyor ve resimde belirtilen renk, ebat, \u00f6zelikte \u00fcr\u00fcn g\u00f6ndermeyi taahh\u00fct ediyoruz. Hasarl\u0131 \u00fcr\u00fcn ald\u0131ysan\u0131z veya di\u011fer \u00fcr\u00fcn ve paket teslimat sorunlar\u0131 oldu\u011funda bizimle ileti\u015fime ge\u00e7mekten \u00e7ekinmeyin.<\/p>\n<p>\t<strong>Detayl\u0131 bilgi i\u00e7in ek resimleri inceleyebilirsiniz<\/strong><\/p>\n<p><\/p>\n<p>\t<strong><strong><img decoding=\"async\" alt=\"\" src=\"https:\/\/arabayaservis.com\/skins\/shared\/images\/NEWEKIM\/7430000720895-1.jpg\" \/> <\/strong><\/strong><\/p>\n<p>\t\u00a0<\/p>\n","protected":false},"excerpt":{"rendered":"<p>\u00dcr\u00fcn \u00d6zellikleri : Materyal : Sa\u011flamla\u015ft\u0131r\u0131lm\u0131\u015f bpa i\u00e7ermeyen Plastik 1 Adet , Turk Professional Design olarak tasarlad\u0131\u011f\u0131m\u0131z, resimde yer alan model kombinasyonunu, s\u00fcrpriz ya\u015famaman\u0131z i\u00e7in birebir g\u00f6nderiyoruz . \u00dcst basma b\u00f6lgesi renkleri de\u011fi\u015fkenlik g\u00f6sterebilir \u00d6l\u00e7\u00fcler (bir cep telefonu ortalama 16 cm dir. K\u0131yaslaman\u0131z i\u00e7in kolayl\u0131k de\u011fil mi ? ) : Hazne : 10 x 18&#8230;<\/p>\n","protected":false},"featured_media":101942,"comment_status":"open","ping_status":"closed","template":"","meta":{"_kad_post_transparent":"","_kad_post_title":"","_kad_post_layout":"","_kad_post_sidebar_id":"","_kad_post_content_style":"","_kad_post_vertical_padding":"","_kad_post_feature":"","_kad_post_feature_position":"","_kad_post_header":false,"_kad_post_footer":false,"_kad_post_classname":""},"product_brand":[],"product_cat":[7826],"product_tag":[],"class_list":{"0":"post-101986","1":"product","2":"type-product","3":"status-publish","4":"has-post-thumbnail","6":"product_cat-endustriyel-mutfak-ekipmanlari-sofra-sofra-mutfak-ev-yasam-endustriyel-mutfak-ekipmanlari","8":"first","9":"instock","10":"purchasable","11":"product-type-simple","12":"entry","13":"content-bg","14":"loop-entry"},"_links":{"self":[{"href":"https:\/\/www.hediyepazar.com\/index.php?rest_route=\/wp\/v2\/product\/101986","targetHints":{"allow":["GET"]}}],"collection":[{"href":"https:\/\/www.hediyepazar.com\/index.php?rest_route=\/wp\/v2\/product"}],"about":[{"href":"https:\/\/www.hediyepazar.com\/index.php?rest_route=\/wp\/v2\/types\/product"}],"replies":[{"embeddable":true,"href":"https:\/\/www.hediyepazar.com\/index.php?rest_route=%2Fwp%2Fv2%2Fcomments&post=101986"}],"wp:featuredmedia":[{"embeddable":true,"href":"https:\/\/www.hediyepazar.com\/index.php?rest_route=\/wp\/v2\/media\/101942"}],"wp:attachment":[{"href":"https:\/\/www.hediyepazar.com\/index.php?rest_route=%2Fwp%2Fv2%2Fmedia&parent=101986"}],"wp:term":[{"taxonomy":"product_brand","embeddable":true,"href":"https:\/\/www.hediyepazar.com\/index.php?rest_route=%2Fwp%2Fv2%2Fproduct_brand&post=101986"},{"taxonomy":"product_cat","embeddable":true,"href":"https:\/\/www.hediyepazar.com\/index.php?rest_route=%2Fwp%2Fv2%2Fproduct_cat&post=101986"},{"taxonomy":"product_tag","embeddable":true,"href":"https:\/\/www.hediyepazar.com\/index.php?rest_route=%2Fwp%2Fv2%2Fproduct_tag&post=101986"}],"curies":[{"name":"wp","href":"https:\/\/api.w.org\/{rel}","templated":true}]}}