{"id":102022,"date":"2026-05-04T04:39:50","date_gmt":"2026-05-04T07:39:50","guid":{"rendered":"https:\/\/www.hediyepazar.com\/?product=turk-takim-askisi-ceket-etek-pantolon-kiskacli-19-adet"},"modified":"2026-05-04T04:39:50","modified_gmt":"2026-05-04T07:39:50","slug":"turk-takim-askisi-ceket-etek-pantolon-kiskacli-19-adet","status":"publish","type":"product","link":"https:\/\/www.hediyepazar.com\/?product=turk-takim-askisi-ceket-etek-pantolon-kiskacli-19-adet","title":{"rendered":"Turk Tak\u0131m Ask\u0131s\u0131 Ceket Etek Pantolon K\u0131ska\u00e7l\u0131 19 ADET"},"content":{"rendered":"<p>\t<strong>\u00dcr\u00fcn \u00d6zellikleri : <\/strong><\/p>\n<p>\t<strong>Materyal : Ah\u015fap + Metal\u00a0<\/strong><\/p>\n<p>\t<strong>Adet \/ Renk \/ Tasar\u0131m : <\/strong> 19 Adet, Turk Vincentis Devoto Design olarak tasarlad\u0131\u011f\u0131m\u0131z, resimde yer alan rengi, s\u00fcrpriz ya\u015famaman\u0131z i\u00e7in birebir g\u00f6nderiyoruz<\/p>\n<p>\t<strong>\u00d6l\u00e7\u00fcler : 45 cm\u00a0<\/strong><\/p>\n<p>\tBu y\u00fcksek kaliteli p\u00fcr\u00fczs\u00fcz ah\u015fap elbise ask\u0131lar\u0131, y\u0131llar boyunca bozulmam\u0131\u015f kalitesini koruyacakt\u0131r. Ekstra lake katman\u0131 orijinal parlakl\u0131\u011f\u0131n\u0131 koruyacak ve dolab\u0131n\u0131z\u0131n g\u00f6r\u00fcn\u00fcm\u00fcn\u00fc g\u00fczelle\u015ftirecektir.<\/p>\n<p>\t\u00c7OK Y\u00d6NL\u00dc KULLANIM &#8211; Bu yerden tasarruf sa\u011flayan ask\u0131lar, etekler, pantolonlar, kot pantolonlar, i\u015f pantolonlar\u0131, maksiler, taytlar ve \u015fortlar i\u00e7in kaymaz klipslerle elbise ask\u0131s\u0131na as\u0131lacak tak\u0131m elbise, blazer ve ceketler i\u00e7in idealdir. Dolap zeminlerini ve \u015fifoniyer \u00e7ekmecelerini d\u00fczenlemek i\u00e7in \u00e7ok i\u015flevli ask\u0131lara \u00e7oraplar\u0131, havlular\u0131 ve yast\u0131k k\u0131l\u0131flar\u0131n\u0131 as\u0131n.<\/p>\n<p>\tG\u0130YS\u0130LER\u0130 G\u00dcZEL B\u0130R \u015eEK\u0130LDE TUTUYOR &#8211; Bu elbise ask\u0131lar\u0131, ask\u0131l\u0131lar\u0131 kombinezonlar\u0131, bluzlar\u0131, tulumlar\u0131 ve elbiseleri g\u00fcvende tutman\u0131za olanak tan\u0131yan 2 adet hassas kesilmi\u015f omuz \u00e7enti\u011fine sahiptir. Yeti\u015fkin bir omuzun do\u011fal \u015feklini taklit eden konturlu omuz, tak\u0131m elbiselerin ve paltolar\u0131n hi\u00e7bir zaman \u015feklini kaybetmemesini, \u00f6ne do\u011fru sarkmamas\u0131n\u0131 veya g\u00f6ze ho\u015f g\u00f6r\u00fcnmeyen omuz darbelerine maruz kalmamas\u0131n\u0131 sa\u011flar.<\/p>\n<p>\tG\u00dcVEN\u0130L\u0130R KAYMAZ KAVRAMA &#8211; Kau\u00e7uk tutma yeri olan g\u00fc\u00e7l\u00fc krom kapl\u0131 klipsler, giysilerin yava\u015f\u00e7a ama g\u00fcvenli bir \u015fekilde ask\u0131ya yerle\u015ftirilmesini sa\u011flayarak asla d\u00fc\u015fmemesini sa\u011flar.<\/p>\n<p>\tFONKS\u0130YONEL VE \u200b\u200bSA\u011eLAM &#8211; 360 derece d\u00f6nebilen kanca, giysilere asmay\u0131 ve eri\u015fmeyi son derece kolay hale getirir. Dayan\u0131kl\u0131, uzun \u00f6m\u00fcrl\u00fc bir ask\u0131 sa\u011flayan y\u00fcksek kaliteli lotus a\u011fac\u0131ndan yap\u0131lm\u0131\u015ft\u0131r.<\/p>\n<p>\t<strong>M\u00dcKEMMEL SATI\u015e SONRASI H\u0130ZMET : <\/strong>Turk \/ Turk olarak m\u00fc\u015fterilerimize en iyi hizmeti sunmay\u0131 ama\u00e7l\u0131yor, g\u00fcvenle sat\u0131n alabilmeniz i\u00e7in, ambalaj kalitemize g\u00fcveniyor, her \u00fcr\u00fcn sorunsuz teslimat i\u00e7in \u00f6zenle paketliyor ve resimde belirtilen renk, ebat, \u00f6zelikte \u00fcr\u00fcn g\u00f6ndermeyi taahh\u00fct ediyoruz. Hasarl\u0131 \u00fcr\u00fcn ald\u0131ysan\u0131z veya di\u011fer \u00fcr\u00fcn ve paket teslimat sorunlar\u0131 oldu\u011funda bizimle ileti\u015fime ge\u00e7mekten \u00e7ekinmeyin.<\/p>\n<p>\t<strong>Detayl\u0131 bilgi i\u00e7in ek resimleri inceleyebilirsiniz<\/strong><\/p>\n<p><\/p>\n<p>\t<strong><strong><img decoding=\"async\" alt=\"\" src=\"https:\/\/arabayaservis.com\/skins\/shared\/images\/NEWARALIK\/7430000719538-1.jpg\" \/> <\/strong><\/strong><\/p>\n<p>\t\u00a0<\/p>\n","protected":false},"excerpt":{"rendered":"<p>\u00dcr\u00fcn \u00d6zellikleri : Materyal : Ah\u015fap + Metal\u00a0 Adet \/ Renk \/ Tasar\u0131m : 19 Adet, Turk Vincentis Devoto Design olarak tasarlad\u0131\u011f\u0131m\u0131z, resimde yer alan rengi, s\u00fcrpriz ya\u015famaman\u0131z i\u00e7in birebir g\u00f6nderiyoruz \u00d6l\u00e7\u00fcler : 45 cm\u00a0 Bu y\u00fcksek kaliteli p\u00fcr\u00fczs\u00fcz ah\u015fap elbise ask\u0131lar\u0131, y\u0131llar boyunca bozulmam\u0131\u015f kalitesini koruyacakt\u0131r. Ekstra lake katman\u0131 orijinal parlakl\u0131\u011f\u0131n\u0131 koruyacak ve dolab\u0131n\u0131z\u0131n&#8230;<\/p>\n","protected":false},"featured_media":0,"comment_status":"open","ping_status":"closed","template":"","meta":{"_kad_post_transparent":"","_kad_post_title":"","_kad_post_layout":"","_kad_post_sidebar_id":"","_kad_post_content_style":"","_kad_post_vertical_padding":"","_kad_post_feature":"","_kad_post_feature_position":"","_kad_post_header":false,"_kad_post_footer":false,"_kad_post_classname":""},"product_brand":[],"product_cat":[14199],"product_tag":[],"class_list":{"0":"post-102022","1":"product","2":"type-product","3":"status-publish","5":"product_cat-aski-depolama-duzenleme-urunleri-ev-gerecleri-ev-yasam-aski","7":"first","8":"instock","9":"purchasable","10":"product-type-simple","11":"entry","12":"content-bg","13":"loop-entry"},"_links":{"self":[{"href":"https:\/\/www.hediyepazar.com\/index.php?rest_route=\/wp\/v2\/product\/102022","targetHints":{"allow":["GET"]}}],"collection":[{"href":"https:\/\/www.hediyepazar.com\/index.php?rest_route=\/wp\/v2\/product"}],"about":[{"href":"https:\/\/www.hediyepazar.com\/index.php?rest_route=\/wp\/v2\/types\/product"}],"replies":[{"embeddable":true,"href":"https:\/\/www.hediyepazar.com\/index.php?rest_route=%2Fwp%2Fv2%2Fcomments&post=102022"}],"wp:attachment":[{"href":"https:\/\/www.hediyepazar.com\/index.php?rest_route=%2Fwp%2Fv2%2Fmedia&parent=102022"}],"wp:term":[{"taxonomy":"product_brand","embeddable":true,"href":"https:\/\/www.hediyepazar.com\/index.php?rest_route=%2Fwp%2Fv2%2Fproduct_brand&post=102022"},{"taxonomy":"product_cat","embeddable":true,"href":"https:\/\/www.hediyepazar.com\/index.php?rest_route=%2Fwp%2Fv2%2Fproduct_cat&post=102022"},{"taxonomy":"product_tag","embeddable":true,"href":"https:\/\/www.hediyepazar.com\/index.php?rest_route=%2Fwp%2Fv2%2Fproduct_tag&post=102022"}],"curies":[{"name":"wp","href":"https:\/\/api.w.org\/{rel}","templated":true}]}}