{"id":102035,"date":"2026-05-04T04:41:56","date_gmt":"2026-05-04T07:41:56","guid":{"rendered":"https:\/\/www.hediyepazar.com\/?product=turk-sukkulent-kaktus-bonsai-sulama-sisesi"},"modified":"2026-05-04T04:41:56","modified_gmt":"2026-05-04T07:41:56","slug":"turk-sukkulent-kaktus-bonsai-sulama-sisesi","status":"publish","type":"product","link":"https:\/\/www.hediyepazar.com\/?product=turk-sukkulent-kaktus-bonsai-sulama-sisesi","title":{"rendered":"Turk Sukkulent Kakt\u00fcs Bonsai Sulama \u015ei\u015fesi"},"content":{"rendered":"<p><span style=\"color:#ff0000;\"><strong> Spesifikasyonlar : <br \/> <\/strong><\/span><\/p>\n<p><span style=\"color:#ff0000;\"><strong> Renk : Resimdeki \u015eEFFAF Renk g\u00f6nderilir. <br \/> <\/strong><\/span><\/p>\n<p><span style=\"color:#ff0000;\"><strong> Materyal : Pet <br \/> <\/strong><\/span><\/p>\n<p><span style=\"color:#ff0000;\"><strong> Adet :1   <\/strong><\/span><\/p>\n<p><span style=\"color:#ff0000;\"><strong> Kapasite :100 ml  <br \/> <\/strong><\/span><\/p>\n<p>Sukkulent, Kakt\u00fcs, Bonsai, etli bitkiler, k\u00fc\u00e7\u00fck \u00e7i\u00e7ekler ve bitkiler i\u00e7in ideal, m\u00fckemmel tasarlanm\u0131\u015f oval ve sivri uca sahip sulama \u015fi\u015fesidir.<br \/>DETAYLI B\u0130LG\u0130 \u0130\u00c7\u0130N EK RES\u0130MLER\u0130 \u0130NCELEYEB\u0130L\u0130RS\u0130N\u0130Z.   <br \/><img decoding=\"async\" alt=\"\" src=\"https:\/\/arabayaservis.com\/skins\/shared\/images\/pimm\/7430000715726-1.jpg\" \/><\/center><\/p>\n","protected":false},"excerpt":{"rendered":"<p>Spesifikasyonlar : Renk : Resimdeki \u015eEFFAF Renk g\u00f6nderilir. Materyal : Pet Adet :1 Kapasite :100 ml Sukkulent, Kakt\u00fcs, Bonsai, etli bitkiler, k\u00fc\u00e7\u00fck \u00e7i\u00e7ekler ve bitkiler i\u00e7in ideal, m\u00fckemmel tasarlanm\u0131\u015f oval ve sivri uca sahip sulama \u015fi\u015fesidir.DETAYLI B\u0130LG\u0130 \u0130\u00c7\u0130N EK RES\u0130MLER\u0130 \u0130NCELEYEB\u0130L\u0130RS\u0130N\u0130Z.<\/p>\n","protected":false},"featured_media":102034,"comment_status":"open","ping_status":"closed","template":"","meta":{"_kad_post_transparent":"","_kad_post_title":"","_kad_post_layout":"","_kad_post_sidebar_id":"","_kad_post_content_style":"","_kad_post_vertical_padding":"","_kad_post_feature":"","_kad_post_feature_position":"","_kad_post_header":false,"_kad_post_footer":false,"_kad_post_classname":""},"product_brand":[],"product_cat":[7848],"product_tag":[],"class_list":{"0":"post-102035","1":"product","2":"type-product","3":"status-publish","4":"has-post-thumbnail","6":"product_cat-saksi-cicek-bakimi-bitki-yetistirme-bahce-ev-yasam-saksi","8":"first","9":"instock","10":"purchasable","11":"product-type-simple","12":"entry","13":"content-bg","14":"loop-entry"},"_links":{"self":[{"href":"https:\/\/www.hediyepazar.com\/index.php?rest_route=\/wp\/v2\/product\/102035","targetHints":{"allow":["GET"]}}],"collection":[{"href":"https:\/\/www.hediyepazar.com\/index.php?rest_route=\/wp\/v2\/product"}],"about":[{"href":"https:\/\/www.hediyepazar.com\/index.php?rest_route=\/wp\/v2\/types\/product"}],"replies":[{"embeddable":true,"href":"https:\/\/www.hediyepazar.com\/index.php?rest_route=%2Fwp%2Fv2%2Fcomments&post=102035"}],"wp:featuredmedia":[{"embeddable":true,"href":"https:\/\/www.hediyepazar.com\/index.php?rest_route=\/wp\/v2\/media\/102034"}],"wp:attachment":[{"href":"https:\/\/www.hediyepazar.com\/index.php?rest_route=%2Fwp%2Fv2%2Fmedia&parent=102035"}],"wp:term":[{"taxonomy":"product_brand","embeddable":true,"href":"https:\/\/www.hediyepazar.com\/index.php?rest_route=%2Fwp%2Fv2%2Fproduct_brand&post=102035"},{"taxonomy":"product_cat","embeddable":true,"href":"https:\/\/www.hediyepazar.com\/index.php?rest_route=%2Fwp%2Fv2%2Fproduct_cat&post=102035"},{"taxonomy":"product_tag","embeddable":true,"href":"https:\/\/www.hediyepazar.com\/index.php?rest_route=%2Fwp%2Fv2%2Fproduct_tag&post=102035"}],"curies":[{"name":"wp","href":"https:\/\/api.w.org\/{rel}","templated":true}]}}