{"id":102040,"date":"2026-05-04T04:42:30","date_gmt":"2026-05-04T07:42:30","guid":{"rendered":"https:\/\/www.hediyepazar.com\/?product=turk-kuafor-berber-kavisli-kontur-kesim-yardmci-tarak"},"modified":"2026-05-04T04:42:30","modified_gmt":"2026-05-04T07:42:30","slug":"turk-kuafor-berber-kavisli-kontur-kesim-yardmci-tarak","status":"publish","type":"product","link":"https:\/\/www.hediyepazar.com\/?product=turk-kuafor-berber-kavisli-kontur-kesim-yardmci-tarak","title":{"rendered":"Turk Kuaf\u00f6r Berber Kavisli Kontur Kesim Yardmc\u0131 Tarak"},"content":{"rendered":"<p><\/p>\n<p>\t<strong>\u00dcr\u00fcn \u00d6zellikleri : <\/strong><\/p>\n<p>\t<strong>AKSESUARLAR \u00dcR\u00dcNE DAH\u0130L DE\u011e\u0130LD\u0130R. <\/strong><\/p>\n<p>\t<strong>Materyal : abs plastik\u00a0<\/strong><\/p>\n<p>\t<strong>Adet \/ Renk \/ Tasar\u0131m : <\/strong> 1 Adet, Turk Nano Absolute Professional Design olarak tasarlad\u0131\u011f\u0131m\u0131z, resimde yer alan tasar\u0131m\u0131 , s\u00fcrpriz ya\u015famaman\u0131z i\u00e7in birebir g\u00f6nderiyoruz<\/p>\n<p>\t<strong>\u00d6l\u00e7\u00fcler (bir cep telefonu ortalama 16 cm dir. K\u0131yaslaman\u0131z i\u00e7in kolayl\u0131k de\u011fil mi ? ) : 22 X 6.5 CM<\/strong><\/p>\n<p>\tY\u00fcksek kaliteli plastikten \u00fcretilen bu profesyonel b\u00fck\u00fclebilir konumland\u0131rma tara\u011f\u0131 hafif, dayan\u0131kl\u0131, ve k\u0131r\u0131lmazd\u0131r. D\u00fcz di\u015fleri sa\u00e7\u0131 hasarlara kar\u015f\u0131 korur ve elektriklenmeyi en aza indirmek i\u00e7in antistatik \u00f6zellikler sunar.<\/p>\n<p>\tProfesyonel k\u0131vr\u0131ml\u0131 konumland\u0131rma tara\u011f\u0131 do\u011fru sa\u00e7 kesimi i\u00e7in idealdir. Farkl\u0131 geni\u015fliklerdeki di\u015fleri ile favoriler gibi detaylar i\u00e7in m\u00fckemmeldir ve hassas bir sa\u00e7 \u015fekillendirme sa\u011flar.<\/p>\n<p>\tBenzersiz yay tasar\u0131m\u0131 ile \u00f6ne \u00e7\u0131kar. Di\u015fler ve taraklar m\u00fckemmel kesim i\u00e7in her a\u00e7\u0131da b\u00fck\u00fclm\u00fc\u015ft\u00fcr, bu da rafine ve eksiksiz bir sa\u00e7 modeli sa\u011flar.<\/p>\n<p>\tTara\u011f\u0131n e\u015fit \u015fekilde parlat\u0131lm\u0131\u015f, a\u00e7\u0131l\u0131 di\u015fleri kafa derisine zarar vermeyecek \u015fekilde tasarlanm\u0131\u015ft\u0131r. T\u00fcm kenarlara verimli bir \u015fekilde yap\u0131\u015f\u0131r ve profesyonel salon veya evde \u015fekillendirme i\u00e7in m\u00fckemmeldir.<\/p>\n<p>\tSofistike \u0130\u015f\u00e7ilik: Barber Fade Comb en kal\u0131n, en kaba t\u00fcyleri bile tutabilir ve m\u00fckemmel sa\u00e7 penetrasyonu sa\u011flar. Tarakl\u0131 di\u015fleri sizi \u00e7izilmelere ve sa\u00e7 yolmaya kar\u015f\u0131 korur.<\/p>\n<p>\tErgonomik Performans: Kullan\u0131m\u0131 kolayd\u0131r ve bu berber tara\u011f\u0131n\u0131 tutmak elleri daha az yorar. Avucunuza tam oturan ergonomik bir tutaca\u011f\u0131 oldu\u011fu g\u00f6z \u00f6n\u00fcne al\u0131nd\u0131\u011f\u0131nda, kenarlar\u0131 her y\u00f6nden d\u00fczeltmek i\u00e7in m\u00fckemmeldir.<\/p>\n<p>\tBu berber solma tara\u011f\u0131, tekrar tekrar kullan\u0131ma ve y\u00fcksek s\u0131cakl\u0131klara dayanabilen sa\u011flam ABS malzemeden \u00fcretilmi\u015ftir. Ayr\u0131ca anti-statik ve hafiftir, sa\u00e7\u0131n\u0131z\u0131 p\u00fcr\u00fczs\u00fcz ve rahat bir \u015fekilde taraman\u0131za olanak tan\u0131r.<\/p>\n<p>\tYayg\u0131n Kullan\u0131m: Bu berber EK taraklar\u0131, elinize rahat\u00e7a oturacak ve sa\u00e7lar\u0131n\u0131zda sorunsuzca kayacak \u015fekilde tasarlanm\u0131\u015ft\u0131r. Evde veya salonda a\u00e7\u0131k sa\u00e7lardan pompadourlara kadar \u00e7e\u015fitli sa\u00e7 kesimleri ve stilleri olu\u015fturmak i\u00e7in idealdirler.<\/p>\n<p>\tKuaf\u00f6rlere farkl\u0131 zarif sa\u00e7 modelleri olu\u015fturmada daha iyi yard\u0131mc\u0131 olabilir.<\/p>\n<p>\t<strong>M\u00dcKEMMEL SATI\u015e SONRASI H\u0130ZMET : <\/strong>Bu \u00fcr\u00fcne daha avantajl\u0131 sahip olabilmeniz i\u00e7in ma\u011fazam\u0131z\u0131 ziyaret ederek, kampanyalar\u0131 inceleyebilirsiniz. Turk \/ Turk olarak m\u00fc\u015fterilerimize en iyi hizmeti sunmay\u0131 ama\u00e7l\u0131yor, g\u00fcvenle sat\u0131n alabilmeniz i\u00e7in, ambalaj kalitemize g\u00fcveniyor, her \u00fcr\u00fcn sorunsuz teslimat i\u00e7in \u00f6zenle paketliyor ve resimde belirtilen renk, ebat, \u00f6zelikte \u00fcr\u00fcn g\u00f6ndermeyi taahh\u00fct ediyoruz. Hasarl\u0131 \u00fcr\u00fcn ald\u0131ysan\u0131z veya di\u011fer \u00fcr\u00fcn ve paket teslimat sorunlar\u0131 oldu\u011funda bizimle ileti\u015fime ge\u00e7mekten \u00e7ekinmeyin.<\/p>\n<p>\t<strong>Detayl\u0131 bilgi i\u00e7in ek resimleri inceleyebilirsiniz<\/strong><\/p>\n<p><\/p>\n<p>\t<strong><strong><img decoding=\"async\" alt=\"\" src=\"https:\/\/arabayaservis.com\/skins\/shared\/images\/NEWMAYIS\/7430000720486-1.jpg\" \/> <\/strong><\/strong><\/p>\n<p>\t\u00a0<\/p>\n","protected":false},"excerpt":{"rendered":"<p>\u00dcr\u00fcn \u00d6zellikleri : AKSESUARLAR \u00dcR\u00dcNE DAH\u0130L DE\u011e\u0130LD\u0130R. Materyal : abs plastik\u00a0 Adet \/ Renk \/ Tasar\u0131m : 1 Adet, Turk Nano Absolute Professional Design olarak tasarlad\u0131\u011f\u0131m\u0131z, resimde yer alan tasar\u0131m\u0131 , s\u00fcrpriz ya\u015famaman\u0131z i\u00e7in birebir g\u00f6nderiyoruz \u00d6l\u00e7\u00fcler (bir cep telefonu ortalama 16 cm dir. K\u0131yaslaman\u0131z i\u00e7in kolayl\u0131k de\u011fil mi ? ) : 22 X 6.5&#8230;<\/p>\n","protected":false},"featured_media":102039,"comment_status":"open","ping_status":"closed","template":"","meta":{"_kad_post_transparent":"","_kad_post_title":"","_kad_post_layout":"","_kad_post_sidebar_id":"","_kad_post_content_style":"","_kad_post_vertical_padding":"","_kad_post_feature":"","_kad_post_feature_position":"","_kad_post_header":false,"_kad_post_footer":false,"_kad_post_classname":""},"product_brand":[],"product_cat":[14227],"product_tag":[],"class_list":{"0":"post-102040","1":"product","2":"type-product","3":"status-publish","4":"has-post-thumbnail","6":"product_cat-kuafor-urunleri-erkek-kuafor-kuafor-urunleri","8":"first","9":"instock","10":"purchasable","11":"product-type-simple","12":"entry","13":"content-bg","14":"loop-entry"},"_links":{"self":[{"href":"https:\/\/www.hediyepazar.com\/index.php?rest_route=\/wp\/v2\/product\/102040","targetHints":{"allow":["GET"]}}],"collection":[{"href":"https:\/\/www.hediyepazar.com\/index.php?rest_route=\/wp\/v2\/product"}],"about":[{"href":"https:\/\/www.hediyepazar.com\/index.php?rest_route=\/wp\/v2\/types\/product"}],"replies":[{"embeddable":true,"href":"https:\/\/www.hediyepazar.com\/index.php?rest_route=%2Fwp%2Fv2%2Fcomments&post=102040"}],"wp:featuredmedia":[{"embeddable":true,"href":"https:\/\/www.hediyepazar.com\/index.php?rest_route=\/wp\/v2\/media\/102039"}],"wp:attachment":[{"href":"https:\/\/www.hediyepazar.com\/index.php?rest_route=%2Fwp%2Fv2%2Fmedia&parent=102040"}],"wp:term":[{"taxonomy":"product_brand","embeddable":true,"href":"https:\/\/www.hediyepazar.com\/index.php?rest_route=%2Fwp%2Fv2%2Fproduct_brand&post=102040"},{"taxonomy":"product_cat","embeddable":true,"href":"https:\/\/www.hediyepazar.com\/index.php?rest_route=%2Fwp%2Fv2%2Fproduct_cat&post=102040"},{"taxonomy":"product_tag","embeddable":true,"href":"https:\/\/www.hediyepazar.com\/index.php?rest_route=%2Fwp%2Fv2%2Fproduct_tag&post=102040"}],"curies":[{"name":"wp","href":"https:\/\/api.w.org\/{rel}","templated":true}]}}