{"id":102043,"date":"2026-05-04T04:43:08","date_gmt":"2026-05-04T07:43:08","guid":{"rendered":"https:\/\/www.hediyepazar.com\/?product=turk-dolap-ici-aski-sutyen-sal-kravat-kemer-canta-720103"},"modified":"2026-05-04T04:43:08","modified_gmt":"2026-05-04T07:43:08","slug":"turk-dolap-ici-aski-sutyen-sal-kravat-kemer-canta-720103","status":"publish","type":"product","link":"https:\/\/www.hediyepazar.com\/?product=turk-dolap-ici-aski-sutyen-sal-kravat-kemer-canta-720103","title":{"rendered":"Turk Dolap \u0130\u00e7i Ask\u0131 S\u00fctyen \u015eal Kravat Kemer \u00c7anta 720103"},"content":{"rendered":"<p>\t<strong>\u00dcr\u00fcn \u00d6zellikleri : <\/strong><\/p>\n<p>\t<strong>AKSESUARLAR \u00dcR\u00dcNE DAH\u0130L DE\u011e\u0130LD\u0130R. <\/strong><\/p>\n<p>\t<strong>Materyal : Kay\u0131n a\u011fac\u0131 ah\u015fap\u00a0<\/strong><\/p>\n<p>\t<strong>Adet \/ Renk \/ Tasar\u0131m : <\/strong> 1 Adet, Turk\u00a0 Design olarak tasarlad\u0131\u011f\u0131m\u0131z, resimde yer alan modeli , s\u00fcrpriz ya\u015famaman\u0131z i\u00e7in birebir g\u00f6nderiyoruz. Ah\u015fap renkleri koyuluklar\u0131 de\u011fi\u015fkenlik g\u00f6sterebilir<\/p>\n<p>\t<strong>\u00d6l\u00e7\u00fcler (bir cep telefonu ortalama 16 cm dir. K\u0131yaslaman\u0131z i\u00e7in kolayl\u0131k de\u011fil mi ? ) : 28 x 18 cm<\/strong><\/p>\n<p>\tBirinci S\u0131n\u0131f Malzeme Kemer ask\u0131m\u0131z vernikli y\u00fcksek kaliteli sert a\u011fa\u00e7tan yap\u0131lm\u0131\u015ft\u0131r, g\u00fc\u00e7l\u00fc ta\u015f\u0131ma kapasitesine ve sa\u011flam yap\u0131ya sahiptir. \u00c7apaks\u0131z p\u00fcr\u00fczs\u00fcz y\u00fczeyi ile giysilerinizi daha iyi koruyun. Uzun s\u00fcreli kullan\u0131m\u0131n\u0131z i\u00e7in iyi bir se\u00e7im olacakt\u0131r.<\/p>\n<p>\t360 Derece D\u00f6nen Kancalar : \u00dcstteki kanca 360\u00b0 d\u00f6nebilir, bu da onu kolayca d\u00f6nd\u00fcrmenize olanak tan\u0131r ve giysilerinizi takarken veya al\u0131rken ekstra rahatl\u0131k sa\u011flar. Dolap i\u00e7in bu ah\u015fap kemer ask\u0131s\u0131, e\u015fyalar\u0131n bulunmas\u0131 ve yerle\u015ftirilmesi \u00e7ok kolay oldu\u011fundan dolab\u0131n\u0131z\u0131 d\u00fczenli ve d\u00fczenli tutar.<\/p>\n<p>\tYerden Tasarruf Edin Ask\u0131lar : S\u00fctyen, Kemerlerinizi, kravatlar\u0131n\u0131z\u0131, e\u015farplar\u0131n\u0131z\u0131, \u00e7antalar, \u015fapkalar, \u015fal veya di\u011fer aksesuarlar\u0131n\u0131z\u0131 d\u00fczenlemenize yard\u0131mc\u0131 olmak i\u00e7in 8 paslanmaz \u00e7elik kancal\u0131d\u0131r. Dolab\u0131n\u0131z\u0131 d\u00fczenli tutmak ve dolab\u0131n\u0131z i\u00e7in daha fazla depolama alan\u0131 yaratmak. U \u015feklindeki tasar\u0131m kemeri daha iyi korur ve kolayca d\u00fc\u015fmesini \u00f6nler.<\/p>\n<p>\t\u00c7ok Fonksiyonlu Ask\u0131: Sadece kemer ask\u0131s\u0131 olarak kullan\u0131lmaz, ayn\u0131 zamanda e\u015farplar\u0131, kravatlar\u0131, s\u00fctyenleri, atletleri, kombinezonlar\u0131, \u015fapkalar\u0131, zincirleri ve hatta m\u00fccevherleri de asabilir. Bu standart kemer raf\u0131 \u00e7o\u011fu standart ask\u0131 ray\u0131na ve dolap \u00e7ubu\u011funa uyar.<\/p>\n<p>\t<strong>M\u00dcKEMMEL SATI\u015e SONRASI H\u0130ZMET : <\/strong>Bu \u00fcr\u00fcne daha avantajl\u0131 sahip olabilmeniz i\u00e7in ma\u011fazam\u0131z\u0131 ziyaret ederek, kampanyalar\u0131 inceleyebilirsiniz. Turk \/ Turk olarak m\u00fc\u015fterilerimize en iyi hizmeti sunmay\u0131 ama\u00e7l\u0131yor, g\u00fcvenle sat\u0131n alabilmeniz i\u00e7in, ambalaj kalitemize g\u00fcveniyor, her \u00fcr\u00fcn sorunsuz teslimat i\u00e7in \u00f6zenle paketliyor ve resimde belirtilen renk, ebat, \u00f6zelikte \u00fcr\u00fcn g\u00f6ndermeyi taahh\u00fct ediyoruz. Hasarl\u0131 \u00fcr\u00fcn ald\u0131ysan\u0131z veya di\u011fer \u00fcr\u00fcn ve paket teslimat sorunlar\u0131 oldu\u011funda bizimle ileti\u015fime ge\u00e7mekten \u00e7ekinmeyin.<\/p>\n<p>\t<strong>Detayl\u0131 bilgi i\u00e7in ek resimleri inceleyebilirsiniz<\/strong><\/p>\n<p><\/p>\n<p>\t<strong><strong><img decoding=\"async\" alt=\"\" src=\"https:\/\/arabayaservis.com\/skins\/shared\/images\/NEWMART\/7430000720103-1.jpg\" \/> <\/strong><\/strong><\/p>\n<p>\t\u00a0<\/p>\n","protected":false},"excerpt":{"rendered":"<p>\u00dcr\u00fcn \u00d6zellikleri : AKSESUARLAR \u00dcR\u00dcNE DAH\u0130L DE\u011e\u0130LD\u0130R. Materyal : Kay\u0131n a\u011fac\u0131 ah\u015fap\u00a0 Adet \/ Renk \/ Tasar\u0131m : 1 Adet, Turk\u00a0 Design olarak tasarlad\u0131\u011f\u0131m\u0131z, resimde yer alan modeli , s\u00fcrpriz ya\u015famaman\u0131z i\u00e7in birebir g\u00f6nderiyoruz. Ah\u015fap renkleri koyuluklar\u0131 de\u011fi\u015fkenlik g\u00f6sterebilir \u00d6l\u00e7\u00fcler (bir cep telefonu ortalama 16 cm dir. K\u0131yaslaman\u0131z i\u00e7in kolayl\u0131k de\u011fil mi ? ) :&#8230;<\/p>\n","protected":false},"featured_media":0,"comment_status":"open","ping_status":"closed","template":"","meta":{"_kad_post_transparent":"","_kad_post_title":"","_kad_post_layout":"","_kad_post_sidebar_id":"","_kad_post_content_style":"","_kad_post_vertical_padding":"","_kad_post_feature":"","_kad_post_feature_position":"","_kad_post_header":false,"_kad_post_footer":false,"_kad_post_classname":""},"product_brand":[],"product_cat":[14199],"product_tag":[],"class_list":{"0":"post-102043","1":"product","2":"type-product","3":"status-publish","5":"product_cat-aski-depolama-duzenleme-urunleri-ev-gerecleri-ev-yasam-aski","7":"first","8":"instock","9":"purchasable","10":"product-type-simple","11":"entry","12":"content-bg","13":"loop-entry"},"_links":{"self":[{"href":"https:\/\/www.hediyepazar.com\/index.php?rest_route=\/wp\/v2\/product\/102043","targetHints":{"allow":["GET"]}}],"collection":[{"href":"https:\/\/www.hediyepazar.com\/index.php?rest_route=\/wp\/v2\/product"}],"about":[{"href":"https:\/\/www.hediyepazar.com\/index.php?rest_route=\/wp\/v2\/types\/product"}],"replies":[{"embeddable":true,"href":"https:\/\/www.hediyepazar.com\/index.php?rest_route=%2Fwp%2Fv2%2Fcomments&post=102043"}],"wp:attachment":[{"href":"https:\/\/www.hediyepazar.com\/index.php?rest_route=%2Fwp%2Fv2%2Fmedia&parent=102043"}],"wp:term":[{"taxonomy":"product_brand","embeddable":true,"href":"https:\/\/www.hediyepazar.com\/index.php?rest_route=%2Fwp%2Fv2%2Fproduct_brand&post=102043"},{"taxonomy":"product_cat","embeddable":true,"href":"https:\/\/www.hediyepazar.com\/index.php?rest_route=%2Fwp%2Fv2%2Fproduct_cat&post=102043"},{"taxonomy":"product_tag","embeddable":true,"href":"https:\/\/www.hediyepazar.com\/index.php?rest_route=%2Fwp%2Fv2%2Fproduct_tag&post=102043"}],"curies":[{"name":"wp","href":"https:\/\/api.w.org\/{rel}","templated":true}]}}