{"id":102044,"date":"2026-05-04T04:43:34","date_gmt":"2026-05-04T07:43:34","guid":{"rendered":"https:\/\/www.hediyepazar.com\/?product=turk-aseton-icin-basmali-dispenser-absolute-design-719236"},"modified":"2026-05-04T04:43:34","modified_gmt":"2026-05-04T07:43:34","slug":"turk-aseton-icin-basmali-dispenser-absolute-design-719236","status":"publish","type":"product","link":"https:\/\/www.hediyepazar.com\/?product=turk-aseton-icin-basmali-dispenser-absolute-design-719236","title":{"rendered":"Turk Aseton \u0130\u00e7in Basmal\u0131 Dispenser Absolute Design 719236"},"content":{"rendered":"<p>\t<strong>\u00dcr\u00fcn \u00d6zellikleri : <\/strong><\/p>\n<p>\t<strong>ASETON \u00dcr\u00fcne dahil de\u011fildir. <\/strong><\/p>\n<p>\t<strong>Materyal : Plastik\u00a0<\/strong><\/p>\n<p>\t<strong>Adet \/ Renk \/ Tasar\u0131m : <\/strong> 1 Adet, Turk Absolute Design olarak tasarlad\u0131\u011f\u0131m\u0131z, resimde yer alan rengi, s\u00fcrpriz ya\u015famaman\u0131z i\u00e7in birebir g\u00f6nderiyoruz<\/p>\n<p>\t<strong>\u00d6l\u00e7\u00fcler : 12,5 x 6 cm &#8211; 180 ml<\/strong><\/p>\n<p>\tOlmas\u0131 Gereken Bir \u015eey: \u0130yi korozyon direncine sahip \u00f6zel plastik malzeme, asetonu stoklamak i\u00e7in bile kullan\u0131labilir. Alkol, aseton oje \u00e7\u0131kar\u0131c\u0131 veya makyaj \u00e7\u0131kar\u0131c\u0131 ve toner i\u00e7in m\u00fckemmel tasar\u0131ml\u0131 aseton pompal\u0131 da\u011f\u0131t\u0131c\u0131.<\/p>\n<p>\t\u00c7e\u015fitli Kullan\u0131m: Alkol, aseton, oje \u00e7\u0131kar\u0131c\u0131, makyaj \u00e7\u0131kar\u0131c\u0131 veya toner kab\u0131, seyahat s\u0131ras\u0131nda \u015fampuan da\u011f\u0131t\u0131c\u0131s\u0131 olarak kullan\u0131labilir. .<\/p>\n<p>\tHarika Tasar\u0131m: Y\u00fcksek bas\u0131n\u00e7l\u0131 yayl\u0131, s\u0131z\u0131nt\u0131s\u0131z, basmas\u0131 ve kullan\u0131m\u0131 kolay, ayn\u0131 zamanda daha uzun servis s\u00fcresine sahip sa\u011flam \u015feffaf \u015fi\u015fe. Kilitlenebilir kafa, yanl\u0131\u015fl\u0131kla basmay\u0131 \u00f6nler.<\/p>\n<p>\tGeni\u015fletilmi\u015f \u0130\u00e7 Boru Tasar\u0131m\u0131: \u015ei\u015fede \u00e7ok az miktarda s\u0131v\u0131 kalsa bile, kolayca bast\u0131r\u0131labilir, bu da israf yapmaz ve paradan tasarruf etmenizi sa\u011flar.<\/p>\n<p>\tTa\u015f\u0131nabilir Tasar\u0131m: 180 ml hafif ve kolay ta\u015f\u0131ma, seyahat s\u0131ras\u0131nda harika kap.<\/p>\n<p>\t<strong>M\u00dcKEMMEL SATI\u015e SONRASI H\u0130ZMET : <\/strong>Turk \/ Turk olarak m\u00fc\u015fterilerimize en iyi hizmeti sunmay\u0131 ama\u00e7l\u0131yor, g\u00fcvenle sat\u0131n alabilmeniz i\u00e7in, ambalaj kalitemize g\u00fcveniyor, her \u00fcr\u00fcn sorunsuz teslimat i\u00e7in \u00f6zenle paketliyor ve resimde belirtilen renk, ebat, \u00f6zelikte \u00fcr\u00fcn g\u00f6ndermeyi taahh\u00fct ediyoruz. Hasarl\u0131 \u00fcr\u00fcn ald\u0131ysan\u0131z veya di\u011fer \u00fcr\u00fcn ve paket teslimat sorunlar\u0131 oldu\u011funda bizimle ileti\u015fime ge\u00e7mekten \u00e7ekinmeyin.<\/p>\n<p>\t<strong>Detayl\u0131 bilgi i\u00e7in ek resimleri inceleyebilirsiniz<\/strong><\/p>\n<p><\/p>\n<p>\t<strong><strong><img decoding=\"async\" alt=\"\" src=\"https:\/\/arabayaservis.com\/skins\/shared\/images\/NEWARALIK\/7430001719236-1.jpg\" \/> <\/strong><\/strong><\/p>\n<p>\t\u00a0<\/p>\n","protected":false},"excerpt":{"rendered":"<p>\u00dcr\u00fcn \u00d6zellikleri : ASETON \u00dcr\u00fcne dahil de\u011fildir. Materyal : Plastik\u00a0 Adet \/ Renk \/ Tasar\u0131m : 1 Adet, Turk Absolute Design olarak tasarlad\u0131\u011f\u0131m\u0131z, resimde yer alan rengi, s\u00fcrpriz ya\u015famaman\u0131z i\u00e7in birebir g\u00f6nderiyoruz \u00d6l\u00e7\u00fcler : 12,5 x 6 cm &#8211; 180 ml Olmas\u0131 Gereken Bir \u015eey: \u0130yi korozyon direncine sahip \u00f6zel plastik malzeme, asetonu stoklamak i\u00e7in&#8230;<\/p>\n","protected":false},"featured_media":0,"comment_status":"open","ping_status":"closed","template":"","meta":{"_kad_post_transparent":"","_kad_post_title":"","_kad_post_layout":"","_kad_post_sidebar_id":"","_kad_post_content_style":"","_kad_post_vertical_padding":"","_kad_post_feature":"","_kad_post_feature_position":"","_kad_post_header":false,"_kad_post_footer":false,"_kad_post_classname":""},"product_brand":[],"product_cat":[14234],"product_tag":[],"class_list":{"0":"post-102044","1":"product","2":"type-product","3":"status-publish","5":"product_cat-makyaj-aksesuarlari-makyaj-kadin-kozmetik-kadin-makyaj-aksesuarlari-makyaj-kadin-kozmetik-kadin","7":"first","8":"instock","9":"purchasable","10":"product-type-simple","11":"entry","12":"content-bg","13":"loop-entry"},"_links":{"self":[{"href":"https:\/\/www.hediyepazar.com\/index.php?rest_route=\/wp\/v2\/product\/102044","targetHints":{"allow":["GET"]}}],"collection":[{"href":"https:\/\/www.hediyepazar.com\/index.php?rest_route=\/wp\/v2\/product"}],"about":[{"href":"https:\/\/www.hediyepazar.com\/index.php?rest_route=\/wp\/v2\/types\/product"}],"replies":[{"embeddable":true,"href":"https:\/\/www.hediyepazar.com\/index.php?rest_route=%2Fwp%2Fv2%2Fcomments&post=102044"}],"wp:attachment":[{"href":"https:\/\/www.hediyepazar.com\/index.php?rest_route=%2Fwp%2Fv2%2Fmedia&parent=102044"}],"wp:term":[{"taxonomy":"product_brand","embeddable":true,"href":"https:\/\/www.hediyepazar.com\/index.php?rest_route=%2Fwp%2Fv2%2Fproduct_brand&post=102044"},{"taxonomy":"product_cat","embeddable":true,"href":"https:\/\/www.hediyepazar.com\/index.php?rest_route=%2Fwp%2Fv2%2Fproduct_cat&post=102044"},{"taxonomy":"product_tag","embeddable":true,"href":"https:\/\/www.hediyepazar.com\/index.php?rest_route=%2Fwp%2Fv2%2Fproduct_tag&post=102044"}],"curies":[{"name":"wp","href":"https:\/\/api.w.org\/{rel}","templated":true}]}}