{"id":102067,"date":"2026-05-04T04:48:09","date_gmt":"2026-05-04T07:48:09","guid":{"rendered":"https:\/\/www.hediyepazar.com\/?product=turk-geleneksel-ispirto-yakma-cubugu"},"modified":"2026-05-04T04:48:09","modified_gmt":"2026-05-04T07:48:09","slug":"turk-geleneksel-ispirto-yakma-cubugu","status":"publish","type":"product","link":"https:\/\/www.hediyepazar.com\/?product=turk-geleneksel-ispirto-yakma-cubugu","title":{"rendered":"Turk Geleneksel \u0130spirto Yakma \u00c7ubu\u011fu"},"content":{"rendered":"<p>\n\t\u00a0<br \/>\n\t<strong>Materyal : Ah\u015fap sap, metal u\u00e7lu\u00a0<\/strong><\/p>\n<p>\t<strong>\u0130SP\u0130RTO VEYA D\u0130\u011eER\u00a0 AKSESUARLAR \u00dcR\u00dcNE DAH\u0130L DE\u011e\u0130LD\u0130R. <\/strong><\/p>\n<p>\t<strong>1 Adet , <\/strong><\/p>\n<p>\t<strong>\u00d6l\u00e7\u00fcler (bir cep telefonu ortalama 16 cm dir. K\u0131yaslaman\u0131z i\u00e7in kolayl\u0131k de\u011fil mi ? ) :\u00a0 19 CM\u00a0<\/strong><\/p>\n<p>\tEl yap\u0131m\u0131 berber yakma, &#8220;alev tedavisi&#8221; veya &#8220;sa\u00e7 yakma&#8221; olarak da bilinir, baz\u0131 berberlerin y\u00fcz ve kulaklardan ince t\u00fcy (\u015feftali t\u00fcy\u00fc) \u00e7\u0131karmak i\u00e7in kulland\u0131klar\u0131 geleneksel bir tekniktir.<\/p>\n<p>\t\u0130\u015flem sonras\u0131 bak\u0131m: Kulak yakma i\u015fleminden sonra kulak b\u00f6lgesi temizlenmeli ve gerekirse antiseptik krem \u200b\u200bveya losyon uygulanmal\u0131d\u0131r.<\/p>\n<p>\tP\u00fcr\u00fczs\u00fcz cilt: Yakma i\u015fleminin, t\u0131ra\u015f veya a\u011fda gibi di\u011fer y\u00f6ntemlerle \u00e7\u0131kar\u0131lmas\u0131 zor olabilecek ince t\u00fcyleri temizleyerek cilde daha p\u00fcr\u00fczs\u00fcz bir g\u00f6r\u00fcn\u00fcm kazand\u0131rd\u0131\u011f\u0131 s\u00f6ylenir.<br \/>\n\tBu, daha e\u015fit bir cilt tonu ve daha cilal\u0131 bir g\u00f6r\u00fcn\u00fcmle sonu\u00e7lanabilir.<br \/>\n\tPeeling: Alev tedavisi, \u00f6l\u00fc deri h\u00fccrelerini temizleyerek cildi eksfoliye etmeye yard\u0131mc\u0131 olabilir ve daha taze ve parlak bir cilt tonu sa\u011flar.<\/p>\n<p>\tUzun s\u00fcreli sonu\u00e7lar: Baz\u0131 ki\u015filer, yakman\u0131n di\u011fer y\u00f6ntemlere k\u0131yasla daha uzun s\u00fcreli k\u0131l giderme sa\u011flad\u0131\u011f\u0131 s\u00f6ylenebilir<br \/>\n\tBunun nedeni, yakman\u0131n k\u0131llar\u0131 k\u00f6kten alabilmesi ve bunun da daha yava\u015f yeniden uzamaya yol a\u00e7abilmesidir.<br \/>\n\tGeli\u015ftirilmi\u015f \u00fcr\u00fcn emilimi: \u0130nce k\u0131llar\u0131 ve \u00f6l\u00fc deri h\u00fccrelerini temizleyerek, yakma cilt bak\u0131m \u00fcr\u00fcnlerinin cilde daha etkili bir \u015fekilde n\u00fcfuz etmesini sa\u011flayarak faydalar\u0131n\u0131 en \u00fcst d\u00fczeye \u00e7\u0131karabilir.<\/p>\n<p>\n\t<strong>M\u00dcKEMMEL SATI\u015e SONRASI H\u0130ZMET : <\/strong>Bu \u00fcr\u00fcne daha avantajl\u0131 sahip olabilmeniz i\u00e7in ma\u011fazam\u0131z\u0131 ziyaret ederek, kampanyalar\u0131 inceleyebilirsiniz. HSNET \/ HSNET olarak m\u00fc\u015fterilerimize en iyi hizmeti sunmay\u0131 ama\u00e7l\u0131yor, g\u00fcvenle sat\u0131n alabilmeniz i\u00e7in, ambalaj kalitemize g\u00fcveniyor, her \u00fcr\u00fcn sorunsuz teslimat i\u00e7in \u00f6zenle paketliyor ve resimde belirtilen renk, ebat, \u00f6zelikte \u00fcr\u00fcn g\u00f6ndermeyi taahh\u00fct ediyoruz. Hasarl\u0131 \u00fcr\u00fcn ald\u0131ysan\u0131z veya di\u011fer \u00fcr\u00fcn ve paket teslimat sorunlar\u0131 oldu\u011funda bizimle ileti\u015fime ge\u00e7mekten \u00e7ekinmeyin.<\/p>\n<p>\n\t<strong>Detayl\u0131 bilgi i\u00e7in ek resimleri inceleyebilirsiniz<\/strong><\/p>\n<p><\/p>\n<p>\n\t<strong><img decoding=\"async\"  src=\"https:\/\/hepsicdn.com.tr\/static\/product_detail\/hbnet2ec13a7c_4754901.jpg\"><\/strong><\/p>\n<p>\n\t\u00a0<\/p>\n","protected":false},"excerpt":{"rendered":"<p>\u00a0 Materyal : Ah\u015fap sap, metal u\u00e7lu\u00a0 \u0130SP\u0130RTO VEYA D\u0130\u011eER\u00a0 AKSESUARLAR \u00dcR\u00dcNE DAH\u0130L DE\u011e\u0130LD\u0130R. 1 Adet , \u00d6l\u00e7\u00fcler (bir cep telefonu ortalama 16 cm dir. K\u0131yaslaman\u0131z i\u00e7in kolayl\u0131k de\u011fil mi ? ) :\u00a0 19 CM\u00a0 El yap\u0131m\u0131 berber yakma, &#8220;alev tedavisi&#8221; veya &#8220;sa\u00e7 yakma&#8221; olarak da bilinir, baz\u0131 berberlerin y\u00fcz ve kulaklardan ince t\u00fcy (\u015feftali&#8230;<\/p>\n","protected":false},"featured_media":0,"comment_status":"open","ping_status":"closed","template":"","meta":{"_kad_post_transparent":"","_kad_post_title":"","_kad_post_layout":"","_kad_post_sidebar_id":"","_kad_post_content_style":"","_kad_post_vertical_padding":"","_kad_post_feature":"","_kad_post_feature_position":"","_kad_post_header":false,"_kad_post_footer":false,"_kad_post_classname":""},"product_brand":[],"product_cat":[14227],"product_tag":[],"class_list":{"0":"post-102067","1":"product","2":"type-product","3":"status-publish","5":"product_cat-kuafor-urunleri-erkek-kuafor-kuafor-urunleri","7":"first","8":"instock","9":"purchasable","10":"product-type-simple","11":"entry","12":"content-bg","13":"loop-entry"},"_links":{"self":[{"href":"https:\/\/www.hediyepazar.com\/index.php?rest_route=\/wp\/v2\/product\/102067","targetHints":{"allow":["GET"]}}],"collection":[{"href":"https:\/\/www.hediyepazar.com\/index.php?rest_route=\/wp\/v2\/product"}],"about":[{"href":"https:\/\/www.hediyepazar.com\/index.php?rest_route=\/wp\/v2\/types\/product"}],"replies":[{"embeddable":true,"href":"https:\/\/www.hediyepazar.com\/index.php?rest_route=%2Fwp%2Fv2%2Fcomments&post=102067"}],"wp:attachment":[{"href":"https:\/\/www.hediyepazar.com\/index.php?rest_route=%2Fwp%2Fv2%2Fmedia&parent=102067"}],"wp:term":[{"taxonomy":"product_brand","embeddable":true,"href":"https:\/\/www.hediyepazar.com\/index.php?rest_route=%2Fwp%2Fv2%2Fproduct_brand&post=102067"},{"taxonomy":"product_cat","embeddable":true,"href":"https:\/\/www.hediyepazar.com\/index.php?rest_route=%2Fwp%2Fv2%2Fproduct_cat&post=102067"},{"taxonomy":"product_tag","embeddable":true,"href":"https:\/\/www.hediyepazar.com\/index.php?rest_route=%2Fwp%2Fv2%2Fproduct_tag&post=102067"}],"curies":[{"name":"wp","href":"https:\/\/api.w.org\/{rel}","templated":true}]}}