{"id":102117,"date":"2026-05-04T04:56:32","date_gmt":"2026-05-04T07:56:32","guid":{"rendered":"https:\/\/www.hediyepazar.com\/?product=turk-limon-sikacagi-paslanmaz-celik"},"modified":"2026-05-04T04:56:32","modified_gmt":"2026-05-04T07:56:32","slug":"turk-limon-sikacagi-paslanmaz-celik","status":"publish","type":"product","link":"https:\/\/www.hediyepazar.com\/?product=turk-limon-sikacagi-paslanmaz-celik","title":{"rendered":"Turk Limon S\u0131kaca\u011f\u0131 Paslanmaz \u00c7elik"},"content":{"rendered":"<p>\n\t<strong>\u00dcr\u00fcn \u00d6zellikleri : <\/strong><\/p>\n<p>\t<strong>AKSESUARLAR \u00dcR\u00dcNE DAH\u0130L DE\u011e\u0130LD\u0130R. <\/strong><\/p>\n<p>\t<strong>Materyal : 430 &#8211;\u00a0 10\/18\u00a0 Paslanmaz End\u00fcstryiyel \u00c7elik\u00a0<\/strong><\/p>\n<p>\t<strong>Adet : <\/strong> 1 Adet<\/p>\n<p>\t<strong>Renk : <\/strong> Krom\u00a0<\/p>\n<p>\t<strong>Tasar\u0131m : <\/strong> HSNET Professional Design olarak Profesyonel kullan\u0131m i\u00e7in tasarlad\u0131k,<\/p>\n<p>\n\tErgonomik a\u011f\u0131r tasar\u0131m. Uzun sap uzunlu\u011fu kolu kullanman\u0131z\u0131 sa\u011flar ve barmay\u0131 ger\u00e7ekten kolayla\u015ft\u0131r\u0131r. Ayr\u0131ca sap\u0131n kenarlar\u0131n\u0131 ellerinize kesmeden sapa rahat bir bask\u0131 uygulayabilirsiniz. Kal\u0131nla\u015ft\u0131r\u0131lm\u0131\u015f sap ve dolgu, sa\u011fl ve uzun l\u00fc, b\u00fck\u00fclmez veya k\u0131r\u0131lmaz.<\/p>\n<p>\tG\u0131da maddelerine uygun al\u00fcminyum ala\u015f\u0131m ve zehirsiz kur\u015funsuzdur. Y\u00fczeyi p\u00fcr\u00fczs\u00fczd\u00fcr ve ellerinize zarar vermez.<\/p>\n<p>\tY\u00fcksek Kaliteli Malzemeler : Bu manuel limon s\u0131kaca\u011f\u0131 y\u00fcksek kaliteli 430 Paslanmaz \u00c7elik malzemeden \u00fcretilmi\u015ftir. Y\u00fcksek oksidasyon direnci, darbe direnci, g\u0131da g\u00fcvenlik malzemeleri vard\u0131r, paslanmaz, g\u00fcvenli ve dayan\u0131kl\u0131d\u0131r.<\/p>\n<p>\tB\u00fcy\u00fck kapasite : Bu manuel limon s\u0131kaca\u011f\u0131 \u00e7o\u011funlukla di\u011fer manuel limon s\u0131k\u0131c\u0131lar\u0131ndan daha b\u00fcy\u00fckt\u00fcr. Limon veya turun\u00e7gilleri k\u00fc\u00e7\u00fck par\u00e7alara ay\u0131rman\u0131za gerek yoktur, meyve suyunuzda tohum veya posa izi b\u0131rakmadan bir fincan meyve suyu s\u0131kar<\/p>\n<p>\tKolay Temizlik : Bu manuel limon s\u0131kaca\u011f\u0131 su ile kolayca temizlenir, ayr\u0131ca bula\u015f\u0131k makinesinde y\u0131kanabilir, narenciye limon s\u0131kaca\u011f\u0131m\u0131z\u0131 her t\u00fcrl\u00fc bas\u0131n\u00e7 alt\u0131nda uzun \u00f6m\u00fcrl\u00fc olacak \u015fekilde tasarlad\u0131k. Bu manuel meyve s\u0131kaca\u011f\u0131 limon s\u0131kaca\u011f\u0131 neme, \u0131s\u0131ya ve lekelere kar\u015f\u0131 dayan\u0131kl\u0131d\u0131r.<\/p>\n<p>\t\u00c7ok i\u015flevli : Bu manuel s\u0131kaca\u011f\u0131 t\u00fcm aile i\u00e7in \u00e7ok uygun bir ara\u00e7t\u0131r. En sevdi\u011finiz meyve suyunu yapmak i\u00e7in limon, kire\u00e7, kivi, \u00fcz\u00fcm ve di\u011fer narenciye meyvelerini manuel olarak s\u0131kabilirsiniz. Zamandan ve emekten tasarruf edin, bu basit aletlerle \u00e7e\u015fitli lezzetli meyve sular\u0131 yap\u0131n. Uzun \u00f6m\u00fcrl\u00fc tasar\u0131m meyveler: Sadece limon de\u011fil, ayn\u0131 zamanda narenciye, kivi, misket limonu, elma, armut, meyve suyu, kuz, \u00fcz\u00fcm ve di\u011fer meyveleri evde elle s\u0131kabilir veya birka\u00e7 damla limon suyu ekleyebilirsiniz. Yemek pi\u015firirken yemeklerinizi tazeleyin. Taze ve orijinal limon suyu, elinize s\u0131v\u0131 s\u0131\u00e7ramadan ve israf etmeden h\u0131zl\u0131 ve orijinal bir \u015fekilde temizler<\/p>\n<p>\n\t\u00a0<\/p>\n<p>\n\t<strong>M\u00dcKEMMEL SATI\u015e SONRASI H\u0130ZMET : <\/strong>Bu \u00fcr\u00fcne daha avantajl\u0131 sahip olabilmeniz i\u00e7in ma\u011fazam\u0131z\u0131 ziyaret ederek, kampanyalar\u0131 inceleyebilirsiniz. HSNET \/ HSNET olarak m\u00fc\u015fterilerimize en iyi hizmeti sunmay\u0131 ama\u00e7l\u0131yor, g\u00fcvenle sat\u0131n alabilmeniz i\u00e7in, ambalaj kalitemize g\u00fcveniyor, her \u00fcr\u00fcn sorunsuz teslimat i\u00e7in \u00f6zenle paketliyor ve resimde belirtilen renk, ebat, \u00f6zelikte \u00fcr\u00fcn g\u00f6ndermeyi taahh\u00fct ediyoruz. Hasarl\u0131 \u00fcr\u00fcn ald\u0131ysan\u0131z veya di\u011fer \u00fcr\u00fcn ve paket teslimat sorunlar\u0131 oldu\u011funda bizimle ileti\u015fime ge\u00e7mekten \u00e7ekinmeyin.<\/p>\n<p>\n\t<strong>Detayl\u0131 bilgi i\u00e7in ek resimleri inceleyebilirsiniz<\/strong><\/p>\n<p><\/p>\n<p>\n\t<strong><img decoding=\"async\"  src=\"https:\/\/hepsicdn.com.tr\/static\/product_detail\/hbnetbd9f6115_4764201.jpg\"><\/strong><\/p>\n<p>\n\t\u00a0<\/p>\n","protected":false},"excerpt":{"rendered":"<p>\u00dcr\u00fcn \u00d6zellikleri : AKSESUARLAR \u00dcR\u00dcNE DAH\u0130L DE\u011e\u0130LD\u0130R. Materyal : 430 &#8211;\u00a0 10\/18\u00a0 Paslanmaz End\u00fcstryiyel \u00c7elik\u00a0 Adet : 1 Adet Renk : Krom\u00a0 Tasar\u0131m : HSNET Professional Design olarak Profesyonel kullan\u0131m i\u00e7in tasarlad\u0131k, Ergonomik a\u011f\u0131r tasar\u0131m. Uzun sap uzunlu\u011fu kolu kullanman\u0131z\u0131 sa\u011flar ve barmay\u0131 ger\u00e7ekten kolayla\u015ft\u0131r\u0131r. Ayr\u0131ca sap\u0131n kenarlar\u0131n\u0131 ellerinize kesmeden sapa rahat bir bask\u0131 uygulayabilirsiniz&#8230;.<\/p>\n","protected":false},"featured_media":102116,"comment_status":"open","ping_status":"closed","template":"","meta":{"_kad_post_transparent":"","_kad_post_title":"","_kad_post_layout":"","_kad_post_sidebar_id":"","_kad_post_content_style":"","_kad_post_vertical_padding":"","_kad_post_feature":"","_kad_post_feature_position":"","_kad_post_header":false,"_kad_post_footer":false,"_kad_post_classname":""},"product_brand":[],"product_cat":[14320],"product_tag":[],"class_list":{"0":"post-102117","1":"product","2":"type-product","3":"status-publish","4":"has-post-thumbnail","6":"product_cat-limon-sikacagi-yemek-hazirlik-sofra-mutfak-ev-yasam-limon-sikacagi","8":"first","9":"instock","10":"purchasable","11":"product-type-simple","12":"entry","13":"content-bg","14":"loop-entry"},"_links":{"self":[{"href":"https:\/\/www.hediyepazar.com\/index.php?rest_route=\/wp\/v2\/product\/102117","targetHints":{"allow":["GET"]}}],"collection":[{"href":"https:\/\/www.hediyepazar.com\/index.php?rest_route=\/wp\/v2\/product"}],"about":[{"href":"https:\/\/www.hediyepazar.com\/index.php?rest_route=\/wp\/v2\/types\/product"}],"replies":[{"embeddable":true,"href":"https:\/\/www.hediyepazar.com\/index.php?rest_route=%2Fwp%2Fv2%2Fcomments&post=102117"}],"wp:featuredmedia":[{"embeddable":true,"href":"https:\/\/www.hediyepazar.com\/index.php?rest_route=\/wp\/v2\/media\/102116"}],"wp:attachment":[{"href":"https:\/\/www.hediyepazar.com\/index.php?rest_route=%2Fwp%2Fv2%2Fmedia&parent=102117"}],"wp:term":[{"taxonomy":"product_brand","embeddable":true,"href":"https:\/\/www.hediyepazar.com\/index.php?rest_route=%2Fwp%2Fv2%2Fproduct_brand&post=102117"},{"taxonomy":"product_cat","embeddable":true,"href":"https:\/\/www.hediyepazar.com\/index.php?rest_route=%2Fwp%2Fv2%2Fproduct_cat&post=102117"},{"taxonomy":"product_tag","embeddable":true,"href":"https:\/\/www.hediyepazar.com\/index.php?rest_route=%2Fwp%2Fv2%2Fproduct_tag&post=102117"}],"curies":[{"name":"wp","href":"https:\/\/api.w.org\/{rel}","templated":true}]}}