{"id":102154,"date":"2026-05-04T05:00:20","date_gmt":"2026-05-04T08:00:20","guid":{"rendered":"https:\/\/www.hediyepazar.com\/?product=turk-manikur-et-makasi-solingen-profesyonel"},"modified":"2026-05-04T05:00:20","modified_gmt":"2026-05-04T08:00:20","slug":"turk-manikur-et-makasi-solingen-profesyonel","status":"publish","type":"product","link":"https:\/\/www.hediyepazar.com\/?product=turk-manikur-et-makasi-solingen-profesyonel","title":{"rendered":"Turk Manik\u00fcr Et Makas\u0131 Solingen Profesyonel"},"content":{"rendered":"<p>\n\t<strong>\u00dcr\u00fcn \u00d6zellikleri : <\/strong><\/p>\n<p>\t<strong>Materyal : Paslanmaz \u00e7elik\u00a0<\/strong><\/p>\n<p>\n\tM\u00fckemmel kavisli i b\u0131\u00e7a\u011fa sahip ekstra ince kavisli manik\u00fcr makas\u0131.<\/p>\n<p>\n\tKolay ve g\u00fcvenli bir manik\u00fcr d\u00fczeltici i\u00e7in parmak delikli profesyonel manik\u00fcr makas\u0131.<\/p>\n<p>\n\tK\u00fc\u00e7\u00fck manik\u00fcr makas\u0131, uzun s\u00fcreli kavisli bir kenar sa\u011flamak i\u00e7in y\u00fcksek kaliteli paslanmaz \u00e7elikten yap\u0131lm\u0131\u015ft\u0131r.<\/p>\n<p>\n\tB\u00f6ylece en iyi kavisli ekstra ince manik\u00fcr makas\u0131, her kulland\u0131\u011f\u0131n\u0131zda hassas kesim sa\u011flar. Kavisli b\u0131\u00e7ak paslanmaz \u00e7elik et makas\u0131, kuru etlerin taban\u0131na yak\u0131n k\u00f6\u015felere ula\u015fmaya yard\u0131mc\u0131 olur<\/p>\n<p>\n\tMakas\u0131n\u0131n b\u0131\u00e7aklar\u0131 m\u00fckemmel keskindir.<\/p>\n<p>\n\t<strong>M\u00dcKEMMEL SATI\u015e SONRASI H\u0130ZMET : <\/strong>HSNET \/ HSNET m\u00fc\u015fterilerimize en iyi hizmeti sunmay\u0131 ama\u00e7l\u0131yor ve resimde belirtilen renk, ebat, \u00f6zelikte \u00fcr\u00fcn g\u00f6ndermeyi taahh\u00fct ediyoruz. G\u00fcvenle sat\u0131n alabilirsiniz. Hasarl\u0131 \u00fcr\u00fcn ald\u0131ysan\u0131z veya di\u011fer \u00fcr\u00fcn ve paket teslimat sorunlar\u0131 oldu\u011funda bizimle ileti\u015fime ge\u00e7mekten \u00e7ekinmeyin.<br \/>\n\t<img decoding=\"async\"  src=\"https:\/\/hepsicdn.com.tr\/static\/product_detail\/hbnet0aba7866_4771301.jpg\"><\/p>\n<p>\n\t\u00a0<\/p>\n","protected":false},"excerpt":{"rendered":"<p>\u00dcr\u00fcn \u00d6zellikleri : Materyal : Paslanmaz \u00e7elik\u00a0 M\u00fckemmel kavisli i b\u0131\u00e7a\u011fa sahip ekstra ince kavisli manik\u00fcr makas\u0131. Kolay ve g\u00fcvenli bir manik\u00fcr d\u00fczeltici i\u00e7in parmak delikli profesyonel manik\u00fcr makas\u0131. K\u00fc\u00e7\u00fck manik\u00fcr makas\u0131, uzun s\u00fcreli kavisli bir kenar sa\u011flamak i\u00e7in y\u00fcksek kaliteli paslanmaz \u00e7elikten yap\u0131lm\u0131\u015ft\u0131r. B\u00f6ylece en iyi kavisli ekstra ince manik\u00fcr makas\u0131, her kulland\u0131\u011f\u0131n\u0131zda hassas&#8230;<\/p>\n","protected":false},"featured_media":102153,"comment_status":"open","ping_status":"closed","template":"","meta":{"_kad_post_transparent":"","_kad_post_title":"","_kad_post_layout":"","_kad_post_sidebar_id":"","_kad_post_content_style":"","_kad_post_vertical_padding":"","_kad_post_feature":"","_kad_post_feature_position":"","_kad_post_header":false,"_kad_post_footer":false,"_kad_post_classname":""},"product_brand":[],"product_cat":[14207],"product_tag":[],"class_list":{"0":"post-102154","1":"product","2":"type-product","3":"status-publish","4":"has-post-thumbnail","6":"product_cat-el-tirnak-bakim-ve-aksesuarlar-kisisel-bakim-aletleri-elektronik-el-tirnak-bakim-ve-aksesuarlar","8":"first","9":"instock","10":"purchasable","11":"product-type-simple","12":"entry","13":"content-bg","14":"loop-entry"},"_links":{"self":[{"href":"https:\/\/www.hediyepazar.com\/index.php?rest_route=\/wp\/v2\/product\/102154","targetHints":{"allow":["GET"]}}],"collection":[{"href":"https:\/\/www.hediyepazar.com\/index.php?rest_route=\/wp\/v2\/product"}],"about":[{"href":"https:\/\/www.hediyepazar.com\/index.php?rest_route=\/wp\/v2\/types\/product"}],"replies":[{"embeddable":true,"href":"https:\/\/www.hediyepazar.com\/index.php?rest_route=%2Fwp%2Fv2%2Fcomments&post=102154"}],"wp:featuredmedia":[{"embeddable":true,"href":"https:\/\/www.hediyepazar.com\/index.php?rest_route=\/wp\/v2\/media\/102153"}],"wp:attachment":[{"href":"https:\/\/www.hediyepazar.com\/index.php?rest_route=%2Fwp%2Fv2%2Fmedia&parent=102154"}],"wp:term":[{"taxonomy":"product_brand","embeddable":true,"href":"https:\/\/www.hediyepazar.com\/index.php?rest_route=%2Fwp%2Fv2%2Fproduct_brand&post=102154"},{"taxonomy":"product_cat","embeddable":true,"href":"https:\/\/www.hediyepazar.com\/index.php?rest_route=%2Fwp%2Fv2%2Fproduct_cat&post=102154"},{"taxonomy":"product_tag","embeddable":true,"href":"https:\/\/www.hediyepazar.com\/index.php?rest_route=%2Fwp%2Fv2%2Fproduct_tag&post=102154"}],"curies":[{"name":"wp","href":"https:\/\/api.w.org\/{rel}","templated":true}]}}