{"id":102182,"date":"2026-05-04T05:05:37","date_gmt":"2026-05-04T08:05:37","guid":{"rendered":"https:\/\/www.hediyepazar.com\/?product=turk-kuafor-sac-boyama-balyaj-folyo-60-mt"},"modified":"2026-05-04T05:05:37","modified_gmt":"2026-05-04T08:05:37","slug":"turk-kuafor-sac-boyama-balyaj-folyo-60-mt","status":"publish","type":"product","link":"https:\/\/www.hediyepazar.com\/?product=turk-kuafor-sac-boyama-balyaj-folyo-60-mt","title":{"rendered":"Turk Kuaf\u00f6r Sa\u00e7 Boyama Balyaj Folyo 60 mt"},"content":{"rendered":"<p>\t<strong>\u00dcr\u00fcn \u00d6zellikleri : <\/strong><\/p>\n<p>\t<strong>AKSESUARLAR \u00dcR\u00dcNE DAH\u0130L DE\u011e\u0130LD\u0130R. <\/strong><\/p>\n<p>\t<strong>Materyal : <\/strong> Al\u00fcminyum Folyo\u00a0<\/p>\n<p>\t<strong>Adet\u00a0 \u00a0: <\/strong> 1 top\u00a0<\/p>\n<p>\t<strong>\u00d6l\u00e7\u00fcler (bir cep telefonu ortalama 16 cm dir. K\u0131yaslaman\u0131z i\u00e7in kolayl\u0131k de\u011fil mi ? ) : <\/strong> 15 cm x 61 metre uzunluk &#8211; 900 gram<\/p>\n<p><\/p>\n<p>\tGEN\u0130\u015e KULLANIM ALANI : Pro S Serisi A\u00e7\u0131l\u0131r Folyo t\u00fcm kullan\u0131mlar i\u00e7in evrensel tasar\u0131m\u0131na sahiptir. Sa\u00e7 boyama, Balyaj, Highlight vb i\u015flemler i\u00e7in uygundur<\/p>\n<p>\tPREMIUM KAL\u0130TE: S Serisi folyo levhalar, daha yumu\u015fak ama ayn\u0131 derecede dayan\u0131kl\u0131 bir levha olu\u015fturan en y\u00fcksek kaliteli al\u00fcminyum ala\u015f\u0131mdan yap\u0131lm\u0131\u015ft\u0131r.<\/p>\n<p>\tDAYANIKLILIK : Sa\u00e7 folyosu levhalar kesme veya y\u0131rt\u0131lma gerektirmez ve hizmetin b\u00fct\u00fcnl\u00fc\u011f\u00fcnden \u00f6d\u00fcn vermeden herhangi bir \u015fekle b\u00fck\u00fclebilir.<\/p>\n<p>\t<strong>M\u00dcKEMMEL SATI\u015e SONRASI H\u0130ZMET : <\/strong>Bu \u00fcr\u00fcne daha avantajl\u0131 sahip olabilmeniz i\u00e7in ma\u011fazam\u0131z\u0131 ziyaret ederek, kampanyalar\u0131 inceleyebilirsiniz. HSNET \/ HSNET olarak m\u00fc\u015fterilerimize en iyi hizmeti sunmay\u0131 ama\u00e7l\u0131yor, g\u00fcvenle sat\u0131n alabilmeniz i\u00e7in, ambalaj kalitemize g\u00fcveniyor, her \u00fcr\u00fcn sorunsuz teslimat i\u00e7in \u00f6zenle paketliyor ve resimde belirtilen renk, ebat, \u00f6zelikte \u00fcr\u00fcn g\u00f6ndermeyi taahh\u00fct ediyoruz. Hasarl\u0131 \u00fcr\u00fcn ald\u0131ysan\u0131z veya di\u011fer \u00fcr\u00fcn ve paket teslimat sorunlar\u0131 oldu\u011funda bizimle ileti\u015fime ge\u00e7mekten \u00e7ekinmeyin.<\/p>\n<p>\t\u00a0<\/p>\n<p>\t<strong>Detayl\u0131 bilgi i\u00e7in ek resimleri inceleyebilirsiniz<\/strong><\/p>\n<p><\/p>\n<p>\t<strong><img decoding=\"async\"  src=\"https:\/\/hepsicdn.com.tr\/static\/product_detail\/hbnetf66bf200_4775001.webp\"><\/strong><\/p>\n<p>\t\u00a0<\/p>\n","protected":false},"excerpt":{"rendered":"<p>\u00dcr\u00fcn \u00d6zellikleri : AKSESUARLAR \u00dcR\u00dcNE DAH\u0130L DE\u011e\u0130LD\u0130R. Materyal : Al\u00fcminyum Folyo\u00a0 Adet\u00a0 \u00a0: 1 top\u00a0 \u00d6l\u00e7\u00fcler (bir cep telefonu ortalama 16 cm dir. K\u0131yaslaman\u0131z i\u00e7in kolayl\u0131k de\u011fil mi ? ) : 15 cm x 61 metre uzunluk &#8211; 900 gram GEN\u0130\u015e KULLANIM ALANI : Pro S Serisi A\u00e7\u0131l\u0131r Folyo t\u00fcm kullan\u0131mlar i\u00e7in evrensel tasar\u0131m\u0131na sahiptir&#8230;.<\/p>\n","protected":false},"featured_media":0,"comment_status":"open","ping_status":"closed","template":"","meta":{"_kad_post_transparent":"","_kad_post_title":"","_kad_post_layout":"","_kad_post_sidebar_id":"","_kad_post_content_style":"","_kad_post_vertical_padding":"","_kad_post_feature":"","_kad_post_feature_position":"","_kad_post_header":false,"_kad_post_footer":false,"_kad_post_classname":""},"product_brand":[],"product_cat":[14227],"product_tag":[],"class_list":{"0":"post-102182","1":"product","2":"type-product","3":"status-publish","5":"product_cat-kuafor-urunleri-erkek-kuafor-kuafor-urunleri","7":"first","8":"instock","9":"purchasable","10":"product-type-simple","11":"entry","12":"content-bg","13":"loop-entry"},"_links":{"self":[{"href":"https:\/\/www.hediyepazar.com\/index.php?rest_route=\/wp\/v2\/product\/102182","targetHints":{"allow":["GET"]}}],"collection":[{"href":"https:\/\/www.hediyepazar.com\/index.php?rest_route=\/wp\/v2\/product"}],"about":[{"href":"https:\/\/www.hediyepazar.com\/index.php?rest_route=\/wp\/v2\/types\/product"}],"replies":[{"embeddable":true,"href":"https:\/\/www.hediyepazar.com\/index.php?rest_route=%2Fwp%2Fv2%2Fcomments&post=102182"}],"wp:attachment":[{"href":"https:\/\/www.hediyepazar.com\/index.php?rest_route=%2Fwp%2Fv2%2Fmedia&parent=102182"}],"wp:term":[{"taxonomy":"product_brand","embeddable":true,"href":"https:\/\/www.hediyepazar.com\/index.php?rest_route=%2Fwp%2Fv2%2Fproduct_brand&post=102182"},{"taxonomy":"product_cat","embeddable":true,"href":"https:\/\/www.hediyepazar.com\/index.php?rest_route=%2Fwp%2Fv2%2Fproduct_cat&post=102182"},{"taxonomy":"product_tag","embeddable":true,"href":"https:\/\/www.hediyepazar.com\/index.php?rest_route=%2Fwp%2Fv2%2Fproduct_tag&post=102182"}],"curies":[{"name":"wp","href":"https:\/\/api.w.org\/{rel}","templated":true}]}}