{"id":102225,"date":"2026-05-04T05:21:17","date_gmt":"2026-05-04T08:21:17","guid":{"rendered":"https:\/\/www.hediyepazar.com\/?product=turk-sivi-transfer-pompasi-2-adet-su-yag-mazot"},"modified":"2026-05-04T05:21:17","modified_gmt":"2026-05-04T08:21:17","slug":"turk-sivi-transfer-pompasi-2-adet-su-yag-mazot","status":"publish","type":"product","link":"https:\/\/www.hediyepazar.com\/?product=turk-sivi-transfer-pompasi-2-adet-su-yag-mazot","title":{"rendered":"Turk S\u0131v\u0131 Transfer Pompas\u0131 2 ADET Su Ya\u011f Mazot"},"content":{"rendered":"<p>\n\t<strong>\u00dcr\u00fcn \u00d6zellikleri : <\/strong><\/p>\n<p>\t<strong>AKSESUARLAR \u00dcR\u00dcNE DAH\u0130L DE\u011e\u0130LD\u0130R. <\/strong><\/p>\n<p>\t<strong>Materyal : PE plastik\u00a0<\/strong><\/p>\n<p>\t<strong>Adet \/ Renk \/ Tasar\u0131m : <\/strong> 2 Adet, HSNET\u00a0 olarak tasarlad\u0131\u011f\u0131m\u0131z, resimde yer alan tasar\u0131m\u0131 , s\u00fcrpriz ya\u015famaman\u0131z i\u00e7in birebir g\u00f6nderiyoruz<\/p>\n<p>\t<strong>\u00d6l\u00e7\u00fcler : 56 cm hortum uzunlu\u011fu\u00a0<\/strong><\/p>\n<p>\tTransfer Pompas\u0131 h\u0131zl\u0131, pratik ve sorunsuzdur. Tam ak\u0131\u015fta, kaplar\u0131 bir kep\u00e7eden daha h\u0131zl\u0131 ve daha temiz bo\u015faltmak i\u00e7in dakikada yakla\u015f\u0131k 10 litre h\u0131zla \u00e7al\u0131\u015f\u0131r<\/p>\n<p>\tBu pompa dayan\u0131kl\u0131, sa\u011flam PE plastikten yap\u0131lm\u0131\u015ft\u0131r. Su, Ya\u011f, mazot yan\u0131s\u0131ra kimyasallar\u0131n, konsantre asitlerin, solventlerin ve alkollerin aktar\u0131m\u0131 i\u00e7in uygundur; metanol, biyodizel, izopropil ve benzin<\/p>\n<p>\tA\u00e7\u0131l\u0131 ucunu yerle\u015ftirin sifon s\u0131v\u0131 i\u00e7inde ve di\u011fer ucu kapta; ak\u0131\u015f\u0131 ba\u015flatmak i\u00e7in memeyi s\u0131k\u0131n; Emmeyi durdurmak i\u00e7in memeyi s\u0131v\u0131 hatt\u0131n\u0131n \u00fczerine kald\u0131r\u0131n veya vakumu serbest b\u0131rakmak i\u00e7in vidan\u0131n kapa\u011f\u0131n\u0131 \u00e7evirin<\/p>\n<p>\n\t<strong>M\u00dcKEMMEL SATI\u015e SONRASI H\u0130ZMET : <\/strong>Bu \u00fcr\u00fcne daha avantajl\u0131 sahip olabilmeniz i\u00e7in ma\u011fazam\u0131z\u0131 ziyaret ederek, kampanyalar\u0131 inceleyebilirsiniz. HSNET \/ HSNET olarak m\u00fc\u015fterilerimize en iyi hizmeti sunmay\u0131 ama\u00e7l\u0131yor, g\u00fcvenle sat\u0131n alabilmeniz i\u00e7in, ambalaj kalitemize g\u00fcveniyor, her \u00fcr\u00fcn sorunsuz teslimat i\u00e7in \u00f6zenle paketliyor ve resimde belirtilen renk, ebat, \u00f6zelikte \u00fcr\u00fcn g\u00f6ndermeyi taahh\u00fct ediyoruz. Hasarl\u0131 \u00fcr\u00fcn ald\u0131ysan\u0131z veya di\u011fer \u00fcr\u00fcn ve paket teslimat sorunlar\u0131 oldu\u011funda bizimle ileti\u015fime ge\u00e7mekten \u00e7ekinmeyin.<\/p>\n<p>\n\t<strong>Detayl\u0131 bilgi i\u00e7in ek resimleri inceleyebilirsiniz<\/strong><\/p>\n<p><\/p>\n<p>\n\t<strong><img decoding=\"async\"  src=\"https:\/\/hepsicdn.com.tr\/static\/product_detail\/hbnet7288c3d5_4780901.jpg\"><\/strong><\/p>\n<p>\n\t\u00a0<\/p>\n","protected":false},"excerpt":{"rendered":"<p>\u00dcr\u00fcn \u00d6zellikleri : AKSESUARLAR \u00dcR\u00dcNE DAH\u0130L DE\u011e\u0130LD\u0130R. Materyal : PE plastik\u00a0 Adet \/ Renk \/ Tasar\u0131m : 2 Adet, HSNET\u00a0 olarak tasarlad\u0131\u011f\u0131m\u0131z, resimde yer alan tasar\u0131m\u0131 , s\u00fcrpriz ya\u015famaman\u0131z i\u00e7in birebir g\u00f6nderiyoruz \u00d6l\u00e7\u00fcler : 56 cm hortum uzunlu\u011fu\u00a0 Transfer Pompas\u0131 h\u0131zl\u0131, pratik ve sorunsuzdur. Tam ak\u0131\u015fta, kaplar\u0131 bir kep\u00e7eden daha h\u0131zl\u0131 ve daha temiz bo\u015faltmak&#8230;<\/p>\n","protected":false},"featured_media":0,"comment_status":"open","ping_status":"closed","template":"","meta":{"_kad_post_transparent":"","_kad_post_title":"","_kad_post_layout":"","_kad_post_sidebar_id":"","_kad_post_content_style":"","_kad_post_vertical_padding":"","_kad_post_feature":"","_kad_post_feature_position":"","_kad_post_header":false,"_kad_post_footer":false,"_kad_post_classname":""},"product_brand":[],"product_cat":[14347],"product_tag":[],"class_list":{"0":"post-102225","1":"product","2":"type-product","3":"status-publish","5":"product_cat-ofis-aksesuarlari-masaustu-gerecleri-kirtasiye-ofis-ofis-aksesuarlari","7":"first","8":"instock","9":"purchasable","10":"product-type-simple","11":"entry","12":"content-bg","13":"loop-entry"},"_links":{"self":[{"href":"https:\/\/www.hediyepazar.com\/index.php?rest_route=\/wp\/v2\/product\/102225","targetHints":{"allow":["GET"]}}],"collection":[{"href":"https:\/\/www.hediyepazar.com\/index.php?rest_route=\/wp\/v2\/product"}],"about":[{"href":"https:\/\/www.hediyepazar.com\/index.php?rest_route=\/wp\/v2\/types\/product"}],"replies":[{"embeddable":true,"href":"https:\/\/www.hediyepazar.com\/index.php?rest_route=%2Fwp%2Fv2%2Fcomments&post=102225"}],"wp:attachment":[{"href":"https:\/\/www.hediyepazar.com\/index.php?rest_route=%2Fwp%2Fv2%2Fmedia&parent=102225"}],"wp:term":[{"taxonomy":"product_brand","embeddable":true,"href":"https:\/\/www.hediyepazar.com\/index.php?rest_route=%2Fwp%2Fv2%2Fproduct_brand&post=102225"},{"taxonomy":"product_cat","embeddable":true,"href":"https:\/\/www.hediyepazar.com\/index.php?rest_route=%2Fwp%2Fv2%2Fproduct_cat&post=102225"},{"taxonomy":"product_tag","embeddable":true,"href":"https:\/\/www.hediyepazar.com\/index.php?rest_route=%2Fwp%2Fv2%2Fproduct_tag&post=102225"}],"curies":[{"name":"wp","href":"https:\/\/api.w.org\/{rel}","templated":true}]}}