{"id":102242,"date":"2026-05-04T05:24:38","date_gmt":"2026-05-04T08:24:38","guid":{"rendered":"https:\/\/www.hediyepazar.com\/?product=turk-31-cm-kizartma-tavasi-kapagi-celik-zelazny-design"},"modified":"2026-05-04T05:24:38","modified_gmt":"2026-05-04T08:24:38","slug":"turk-31-cm-kizartma-tavasi-kapagi-celik-zelazny-design","status":"publish","type":"product","link":"https:\/\/www.hediyepazar.com\/?product=turk-31-cm-kizartma-tavasi-kapagi-celik-zelazny-design","title":{"rendered":"Turk 31 cm K\u0131zartma Tavas\u0131 Kapa\u011f\u0131 \u00c7elik \u017belazny Design"},"content":{"rendered":"<p>\t<strong>\u00dcr\u00fcn \u00d6zellikleri : <\/strong><\/p>\n<p>\t<strong>Materyal : Paslanmaz \u00c7elik\u00a0<\/strong><\/p>\n<p>\t<strong>Adet \/ Renk \/ Tasar\u0131m : <\/strong> 1 Adet, Turk\u00a0<span style=\"color: rgb(1, 15, 38); font-family: Roboto, sans-serif; font-size: 13px;\">\u017belazny\u00a0<\/span>Design olarak tasarlad\u0131\u011f\u0131m\u0131z, resimde yer alan modeli , s\u00fcrpriz ya\u015famaman\u0131z i\u00e7in birebir g\u00f6nderiyoruz<\/p>\n<p>\t<strong>\u00d6l\u00e7\u00fcler : 31 cm \u00e7ap\u0131ndad\u0131r. Tavan\u0131z\u0131n \u00e7ap\u0131n\u0131 \u00f6l\u00e7erek alabilirsiniz. Genelde tava \u00e7ap\u0131n\u0131zdan 1 cm d\u00fc\u015f\u00fck tercih edilir.<\/strong><\/p>\n<p>\tK\u0131zartma yapmak, bal\u0131k pi\u015firmek hi\u00e7 bu kadar kolay olmam\u0131\u015ft\u0131. Mutfak kullan\u0131c\u0131lar\u0131n\u0131n \u00e7ekinerek yakla\u015ft\u0131\u011f\u0131 k\u0131zartmalar veya bal\u0131k pi\u015firmek \u017belazny Kapaklarla art\u0131k \u00e7ok kolay.<\/p>\n<p>\t<strong>M\u00dcKEMMEL SATI\u015e SONRASI H\u0130ZMET : <\/strong>Turk \/ Turk olarak m\u00fc\u015fterilerimize en iyi hizmeti sunmay\u0131 ama\u00e7l\u0131yor, g\u00fcvenle sat\u0131n alabilmeniz i\u00e7in, ambalaj kalitemize g\u00fcveniyor, her \u00fcr\u00fcn sorunsuz teslimat i\u00e7in \u00f6zenle paketliyor ve resimde belirtilen renk, ebat, \u00f6zelikte \u00fcr\u00fcn g\u00f6ndermeyi taahh\u00fct ediyoruz. Hasarl\u0131 \u00fcr\u00fcn ald\u0131ysan\u0131z veya di\u011fer \u00fcr\u00fcn ve paket teslimat sorunlar\u0131 oldu\u011funda bizimle ileti\u015fime ge\u00e7mekten \u00e7ekinmeyin.<\/p>\n<p>\t\u00a0<\/p>\n<p>\t<strong><strong> <\/strong><\/strong><\/p>\n<p>\t\u00a0<\/p>\n","protected":false},"excerpt":{"rendered":"<p>\u00dcr\u00fcn \u00d6zellikleri : Materyal : Paslanmaz \u00c7elik\u00a0 Adet \/ Renk \/ Tasar\u0131m : 1 Adet, Turk\u00a0\u017belazny\u00a0Design olarak tasarlad\u0131\u011f\u0131m\u0131z, resimde yer alan modeli , s\u00fcrpriz ya\u015famaman\u0131z i\u00e7in birebir g\u00f6nderiyoruz \u00d6l\u00e7\u00fcler : 31 cm \u00e7ap\u0131ndad\u0131r. Tavan\u0131z\u0131n \u00e7ap\u0131n\u0131 \u00f6l\u00e7erek alabilirsiniz. Genelde tava \u00e7ap\u0131n\u0131zdan 1 cm d\u00fc\u015f\u00fck tercih edilir. K\u0131zartma yapmak, bal\u0131k pi\u015firmek hi\u00e7 bu kadar kolay olmam\u0131\u015ft\u0131. Mutfak&#8230;<\/p>\n","protected":false},"featured_media":0,"comment_status":"open","ping_status":"closed","template":"","meta":{"_kad_post_transparent":"","_kad_post_title":"","_kad_post_layout":"","_kad_post_sidebar_id":"","_kad_post_content_style":"","_kad_post_vertical_padding":"","_kad_post_feature":"","_kad_post_feature_position":"","_kad_post_header":false,"_kad_post_footer":false,"_kad_post_classname":""},"product_brand":[],"product_cat":[14260],"product_tag":[],"class_list":{"0":"post-102242","1":"product","2":"type-product","3":"status-publish","5":"product_cat-tencere-pisirme-sofra-mutfak-ev-yasam-tencere","7":"first","8":"instock","9":"purchasable","10":"product-type-simple","11":"entry","12":"content-bg","13":"loop-entry"},"_links":{"self":[{"href":"https:\/\/www.hediyepazar.com\/index.php?rest_route=\/wp\/v2\/product\/102242","targetHints":{"allow":["GET"]}}],"collection":[{"href":"https:\/\/www.hediyepazar.com\/index.php?rest_route=\/wp\/v2\/product"}],"about":[{"href":"https:\/\/www.hediyepazar.com\/index.php?rest_route=\/wp\/v2\/types\/product"}],"replies":[{"embeddable":true,"href":"https:\/\/www.hediyepazar.com\/index.php?rest_route=%2Fwp%2Fv2%2Fcomments&post=102242"}],"wp:attachment":[{"href":"https:\/\/www.hediyepazar.com\/index.php?rest_route=%2Fwp%2Fv2%2Fmedia&parent=102242"}],"wp:term":[{"taxonomy":"product_brand","embeddable":true,"href":"https:\/\/www.hediyepazar.com\/index.php?rest_route=%2Fwp%2Fv2%2Fproduct_brand&post=102242"},{"taxonomy":"product_cat","embeddable":true,"href":"https:\/\/www.hediyepazar.com\/index.php?rest_route=%2Fwp%2Fv2%2Fproduct_cat&post=102242"},{"taxonomy":"product_tag","embeddable":true,"href":"https:\/\/www.hediyepazar.com\/index.php?rest_route=%2Fwp%2Fv2%2Fproduct_tag&post=102242"}],"curies":[{"name":"wp","href":"https:\/\/api.w.org\/{rel}","templated":true}]}}