{"id":102264,"date":"2026-05-04T05:29:34","date_gmt":"2026-05-04T08:29:34","guid":{"rendered":"https:\/\/www.hediyepazar.com\/?product=turk-10x-buyutec-6-ve-9-cm-2-li-set"},"modified":"2026-05-04T05:29:34","modified_gmt":"2026-05-04T08:29:34","slug":"turk-10x-buyutec-6-ve-9-cm-2-li-set","status":"publish","type":"product","link":"https:\/\/www.hediyepazar.com\/?product=turk-10x-buyutec-6-ve-9-cm-2-li-set","title":{"rendered":"Turk 10X B\u00fcy\u00fcte\u00e7 6 ve 9 cm 2 li SET"},"content":{"rendered":"<p>\n\t<strong>\u00dcr\u00fcn \u00d6zellikleri : <\/strong><\/p>\n<p>\t<strong>Materyal :\u00a0<\/strong>\u00a0Cilal\u0131 akrilik lens :\u00a0 \u00a0 \u00a0PP (plastik) + akrilik (pleksiglas).<\/p>\n<p>\t<strong>Adet \/ Renk \/ Tasar\u0131m : <\/strong> 2\u00a0 Adet, 6 ve 9 cm \u00e7aplar\u0131nda, HSNET\u00a0 \u00a0olarak tasarlad\u0131\u011f\u0131m\u0131z, resimde yer alan rengi, s\u00fcrpriz ya\u015famaman\u0131z i\u00e7in birebir g\u00f6nderiyoruz<\/p>\n<p>\n\tHafif Elde Ta\u015f\u0131nabilir B\u00fcy\u00fcte\u00e7: \u00c7ocuklar ve yeti\u015fkinler i\u00e7in y\u00fcksek kaliteli PP plastikten yap\u0131lm\u0131\u015ft\u0131r. Ergonomik ve hafif tasar\u0131m\u0131, elde kullan\u0131ma uygun olmas\u0131n\u0131 sa\u011flar. Her b\u00fcy\u00fcte\u00e7 3 ya\u015f\u0131n \u00fczerindeki \u00e7ocuklar i\u00e7in uygundur. Cilal\u0131 akrilik lens :\u00a0 \u00a0 \u00a0PP (plastik) + akrilik (pleksiglas).<\/p>\n<p>\tYayg\u0131n Kullan\u0131m : Bu plastik mini b\u00fcy\u00fcte\u00e7ler i\u00e7 ve d\u0131\u015f mekanlarda kullan\u0131labilir, \u00e7ocuklar\u0131n do\u011fum g\u00fcn\u00fc partileri, kutlamalar ve okul etkinlikleri i\u00e7in m\u00fckemmeldir. \u00c7ocuklar\u0131n bitkileri, hayvanlar\u0131 ve b\u00f6cekleri yak\u0131ndan g\u00f6zlemlemeleri, hayal g\u00fc\u00e7lerini ve yarat\u0131c\u0131l\u0131klar\u0131n\u0131 harekete ge\u00e7irerek \u00e7ocuklar i\u00e7in m\u00fckemmel bir k\u00fc\u00e7\u00fck hediye haline getirebilir.<\/p>\n<p>\t\u00c7ocuklar i\u00e7in Bulmaca Aletleri : Bu ka\u015fif oyuncaklar\u0131, k\u00fc\u00e7\u00fck \u00e7ocuklar i\u00e7in b\u00fcy\u00fcte\u00e7, \u00e7ocuklar\u0131n dedektifler ve bilim adamlar\u0131yla oynamas\u0131 i\u00e7in harika bir ara\u00e7t\u0131r. \u00c7ocuklar\u0131n oyun s\u0131ras\u0131nda beyinlerini geli\u015ftirmeleri ve hayal g\u00fc\u00e7lerini kullanmalar\u0131 i\u00e7in e\u011flenceli bir yol sa\u011flarlar. Bunlar m\u00fckemmel \u00e7ocuk ak\u0131l oyunlar\u0131d\u0131r.<\/p>\n<p>\tYa\u015fl\u0131lar i\u00e7in M\u00fckemmel Hediye: Ya\u015fl\u0131lar i\u00e7in en iyi b\u00fcy\u00fcte\u00e7, kuponlar, re\u00e7eteler ve bo\u015f zaman okumalar\u0131 \u00fczerindeki k\u00fc\u00e7\u00fck bask\u0131lar i\u00e7in harika, ayn\u0131 zamanda az g\u00f6ren veya g\u00f6rme bozuklu\u011fu olanlar i\u00e7in de m\u00fckemmel bir se\u00e7im.<\/p>\n<p>\n\t<strong>M\u00dcKEMMEL SATI\u015e SONRASI H\u0130ZMET : <\/strong>HSNET \/ HSNET olarak m\u00fc\u015fterilerimize en iyi hizmeti sunmay\u0131 ama\u00e7l\u0131yor, g\u00fcvenle sat\u0131n alabilmeniz i\u00e7in, ambalaj kalitemize g\u00fcveniyor, her \u00fcr\u00fcn sorunsuz teslimat i\u00e7in \u00f6zenle paketliyor ve resimde belirtilen renk, ebat, \u00f6zelikte \u00fcr\u00fcn g\u00f6ndermeyi taahh\u00fct ediyoruz. Hasarl\u0131 \u00fcr\u00fcn ald\u0131ysan\u0131z veya di\u011fer \u00fcr\u00fcn ve paket teslimat sorunlar\u0131 oldu\u011funda bizimle ileti\u015fime ge\u00e7mekten \u00e7ekinmeyin.<\/p>\n<p>\n\t<strong>Detayl\u0131 bilgi i\u00e7in ek resimleri inceleyebilirsiniz<\/strong><\/p>\n<p><\/p>\n<p>\n\t<strong><img decoding=\"async\"  src=\"https:\/\/hepsicdn.com.tr\/static\/product_detail\/hbnetb7832ce3_4784901.jpg\"><\/strong><\/p>\n<p>\n\t\u00a0<\/p>\n","protected":false},"excerpt":{"rendered":"<p>\u00dcr\u00fcn \u00d6zellikleri : Materyal :\u00a0\u00a0Cilal\u0131 akrilik lens :\u00a0 \u00a0 \u00a0PP (plastik) + akrilik (pleksiglas). Adet \/ Renk \/ Tasar\u0131m : 2\u00a0 Adet, 6 ve 9 cm \u00e7aplar\u0131nda, HSNET\u00a0 \u00a0olarak tasarlad\u0131\u011f\u0131m\u0131z, resimde yer alan rengi, s\u00fcrpriz ya\u015famaman\u0131z i\u00e7in birebir g\u00f6nderiyoruz Hafif Elde Ta\u015f\u0131nabilir B\u00fcy\u00fcte\u00e7: \u00c7ocuklar ve yeti\u015fkinler i\u00e7in y\u00fcksek kaliteli PP plastikten yap\u0131lm\u0131\u015ft\u0131r. Ergonomik ve hafif&#8230;<\/p>\n","protected":false},"featured_media":0,"comment_status":"open","ping_status":"closed","template":"","meta":{"_kad_post_transparent":"","_kad_post_title":"","_kad_post_layout":"","_kad_post_sidebar_id":"","_kad_post_content_style":"","_kad_post_vertical_padding":"","_kad_post_feature":"","_kad_post_feature_position":"","_kad_post_header":false,"_kad_post_footer":false,"_kad_post_classname":""},"product_brand":[],"product_cat":[14347],"product_tag":[],"class_list":{"0":"post-102264","1":"product","2":"type-product","3":"status-publish","5":"product_cat-ofis-aksesuarlari-masaustu-gerecleri-kirtasiye-ofis-ofis-aksesuarlari","7":"first","8":"instock","9":"purchasable","10":"product-type-simple","11":"entry","12":"content-bg","13":"loop-entry"},"_links":{"self":[{"href":"https:\/\/www.hediyepazar.com\/index.php?rest_route=\/wp\/v2\/product\/102264","targetHints":{"allow":["GET"]}}],"collection":[{"href":"https:\/\/www.hediyepazar.com\/index.php?rest_route=\/wp\/v2\/product"}],"about":[{"href":"https:\/\/www.hediyepazar.com\/index.php?rest_route=\/wp\/v2\/types\/product"}],"replies":[{"embeddable":true,"href":"https:\/\/www.hediyepazar.com\/index.php?rest_route=%2Fwp%2Fv2%2Fcomments&post=102264"}],"wp:attachment":[{"href":"https:\/\/www.hediyepazar.com\/index.php?rest_route=%2Fwp%2Fv2%2Fmedia&parent=102264"}],"wp:term":[{"taxonomy":"product_brand","embeddable":true,"href":"https:\/\/www.hediyepazar.com\/index.php?rest_route=%2Fwp%2Fv2%2Fproduct_brand&post=102264"},{"taxonomy":"product_cat","embeddable":true,"href":"https:\/\/www.hediyepazar.com\/index.php?rest_route=%2Fwp%2Fv2%2Fproduct_cat&post=102264"},{"taxonomy":"product_tag","embeddable":true,"href":"https:\/\/www.hediyepazar.com\/index.php?rest_route=%2Fwp%2Fv2%2Fproduct_tag&post=102264"}],"curies":[{"name":"wp","href":"https:\/\/api.w.org\/{rel}","templated":true}]}}