{"id":102284,"date":"2026-05-04T05:33:02","date_gmt":"2026-05-04T08:33:02","guid":{"rendered":"https:\/\/www.hediyepazar.com\/?product=turk-raspa-topuk-jileti-30-lu-paket"},"modified":"2026-05-04T05:33:02","modified_gmt":"2026-05-04T08:33:02","slug":"turk-raspa-topuk-jileti-30-lu-paket","status":"publish","type":"product","link":"https:\/\/www.hediyepazar.com\/?product=turk-raspa-topuk-jileti-30-lu-paket","title":{"rendered":"Turk Raspa Topuk Jileti 30 lu PAKET"},"content":{"rendered":"<p>\n\t<strong>\u00dcr\u00fcn \u00d6zellikleri : <\/strong><\/p>\n<p>\t<strong>Materyal : Paslanmaz \u00c7EL\u0130K\u00a0<\/strong><\/p>\n<p>\t<strong>Adet\u00a0 :30\u00a0<\/strong>Adet\u00a0<\/p>\n<p>\t<brg\u00fcnl\u00fck a=\"\" abilirsiniz.=\"\" aileniz=\"\" ayak=\"\" br=\"\" da=\"\" lamaya=\"\" miktarda=\"\" olarak=\"\" ve=\"\" yedek=\"\" yetecek=\"\" zla=\"\">Dayan\u0131kl\u0131, paslanmaz ve uzun \u00f6m\u00fcrl\u00fc, kolay k\u0131r\u0131lmayan,paslanmayan kaliteli paslanmaz \u00e7elikten yap\u0131lm\u0131\u015ft\u0131r, kullan\u0131ld\u0131\u011f\u0131nda uzun s\u00fcre hizmet verebilir.<br \/>\n\tRaspa aparatlar\u0131n\u0131n yedek b\u0131\u00e7aklar\u0131d\u0131r . Kendiniz de\u011fi\u015ftirebilirsiniz, n as\u0131rlar\u0131 etkili bir \u015fekilde kald\u0131rabilir ve cildinizi daha p\u00fcr\u00fczs\u00fcz hale getirebilirsiniz<\/brg\u00fcnl\u00fck><\/p>\n<p>\n\t<strong>M\u00dcKEMMEL SATI\u015e SONRASI H\u0130ZMET : <\/strong>HSNET \/ HSNET olarak m\u00fc\u015fterilerimize en iyi hizmeti sunmay\u0131 ama\u00e7l\u0131yor, g\u00fcvenle sat\u0131n alabilmeniz i\u00e7in, ambalaj kalitemize g\u00fcveniyor, her \u00fcr\u00fcn sorunsuz teslimat i\u00e7in \u00f6zenle paketliyor ve resimde belirtilen renk, ebat, \u00f6zelikte \u00fcr\u00fcn g\u00f6ndermeyi taahh\u00fct ediyoruz. Hasarl\u0131 \u00fcr\u00fcn ald\u0131ysan\u0131z veya di\u011fer \u00fcr\u00fcn ve paket teslimat sorunlar\u0131 oldu\u011funda bizimle ileti\u015fime ge\u00e7mekten \u00e7ekinmeyin.<\/p>\n<p>\n","protected":false},"excerpt":{"rendered":"<p>\u00dcr\u00fcn \u00d6zellikleri : Materyal : Paslanmaz \u00c7EL\u0130K\u00a0 Adet\u00a0 :30\u00a0Adet\u00a0 Dayan\u0131kl\u0131, paslanmaz ve uzun \u00f6m\u00fcrl\u00fc, kolay k\u0131r\u0131lmayan,paslanmayan kaliteli paslanmaz \u00e7elikten yap\u0131lm\u0131\u015ft\u0131r, kullan\u0131ld\u0131\u011f\u0131nda uzun s\u00fcre hizmet verebilir. Raspa aparatlar\u0131n\u0131n yedek b\u0131\u00e7aklar\u0131d\u0131r . Kendiniz de\u011fi\u015ftirebilirsiniz, n as\u0131rlar\u0131 etkili bir \u015fekilde kald\u0131rabilir ve cildinizi daha p\u00fcr\u00fczs\u00fcz hale getirebilirsiniz M\u00dcKEMMEL SATI\u015e SONRASI H\u0130ZMET : HSNET \/ HSNET olarak m\u00fc\u015fterilerimize en&#8230;<\/p>\n","protected":false},"featured_media":102283,"comment_status":"open","ping_status":"closed","template":"","meta":{"_kad_post_transparent":"","_kad_post_title":"","_kad_post_layout":"","_kad_post_sidebar_id":"","_kad_post_content_style":"","_kad_post_vertical_padding":"","_kad_post_feature":"","_kad_post_feature_position":"","_kad_post_header":false,"_kad_post_footer":false,"_kad_post_classname":""},"product_brand":[],"product_cat":[7853],"product_tag":[],"class_list":{"0":"post-102284","1":"product","2":"type-product","3":"status-publish","4":"has-post-thumbnail","6":"product_cat-ayak-tirnak-ve-bakim-malzemeleri-kisisel-bakim-aletleri-elektronik-ayak-tirnak-ve-bakim-malzemeleri","8":"first","9":"instock","10":"purchasable","11":"product-type-simple","12":"entry","13":"content-bg","14":"loop-entry"},"_links":{"self":[{"href":"https:\/\/www.hediyepazar.com\/index.php?rest_route=\/wp\/v2\/product\/102284","targetHints":{"allow":["GET"]}}],"collection":[{"href":"https:\/\/www.hediyepazar.com\/index.php?rest_route=\/wp\/v2\/product"}],"about":[{"href":"https:\/\/www.hediyepazar.com\/index.php?rest_route=\/wp\/v2\/types\/product"}],"replies":[{"embeddable":true,"href":"https:\/\/www.hediyepazar.com\/index.php?rest_route=%2Fwp%2Fv2%2Fcomments&post=102284"}],"wp:featuredmedia":[{"embeddable":true,"href":"https:\/\/www.hediyepazar.com\/index.php?rest_route=\/wp\/v2\/media\/102283"}],"wp:attachment":[{"href":"https:\/\/www.hediyepazar.com\/index.php?rest_route=%2Fwp%2Fv2%2Fmedia&parent=102284"}],"wp:term":[{"taxonomy":"product_brand","embeddable":true,"href":"https:\/\/www.hediyepazar.com\/index.php?rest_route=%2Fwp%2Fv2%2Fproduct_brand&post=102284"},{"taxonomy":"product_cat","embeddable":true,"href":"https:\/\/www.hediyepazar.com\/index.php?rest_route=%2Fwp%2Fv2%2Fproduct_cat&post=102284"},{"taxonomy":"product_tag","embeddable":true,"href":"https:\/\/www.hediyepazar.com\/index.php?rest_route=%2Fwp%2Fv2%2Fproduct_tag&post=102284"}],"curies":[{"name":"wp","href":"https:\/\/api.w.org\/{rel}","templated":true}]}}