{"id":102302,"date":"2026-05-04T05:39:28","date_gmt":"2026-05-04T08:39:28","guid":{"rendered":"https:\/\/www.hediyepazar.com\/?product=turk-silikon-lavabo-batarya-mati"},"modified":"2026-05-04T05:39:28","modified_gmt":"2026-05-04T08:39:28","slug":"turk-silikon-lavabo-batarya-mati","status":"publish","type":"product","link":"https:\/\/www.hediyepazar.com\/?product=turk-silikon-lavabo-batarya-mati","title":{"rendered":"Turk Silikon Lavabo Batarya Mat\u0131"},"content":{"rendered":"<p>\n\t<strong>\u00dcr\u00fcn \u00d6zellikleri : <\/strong><\/p>\n<p>\t<strong>Materyal : Silikon\u00a0<\/strong><\/p>\n<p>\t<strong>Adet \/ Renk \/ Tasar\u0131m : <\/strong> 1 Adet, HSNET\u00a0 olarak tasarlad\u0131\u011f\u0131m\u0131z, resimde yer alan GR\u0130 rengi, s\u00fcrpriz ya\u015famaman\u0131z i\u00e7in birebir g\u00f6nderiyoruz<\/p>\n<p>\t<strong>\u00d6l\u00e7\u00fcler : 36 X 13 CM\u00a0<\/strong><\/p>\n<p>\n\tSu tutucu, silikon, esnek malzemeden yap\u0131lm\u0131\u015ft\u0131r.<\/p>\n<p>\tMutfak ve banyo musluk tabanlar\u0131na kolayca uygulanabilen \u00f6zel bir tasar\u0131ma sahiptir.<\/p>\n<p>\tTezgahlar\u0131 temiz ve kuru tutmak i\u00e7in idealdir.<\/p>\n<p>\tDaha iyi koruma sa\u011flayabilen su giderine sahiptir.<\/p>\n<p>\tSadece musluk kurutma mat\u0131 olarak de\u011fil, di\u015f f\u0131r\u00e7an\u0131z\u0131, barda\u011f\u0131n\u0131z\u0131, el sabununuzu ve bula\u015f\u0131k sabununuzu koyabilece\u011finiz tasar\u0131mda \u00fcretilmi\u015ftir.<\/p>\n<p>\tS\u00fcngerler, bardak, bula\u015f\u0131k gibi malzemeleri kurutmak amac\u0131yla musluk mat\u0131 kullan\u0131labilir.<\/p>\n<p>\n\t<strong>M\u00dcKEMMEL SATI\u015e SONRASI H\u0130ZMET : <\/strong>HSNET \/ HSNET olarak m\u00fc\u015fterilerimize en iyi hizmeti sunmay\u0131 ama\u00e7l\u0131yor, g\u00fcvenle sat\u0131n alabilmeniz i\u00e7in, ambalaj kalitemize g\u00fcveniyor, her \u00fcr\u00fcn sorunsuz teslimat i\u00e7in \u00f6zenle paketliyor ve resimde belirtilen renk, ebat, \u00f6zelikte \u00fcr\u00fcn g\u00f6ndermeyi taahh\u00fct ediyoruz. Hasarl\u0131 \u00fcr\u00fcn ald\u0131ysan\u0131z veya di\u011fer \u00fcr\u00fcn ve paket teslimat sorunlar\u0131 oldu\u011funda bizimle ileti\u015fime ge\u00e7mekten \u00e7ekinmeyin.<\/p>\n<p>\n\t<strong>Detayl\u0131 bilgi i\u00e7in ek resimleri inceleyebilirsiniz<\/strong><\/p>\n<p><\/p>\n<p>\n\t<strong><img decoding=\"async\"  src=\"https:\/\/hepsicdn.com.tr\/static\/product_detail\/hbneta9515d8a_4789701.jpg\"><\/strong><\/p>\n<p>\n\t\u00a0<\/p>\n","protected":false},"excerpt":{"rendered":"<p>\u00dcr\u00fcn \u00d6zellikleri : Materyal : Silikon\u00a0 Adet \/ Renk \/ Tasar\u0131m : 1 Adet, HSNET\u00a0 olarak tasarlad\u0131\u011f\u0131m\u0131z, resimde yer alan GR\u0130 rengi, s\u00fcrpriz ya\u015famaman\u0131z i\u00e7in birebir g\u00f6nderiyoruz \u00d6l\u00e7\u00fcler : 36 X 13 CM\u00a0 Su tutucu, silikon, esnek malzemeden yap\u0131lm\u0131\u015ft\u0131r. Mutfak ve banyo musluk tabanlar\u0131na kolayca uygulanabilen \u00f6zel bir tasar\u0131ma sahiptir. Tezgahlar\u0131 temiz ve kuru tutmak&#8230;<\/p>\n","protected":false},"featured_media":0,"comment_status":"open","ping_status":"closed","template":"","meta":{"_kad_post_transparent":"","_kad_post_title":"","_kad_post_layout":"","_kad_post_sidebar_id":"","_kad_post_content_style":"","_kad_post_vertical_padding":"","_kad_post_feature":"","_kad_post_feature_position":"","_kad_post_header":false,"_kad_post_footer":false,"_kad_post_classname":""},"product_brand":[],"product_cat":[14282],"product_tag":[],"class_list":{"0":"post-102302","1":"product","2":"type-product","3":"status-publish","5":"product_cat-pratik-mutfak-gerecleri-yemek-hazirlik-sofra-mutfak-ev-yasam-pratik-mutfak-gerecleri","7":"first","8":"instock","9":"purchasable","10":"product-type-simple","11":"entry","12":"content-bg","13":"loop-entry"},"_links":{"self":[{"href":"https:\/\/www.hediyepazar.com\/index.php?rest_route=\/wp\/v2\/product\/102302","targetHints":{"allow":["GET"]}}],"collection":[{"href":"https:\/\/www.hediyepazar.com\/index.php?rest_route=\/wp\/v2\/product"}],"about":[{"href":"https:\/\/www.hediyepazar.com\/index.php?rest_route=\/wp\/v2\/types\/product"}],"replies":[{"embeddable":true,"href":"https:\/\/www.hediyepazar.com\/index.php?rest_route=%2Fwp%2Fv2%2Fcomments&post=102302"}],"wp:attachment":[{"href":"https:\/\/www.hediyepazar.com\/index.php?rest_route=%2Fwp%2Fv2%2Fmedia&parent=102302"}],"wp:term":[{"taxonomy":"product_brand","embeddable":true,"href":"https:\/\/www.hediyepazar.com\/index.php?rest_route=%2Fwp%2Fv2%2Fproduct_brand&post=102302"},{"taxonomy":"product_cat","embeddable":true,"href":"https:\/\/www.hediyepazar.com\/index.php?rest_route=%2Fwp%2Fv2%2Fproduct_cat&post=102302"},{"taxonomy":"product_tag","embeddable":true,"href":"https:\/\/www.hediyepazar.com\/index.php?rest_route=%2Fwp%2Fv2%2Fproduct_tag&post=102302"}],"curies":[{"name":"wp","href":"https:\/\/api.w.org\/{rel}","templated":true}]}}