{"id":102319,"date":"2026-05-04T05:50:00","date_gmt":"2026-05-04T08:50:00","guid":{"rendered":"https:\/\/www.hediyepazar.com\/?product=turk-egimli-tirnak-makasi-2-li-set-solingen-profesyonel"},"modified":"2026-05-04T05:50:00","modified_gmt":"2026-05-04T08:50:00","slug":"turk-egimli-tirnak-makasi-2-li-set-solingen-profesyonel","status":"publish","type":"product","link":"https:\/\/www.hediyepazar.com\/?product=turk-egimli-tirnak-makasi-2-li-set-solingen-profesyonel","title":{"rendered":"Turk E\u011fimli T\u0131rnak Makas\u0131 2 li Set Solingen Profesyonel"},"content":{"rendered":"<p><\/p>\n<p>\t<strong>\u00dcr\u00fcn \u00d6zellikleri : <\/strong><\/p>\n<p>\t<strong>Materyal : <\/strong>Paslanmaz \u00c7elik<\/p>\n<p>\t<strong>Adet \/ Renk \/ Tasar\u0131m : <\/strong> 2 Adet, Turk Solingen Professional olarak tasarlad\u0131\u011f\u0131m\u0131z, resimde yer alan rengi, s\u00fcrpriz ya\u015famaman\u0131z i\u00e7in birebir g\u00f6nderiyoruz<\/p>\n<p>\t<strong>\u00d6l\u00e7\u00fcler : <\/strong>6 x 1.2 x 1 cm<\/p>\n<p>\tSa\u011flam Malzeme: A\u00e7\u0131l\u0131 t\u0131rnak makas\u0131 kaliteli paslanmaz malzemeden yap\u0131lm\u0131\u015ft\u0131r, sa\u011flam ve k\u0131r\u0131lmas\u0131 zor, deforme olmas\u0131 veya paslanmas\u0131 zor, g\u00fcvenilir ve tekrar kullan\u0131labilir, sivri ve kavisli k\u0131sm\u0131 ile kal\u0131n t\u0131rnaklar\u0131n\u0131z\u0131 kesmesi kolayd\u0131r<\/p>\n<p>\tTemiz ve D\u00fczenli: D\u0131\u015far\u0131 \u00e7\u0131kt\u0131\u011f\u0131n\u0131zda veya baz\u0131 arkada\u015flar\u0131n\u0131z evinizi ziyaret etti\u011finde, bat\u0131k t\u0131rnak makas\u0131na ihtiya\u00e7 duyulur. Bat\u0131k, \u015eeytan t\u0131rna\u011f\u0131 vb ayn\u0131 zamanda kenar etlerini temizlemek i\u00e7inde idealdir.<\/p>\n<p>\tHafif ve Ta\u015f\u0131nabilir: E\u011fimli t\u0131rnak makas\u0131 hafiftir ve ta\u015f\u0131mas\u0131 ta\u015f\u0131nabilir, uzun s\u00fcre kullan\u0131m i\u00e7in pratiktir, saklama i\u00e7in \u00e7antaya koymas\u0131 kolayd\u0131r, istedi\u011finiz gibi kullanmak i\u00e7in kullan\u0131\u015fl\u0131d\u0131r, bir deliklidir, b\u00f6ylece anahtar zincirlerinize asabilirsiniz<\/p>\n<p>\t<strong>M\u00dcKEMMEL SATI\u015e SONRASI H\u0130ZMET : <\/strong>Turk \/ Turk olarak m\u00fc\u015fterilerimize en iyi hizmeti sunmay\u0131 ama\u00e7l\u0131yor, g\u00fcvenle sat\u0131n alabilmeniz i\u00e7in, ambalaj kalitemize g\u00fcveniyor, her \u00fcr\u00fcn sorunsuz teslimat i\u00e7in \u00f6zenle paketliyor ve resimde belirtilen renk, ebat, \u00f6zelikte \u00fcr\u00fcn g\u00f6ndermeyi taahh\u00fct ediyoruz. Hasarl\u0131 \u00fcr\u00fcn ald\u0131ysan\u0131z veya di\u011fer \u00fcr\u00fcn ve paket teslimat sorunlar\u0131 oldu\u011funda bizimle ileti\u015fime ge\u00e7mekten \u00e7ekinmeyin.<\/p>\n<p>\t<strong>Detayl\u0131 bilgi i\u00e7in ek resimleri inceleyebilirsiniz<\/strong><\/p>\n<p><\/p>\n<p>\t<strong><strong> <\/strong><\/strong><\/p>\n<p>\t\u00a0<\/p>\n","protected":false},"excerpt":{"rendered":"<p>\u00dcr\u00fcn \u00d6zellikleri : Materyal : Paslanmaz \u00c7elik Adet \/ Renk \/ Tasar\u0131m : 2 Adet, Turk Solingen Professional olarak tasarlad\u0131\u011f\u0131m\u0131z, resimde yer alan rengi, s\u00fcrpriz ya\u015famaman\u0131z i\u00e7in birebir g\u00f6nderiyoruz \u00d6l\u00e7\u00fcler : 6 x 1.2 x 1 cm Sa\u011flam Malzeme: A\u00e7\u0131l\u0131 t\u0131rnak makas\u0131 kaliteli paslanmaz malzemeden yap\u0131lm\u0131\u015ft\u0131r, sa\u011flam ve k\u0131r\u0131lmas\u0131 zor, deforme olmas\u0131 veya paslanmas\u0131 zor,&#8230;<\/p>\n","protected":false},"featured_media":102318,"comment_status":"open","ping_status":"closed","template":"","meta":{"_kad_post_transparent":"","_kad_post_title":"","_kad_post_layout":"","_kad_post_sidebar_id":"","_kad_post_content_style":"","_kad_post_vertical_padding":"","_kad_post_feature":"","_kad_post_feature_position":"","_kad_post_header":false,"_kad_post_footer":false,"_kad_post_classname":""},"product_brand":[],"product_cat":[14207],"product_tag":[],"class_list":{"0":"post-102319","1":"product","2":"type-product","3":"status-publish","4":"has-post-thumbnail","6":"product_cat-el-tirnak-bakim-ve-aksesuarlar-kisisel-bakim-aletleri-elektronik-el-tirnak-bakim-ve-aksesuarlar","8":"first","9":"instock","10":"purchasable","11":"product-type-simple","12":"entry","13":"content-bg","14":"loop-entry"},"_links":{"self":[{"href":"https:\/\/www.hediyepazar.com\/index.php?rest_route=\/wp\/v2\/product\/102319","targetHints":{"allow":["GET"]}}],"collection":[{"href":"https:\/\/www.hediyepazar.com\/index.php?rest_route=\/wp\/v2\/product"}],"about":[{"href":"https:\/\/www.hediyepazar.com\/index.php?rest_route=\/wp\/v2\/types\/product"}],"replies":[{"embeddable":true,"href":"https:\/\/www.hediyepazar.com\/index.php?rest_route=%2Fwp%2Fv2%2Fcomments&post=102319"}],"wp:featuredmedia":[{"embeddable":true,"href":"https:\/\/www.hediyepazar.com\/index.php?rest_route=\/wp\/v2\/media\/102318"}],"wp:attachment":[{"href":"https:\/\/www.hediyepazar.com\/index.php?rest_route=%2Fwp%2Fv2%2Fmedia&parent=102319"}],"wp:term":[{"taxonomy":"product_brand","embeddable":true,"href":"https:\/\/www.hediyepazar.com\/index.php?rest_route=%2Fwp%2Fv2%2Fproduct_brand&post=102319"},{"taxonomy":"product_cat","embeddable":true,"href":"https:\/\/www.hediyepazar.com\/index.php?rest_route=%2Fwp%2Fv2%2Fproduct_cat&post=102319"},{"taxonomy":"product_tag","embeddable":true,"href":"https:\/\/www.hediyepazar.com\/index.php?rest_route=%2Fwp%2Fv2%2Fproduct_tag&post=102319"}],"curies":[{"name":"wp","href":"https:\/\/api.w.org\/{rel}","templated":true}]}}