{"id":102335,"date":"2026-05-04T05:54:18","date_gmt":"2026-05-04T08:54:18","guid":{"rendered":"https:\/\/www.hediyepazar.com\/?product=turk-kobalt-manikur-pedikur-tirnak-et-pensi-solingen-profesyonel"},"modified":"2026-05-04T05:54:18","modified_gmt":"2026-05-04T08:54:18","slug":"turk-kobalt-manikur-pedikur-tirnak-et-pensi-solingen-profesyonel","status":"publish","type":"product","link":"https:\/\/www.hediyepazar.com\/?product=turk-kobalt-manikur-pedikur-tirnak-et-pensi-solingen-profesyonel","title":{"rendered":"Turk Kobalt Manik\u00fcr Pedik\u00fcr T\u0131rnak Et Pensi Solingen Profesyonel"},"content":{"rendered":"<p>\n\t<strong>\u00dcr\u00fcn \u00d6zellikleri : <\/strong><\/p>\n<p>\t<strong>RENK : <\/strong> HSNET Solingen Professional serisi olarak tasarlad\u0131\u011f\u0131m\u0131z bu \u00fcr\u00fcn\u00fc Renk\/tasar\u0131m\u0131 birebir g\u00f6re g\u00f6nderiyoruz. S\u00fcrpriz ya\u015famazs\u0131n\u0131z.<\/p>\n<p>\t<strong>MATERYAL : % 100 Kobalt<\/strong><\/p>\n<p>\t<strong>ADET : 1\u00a0<\/strong><\/p>\n<p>\t<strong>\u00d6L\u00c7\u00dcLER : 9,5 x 4.5 cm &#8211; a\u011f\u0131z y\u00fckseklik 9MM\u00a0 geni\u015flik 7\u00a0 MM<\/strong><\/p>\n<p>\n\t<strong>PremiumKobalt : <\/strong>T\u0131rnak Eti Penselerimiz, uzun \u00f6m\u00fcrl\u00fc bir kesme kenar\u0131 sa\u011flamak i\u00e7in %100 Kobalt materyalden yap\u0131lm\u0131\u015ft\u0131r. Kartal a\u011f\u0131z \u015feklindeki keskin b\u0131\u00e7aklar, geli\u015fmi\u015f do\u011frulukla ger\u00e7ekle\u015ftirmek i\u00e7in ince bir \u015fekilde elle e\u011felenmi\u015f ultra incedir. Hem kad\u0131nlar hem de erkekler i\u00e7in t\u0131rnak bak\u0131m setinde mutlaka bulunmas\u0131 gereken bir alet.<\/p>\n<p>\n\t<strong>Profesyonel \u00e7ene b\u0131\u00e7aklar\u0131 : <\/strong>Profesyonel \u00e7eneli manik\u00fcr kesici , t\u0131rnak etlerini kesmek i\u00e7in kolayl\u0131k ve \u00f6l\u00fc deri, t\u0131rnaklar\u0131n veya ayak t\u0131rnaklar\u0131n\u0131n etraf\u0131ndaki en k\u00fc\u00e7\u00fck alanlar\u0131 bile temizlenebilir.<\/p>\n<p>\n\t<strong>Ergonomik Tasar\u0131m <\/strong>: Sap\u0131n ergonomik tasar\u0131m\u0131, tutarken ve keserken size daha fazla kontrol ve kavrama sa\u011flar. \u00dcst\u00fcn kaliteli yay, p\u00fcr\u00fczs\u00fcz, rahat, daha fazla do\u011fruluk ve kolay kesme i\u015flemi sa\u011flar.<\/p>\n<p>\n\t<strong>Temizlemesi Kolay : <\/strong>Kulland\u0131ktan sonra b\u0131\u00e7aklar\u0131 alkolle silmeniz yeterlidir.<\/p>\n<p>\n\t<strong>Sorunsuz T\u0131rnak Bak\u0131m\u0131 :<\/strong> Bu v-k\u00fctik\u00fcl makas\u0131, a\u015f\u0131r\u0131 b\u00fcy\u00fcm\u00fc\u015f t\u0131rnak derisini en k\u00fc\u00e7\u00fck t\u0131rnak etlerini bile kolayl\u0131kla ve ac\u0131 \u00e7ekmeden etkili bir \u015fekilde keser. \u00c7ekmek yok, \u00e7eki\u015ftirmek yok! Kad\u0131nlar\/erkekler i\u00e7in manik\u00fcr ve pedik\u00fcr yapmak i\u00e7in t\u0131rnak bak\u0131m setinde \u00f6nemli bir ara\u00e7.<\/p>\n<p>\n\tKullan\u0131mdan sonra t\u0131rnak makas\u0131 setini d\u00fczenli olarak temizleyin. Gerekti\u011finde paslanmadan sterilize edebilirsiniz. Temizledikten sonra ka\u011f\u0131t havlu ile kurulad\u0131\u011f\u0131n\u0131zdan emin olun.<br \/>\n\tT\u0131rna\u011f\u0131n\u0131za veya bat\u0131k t\u0131rna\u011f\u0131n\u0131za hitap eden g\u00fcvenilir bir manik\u00fcr aleti. Bu manik\u00fcr kesicideki ultra ince, s\u00fcper g\u00fc\u00e7l\u00fc kesme \u00e7eneleri, k\u00fc\u00e7\u00fck \u00f6l\u00fc deri ve t\u0131rnak par\u00e7alar\u0131n\u0131 \u00e7\u0131karmay\u0131 \u00e7ok kolayla\u015ft\u0131r\u0131r.<\/p>\n<p>\n\t<strong>M\u00fckemmel \u00c7ene Boyutu : <\/strong>Profesyonel manik\u00fcr makas\u0131m\u0131z, t\u0131rnaklar\u0131n etraf\u0131ndaki k\u00fc\u00e7\u00fck alanlarda bile, \u00e7ekmeden temiz bir t\u0131rnak etini kesmek i\u00e7in m\u00fckemmel bir tutu\u015f sa\u011flayan tasarlanm\u0131\u015ft\u0131r, tutamaklar sadece ihtiya\u00e7 duyan esnek ve verimli bir Yay Hareketi ile kalibre edilmi\u015ftir. p\u00fcr\u00fczs\u00fcz d\u00fczeltme i\u00e7in en ufak bir bask\u0131, manik\u00fcr ve pedik\u00fcr kullan\u0131mlar\u0131 i\u00e7in harika bir kozmetik ara\u00e7t\u0131r.<\/p>\n<p>\n\t<strong>Ergonomik Sap Tasar\u0131m\u0131\u00a0 <\/strong>Avucunuza rahat\u00e7a s\u0131\u011facak \u015fekilde ergonomik olarak tasarlanm\u0131\u015ft\u0131r, bu da manik\u00fcr d\u00fczelticiyi tutmay\u0131 ve kontrol etmeyi kolayla\u015ft\u0131r\u0131r ve size s\u00fcrekli kullan\u0131m i\u00e7in m\u00fcmk\u00fcn olan en iyi hareket aral\u0131\u011f\u0131n\u0131 sa\u011flar.<\/p>\n<p>\n\t<strong>M\u00dcKEMMEL SATI\u015e SONRASI H\u0130ZMET : <\/strong>HSNET \/ HSNET olarak m\u00fc\u015fterilerimize en iyi hizmeti sunmay\u0131 ama\u00e7l\u0131yor, g\u00fcvenle sat\u0131n alabilmeniz i\u00e7in, ambalaj kalitemize g\u00fcveniyor, her \u00fcr\u00fcn sorunsuz teslimat i\u00e7in \u00f6zenle paketliyor ve resimde belirtilen renk, ebat, \u00f6zelikte \u00fcr\u00fcn g\u00f6ndermeyi taahh\u00fct ediyoruz. Hasarl\u0131 \u00fcr\u00fcn ald\u0131ysan\u0131z veya di\u011fer \u00fcr\u00fcn ve paket teslimat sorunlar\u0131 oldu\u011funda bizimle ileti\u015fime ge\u00e7mekten \u00e7ekinmeyin.<\/p>\n<p>\n\t<strong>Detayl\u0131 bilgi i\u00e7in ek resimleri inceleyebilirsiniz<\/strong><\/p>\n<p><\/p>\n<p>\n\t<strong><img decoding=\"async\"  src=\"https:\/\/hepsicdn.com.tr\/static\/product_detail\/hbnetfe7c1493_4793801.webp\"><\/strong><\/p>\n<p>\n\t\u00a0<\/p>\n","protected":false},"excerpt":{"rendered":"<p>\u00dcr\u00fcn \u00d6zellikleri : RENK : HSNET Solingen Professional serisi olarak tasarlad\u0131\u011f\u0131m\u0131z bu \u00fcr\u00fcn\u00fc Renk\/tasar\u0131m\u0131 birebir g\u00f6re g\u00f6nderiyoruz. S\u00fcrpriz ya\u015famazs\u0131n\u0131z. MATERYAL : % 100 Kobalt ADET : 1\u00a0 \u00d6L\u00c7\u00dcLER : 9,5 x 4.5 cm &#8211; a\u011f\u0131z y\u00fckseklik 9MM\u00a0 geni\u015flik 7\u00a0 MM PremiumKobalt : T\u0131rnak Eti Penselerimiz, uzun \u00f6m\u00fcrl\u00fc bir kesme kenar\u0131 sa\u011flamak i\u00e7in %100 Kobalt materyalden&#8230;<\/p>\n","protected":false},"featured_media":102334,"comment_status":"open","ping_status":"closed","template":"","meta":{"_kad_post_transparent":"","_kad_post_title":"","_kad_post_layout":"","_kad_post_sidebar_id":"","_kad_post_content_style":"","_kad_post_vertical_padding":"","_kad_post_feature":"","_kad_post_feature_position":"","_kad_post_header":false,"_kad_post_footer":false,"_kad_post_classname":""},"product_brand":[],"product_cat":[14207],"product_tag":[],"class_list":{"0":"post-102335","1":"product","2":"type-product","3":"status-publish","4":"has-post-thumbnail","6":"product_cat-el-tirnak-bakim-ve-aksesuarlar-kisisel-bakim-aletleri-elektronik-el-tirnak-bakim-ve-aksesuarlar","8":"first","9":"instock","10":"purchasable","11":"product-type-simple","12":"entry","13":"content-bg","14":"loop-entry"},"_links":{"self":[{"href":"https:\/\/www.hediyepazar.com\/index.php?rest_route=\/wp\/v2\/product\/102335","targetHints":{"allow":["GET"]}}],"collection":[{"href":"https:\/\/www.hediyepazar.com\/index.php?rest_route=\/wp\/v2\/product"}],"about":[{"href":"https:\/\/www.hediyepazar.com\/index.php?rest_route=\/wp\/v2\/types\/product"}],"replies":[{"embeddable":true,"href":"https:\/\/www.hediyepazar.com\/index.php?rest_route=%2Fwp%2Fv2%2Fcomments&post=102335"}],"wp:featuredmedia":[{"embeddable":true,"href":"https:\/\/www.hediyepazar.com\/index.php?rest_route=\/wp\/v2\/media\/102334"}],"wp:attachment":[{"href":"https:\/\/www.hediyepazar.com\/index.php?rest_route=%2Fwp%2Fv2%2Fmedia&parent=102335"}],"wp:term":[{"taxonomy":"product_brand","embeddable":true,"href":"https:\/\/www.hediyepazar.com\/index.php?rest_route=%2Fwp%2Fv2%2Fproduct_brand&post=102335"},{"taxonomy":"product_cat","embeddable":true,"href":"https:\/\/www.hediyepazar.com\/index.php?rest_route=%2Fwp%2Fv2%2Fproduct_cat&post=102335"},{"taxonomy":"product_tag","embeddable":true,"href":"https:\/\/www.hediyepazar.com\/index.php?rest_route=%2Fwp%2Fv2%2Fproduct_tag&post=102335"}],"curies":[{"name":"wp","href":"https:\/\/api.w.org\/{rel}","templated":true}]}}