{"id":102339,"date":"2026-05-04T05:57:19","date_gmt":"2026-05-04T08:57:19","guid":{"rendered":"https:\/\/www.hediyepazar.com\/?product=turk-ense-sac-kil-fircasi-absolute-design"},"modified":"2026-05-04T05:57:19","modified_gmt":"2026-05-04T08:57:19","slug":"turk-ense-sac-kil-fircasi-absolute-design","status":"publish","type":"product","link":"https:\/\/www.hediyepazar.com\/?product=turk-ense-sac-kil-fircasi-absolute-design","title":{"rendered":"Turk Ense Sa\u00e7 K\u0131l F\u0131r\u00e7as\u0131 Absolute Design"},"content":{"rendered":"<p>\n\t<strong>\u00dcr\u00fcn \u00d6zellikleri : <\/strong><\/p>\n<p>\t<strong>Materyal : Karbon Plastik<\/strong><\/p>\n<p>\t<strong>Adet \/ Renk \/ Tasar\u0131m : <\/strong> 1 Adet, HSNET Absolute Design olarak tasarlad\u0131\u011f\u0131m\u0131z, resimde yer alan rengi, s\u00fcrpriz ya\u015famaman\u0131z i\u00e7in birebir g\u00f6nderiyoruz<\/p>\n<p>\t<strong>\u00d6l\u00e7\u00fcler : 14.5 X 5 CM &#8211; 7 CM KIL UZUNLU\u011eU<\/strong><\/p>\n<p>\n\t<b>\u00dcST\u00dcN KAL\u0130TE :M<\/b>\u00fckemmel tutu\u015f dokunu\u015fu sunan, tutmas\u0131 ve \u00e7al\u0131\u015ft\u0131rmas\u0131 kolay, berber f\u0131r\u00e7as\u0131d\u0131r. P\u00fcr\u00fczs\u00fcz y\u00fczey ve kal\u0131nla\u015ft\u0131r\u0131lm\u0131\u015f tutamak malzemesi size rahat bir kullan\u0131m deneyimi suna<\/p>\n<p>\n\t<b>YUMU\u015eAK KILLAR :<\/b>Do\u011fala yak\u0131n k\u0131llar, k\u0131r\u0131k sa\u00e7 ve sakal\u0131 temizlemek i\u00e7in uyguland\u0131\u011f\u0131nda daha rahatt\u0131r. Sa\u00e7 d\u00f6k\u00fclmesi konusunda endi\u015felenmenize gerek yok<\/p>\n<p>\n\t<b>HIZLI TEM\u0130ZL\u0130K :<\/b>Ki\u015fisel veya profesyonel salon, her t\u00fcrl\u00fc sa\u00e7 ve sakal i\u00e7in harika olan su alt\u0131nda kolayca temizlenebilir<\/p>\n<p>\n\t<b>GEN\u0130\u015e KULLANIM ALANI :<\/b>Bu f\u0131r\u00e7a, hem berber hem de ki\u015fisel ev kullan\u0131m\u0131 i\u00e7in uygun bir sakal f\u0131r\u00e7as\u0131 veya sa\u00e7 kesme makinesinin b\u0131\u00e7a\u011f\u0131n\u0131 temizlemek i\u00e7in uygulanabilir.<\/p>\n<p>\n\t<b>TA\u015eIMASI KOLAY<\/b>\u00a0: F\u0131r\u00e7a, \u00e7antan\u0131za kolayca s\u0131\u011fabilecek, yan\u0131n\u0131zda ta\u015f\u0131maya uygun ve kullanman\u0131z gerekti\u011finde kullan\u0131\u015fl\u0131 olacak hafif ve k\u00fc\u00e7\u00fck boyutlu olarak tasarlanm\u0131\u015ft\u0131r.<\/p>\n<p>\n\t\u00a0<\/p>\n<p>\n\t<strong>M\u00dcKEMMEL SATI\u015e SONRASI H\u0130ZMET : <\/strong>HSNET \/ HSNET olarak m\u00fc\u015fterilerimize en iyi hizmeti sunmay\u0131 ama\u00e7l\u0131yor, g\u00fcvenle sat\u0131n alabilmeniz i\u00e7in, ambalaj kalitemize g\u00fcveniyor, her \u00fcr\u00fcn sorunsuz teslimat i\u00e7in \u00f6zenle paketliyor ve resimde belirtilen renk, ebat, \u00f6zelikte \u00fcr\u00fcn g\u00f6ndermeyi taahh\u00fct ediyoruz. Hasarl\u0131 \u00fcr\u00fcn ald\u0131ysan\u0131z veya di\u011fer \u00fcr\u00fcn ve paket teslimat sorunlar\u0131 oldu\u011funda bizimle ileti\u015fime ge\u00e7mekten \u00e7ekinmeyin.<\/p>\n<p>\n\t<strong>Detayl\u0131 bilgi i\u00e7in ek resimleri inceleyebilirsiniz<\/strong><\/p>\n<p><\/p>\n<p>\n\t<strong><img decoding=\"async\"  src=\"https:\/\/hepsicdn.com.tr\/static\/product_detail\/hbnet85c33946_4794201.jpg\"><\/strong><\/p>\n<p>\n\t\u00a0<\/p>\n","protected":false},"excerpt":{"rendered":"<p>\u00dcr\u00fcn \u00d6zellikleri : Materyal : Karbon Plastik Adet \/ Renk \/ Tasar\u0131m : 1 Adet, HSNET Absolute Design olarak tasarlad\u0131\u011f\u0131m\u0131z, resimde yer alan rengi, s\u00fcrpriz ya\u015famaman\u0131z i\u00e7in birebir g\u00f6nderiyoruz \u00d6l\u00e7\u00fcler : 14.5 X 5 CM &#8211; 7 CM KIL UZUNLU\u011eU \u00dcST\u00dcN KAL\u0130TE :M\u00fckemmel tutu\u015f dokunu\u015fu sunan, tutmas\u0131 ve \u00e7al\u0131\u015ft\u0131rmas\u0131 kolay, berber f\u0131r\u00e7as\u0131d\u0131r. P\u00fcr\u00fczs\u00fcz y\u00fczey ve&#8230;<\/p>\n","protected":false},"featured_media":0,"comment_status":"open","ping_status":"closed","template":"","meta":{"_kad_post_transparent":"","_kad_post_title":"","_kad_post_layout":"","_kad_post_sidebar_id":"","_kad_post_content_style":"","_kad_post_vertical_padding":"","_kad_post_feature":"","_kad_post_feature_position":"","_kad_post_header":false,"_kad_post_footer":false,"_kad_post_classname":""},"product_brand":[],"product_cat":[7819],"product_tag":[],"class_list":{"0":"post-102339","1":"product","2":"type-product","3":"status-publish","5":"product_cat-ense-ayna-ve-fircalari-kuafor-urunleri-erkek-kuafor-ense-ayna-ve-fircalari","7":"first","8":"instock","9":"purchasable","10":"product-type-simple","11":"entry","12":"content-bg","13":"loop-entry"},"_links":{"self":[{"href":"https:\/\/www.hediyepazar.com\/index.php?rest_route=\/wp\/v2\/product\/102339","targetHints":{"allow":["GET"]}}],"collection":[{"href":"https:\/\/www.hediyepazar.com\/index.php?rest_route=\/wp\/v2\/product"}],"about":[{"href":"https:\/\/www.hediyepazar.com\/index.php?rest_route=\/wp\/v2\/types\/product"}],"replies":[{"embeddable":true,"href":"https:\/\/www.hediyepazar.com\/index.php?rest_route=%2Fwp%2Fv2%2Fcomments&post=102339"}],"wp:attachment":[{"href":"https:\/\/www.hediyepazar.com\/index.php?rest_route=%2Fwp%2Fv2%2Fmedia&parent=102339"}],"wp:term":[{"taxonomy":"product_brand","embeddable":true,"href":"https:\/\/www.hediyepazar.com\/index.php?rest_route=%2Fwp%2Fv2%2Fproduct_brand&post=102339"},{"taxonomy":"product_cat","embeddable":true,"href":"https:\/\/www.hediyepazar.com\/index.php?rest_route=%2Fwp%2Fv2%2Fproduct_cat&post=102339"},{"taxonomy":"product_tag","embeddable":true,"href":"https:\/\/www.hediyepazar.com\/index.php?rest_route=%2Fwp%2Fv2%2Fproduct_tag&post=102339"}],"curies":[{"name":"wp","href":"https:\/\/api.w.org\/{rel}","templated":true}]}}