{"id":102354,"date":"2026-05-04T06:01:25","date_gmt":"2026-05-04T09:01:25","guid":{"rendered":"https:\/\/www.hediyepazar.com\/?product=turk-sac-yikama-taragi-avucici-3-lu-set-belgiqa-design"},"modified":"2026-05-04T06:01:25","modified_gmt":"2026-05-04T09:01:25","slug":"turk-sac-yikama-taragi-avucici-3-lu-set-belgiqa-design","status":"publish","type":"product","link":"https:\/\/www.hediyepazar.com\/?product=turk-sac-yikama-taragi-avucici-3-lu-set-belgiqa-design","title":{"rendered":"Turk Sa\u00e7 Y\u0131kama Tara\u011f\u0131 Avu\u00e7i\u00e7i 3 L\u00dc SET Belgiqa Design"},"content":{"rendered":"<p>\n\t<strong>\u00dcr\u00fcn \u00d6zellikleri : <\/strong><\/p>\n<p>\t<strong>Materyal : Esnek Plastik<\/strong><\/p>\n<p>\t<strong>Adet \/ Renk \/ Tasar\u0131m : 3\u00a0<\/strong>Adet, HSNET Belgiqa Design olarak tasarlad\u0131\u011f\u0131m\u0131z, resimde yer alan KIRMIZI-MAV\u0130 VE S\u0130YAH\u00a0renk kombinasyonunu, s\u00fcrpriz ya\u015famaman\u0131z i\u00e7in birebir g\u00f6nderiyoruz<\/p>\n<p>\t<strong>\u00d6l\u00e7\u00fcler :\u00a0<\/strong>9,3 x 6,3 cm<\/p>\n<p>\n\tSa\u00e7lar\u0131n\u0131z\u0131 masaj yaparak ve kolay y\u0131kamak i\u00e7in tasarlanm\u0131\u015ft\u0131r.<\/p>\n<p>\n\tBanyo sonras\u0131nda da kolay tarama i\u00e7in formule edilmi\u015ftir.<br \/>\n\tKan dola\u015f\u0131m\u0131n\u0131 h\u0131zland\u0131rmaya, sa\u00e7 derisinin ve sa\u00e7\u0131n canl\u0131l\u0131\u011f\u0131n\u0131 art\u0131rmaya yard\u0131mc\u0131 olur.<\/p>\n<p>\n\tEle ge\u00e7irilerek, ergonomik olarak kullan\u0131l\u0131r.<\/p>\n<p>\n\t<strong>T\u00dcM SA\u00c7 T\u0130PLER\u0130 \u0130\u00c7\u0130N UYGUN:<\/strong> Kuru veya \u0131slak, seyrek veya \u00e7ok yo\u011fun SA\u00c7LARDA g\u00fcnl\u00fck kullan\u0131m i\u00e7indir.<\/p>\n<p>\n\tTa\u015f\u0131nabilir Tarak, sa\u00e7a ve deriye zarar vermeden kesikleri ve kepekleri giderir, Sap tasar\u0131m\u0131 m\u00fckemmeldir ve tutmas\u0131 kolayd\u0131r.<br \/>\n\tCep sa\u00e7 f\u0131r\u00e7as\u0131: \u00fc\u00e7 parmakl\u0131 plastik katlan\u0131r avu\u00e7 i\u00e7i halkas\u0131, kolay \u015fekillendirme i\u00e7in elinizde kayd\u0131r\u0131n; Yuvarlak u\u00e7lu k\u0131llarla sa\u00e7lar\u0131n\u0131z\u0131 tararken masaj yapar.<\/p>\n<p>\t<strong>Tutmas\u0131 kolay: A<\/strong>vu\u00e7 i\u00e7i \u015fampuan f\u0131r\u00e7as\u0131 d\u00fcz bir \u015fekle ve hafifli\u011fe sahiptir, \u00e7antan\u0131za kolayca s\u0131\u011fabilir, b\u00fcy\u00fck bir parmak halkas\u0131 kavrama kolayl\u0131\u011f\u0131 sa\u011flar<\/p>\n<p>\n\t<strong>Ta\u015f\u0131nabilir tasar\u0131m: <\/strong>Cep f\u0131r\u00e7as\u0131n\u0131n ta\u015f\u0131nmas\u0131 kolayd\u0131r ve size y\u00fck olmaz, ev, ofis ve \u00f6zellikle seyahat veya vitrin al\u0131\u015fveri\u015fi i\u00e7in pratik bir ara\u00e7t\u0131r<\/p>\n<p>\n\t<strong>Geni\u015f kullan\u0131m: <\/strong>Avu\u00e7 i\u00e7i tara\u011f\u0131n\u0131 \u015fampuan tara\u011f\u0131, masajl\u0131 sa\u00e7 f\u0131r\u00e7as\u0131 tara\u011f\u0131 veya \u00e7anta tara\u011f\u0131 vb. olarak kullanabilirsiniz; Tarak, k\u0131sa ve k\u0131v\u0131rc\u0131k sa\u00e7lar dahil \u00e7o\u011fu sa\u00e7 modeli i\u00e7in uygundur,\u00a0<\/p>\n<p>\n\t<strong>M\u00dcKEMMEL SATI\u015e SONRASI H\u0130ZMET : <\/strong>HSNET \/ HSNET olarak m\u00fc\u015fterilerimize en iyi hizmeti sunmay\u0131 ama\u00e7l\u0131yor, g\u00fcvenle sat\u0131n alabilmeniz i\u00e7in, ambalaj kalitemize g\u00fcveniyor, her \u00fcr\u00fcn sorunsuz teslimat i\u00e7in \u00f6zenle paketliyor ve resimde belirtilen renk, ebat, \u00f6zelikte \u00fcr\u00fcn g\u00f6ndermeyi taahh\u00fct ediyoruz. Hasarl\u0131 \u00fcr\u00fcn ald\u0131ysan\u0131z veya di\u011fer \u00fcr\u00fcn ve paket teslimat sorunlar\u0131 oldu\u011funda bizimle ileti\u015fime ge\u00e7mekten \u00e7ekinmeyin.<\/p>\n","protected":false},"excerpt":{"rendered":"<p>\u00dcr\u00fcn \u00d6zellikleri : Materyal : Esnek Plastik Adet \/ Renk \/ Tasar\u0131m : 3\u00a0Adet, HSNET Belgiqa Design olarak tasarlad\u0131\u011f\u0131m\u0131z, resimde yer alan KIRMIZI-MAV\u0130 VE S\u0130YAH\u00a0renk kombinasyonunu, s\u00fcrpriz ya\u015famaman\u0131z i\u00e7in birebir g\u00f6nderiyoruz \u00d6l\u00e7\u00fcler :\u00a09,3 x 6,3 cm Sa\u00e7lar\u0131n\u0131z\u0131 masaj yaparak ve kolay y\u0131kamak i\u00e7in tasarlanm\u0131\u015ft\u0131r. Banyo sonras\u0131nda da kolay tarama i\u00e7in formule edilmi\u015ftir. Kan dola\u015f\u0131m\u0131n\u0131 h\u0131zland\u0131rmaya,&#8230;<\/p>\n","protected":false},"featured_media":0,"comment_status":"open","ping_status":"closed","template":"","meta":{"_kad_post_transparent":"","_kad_post_title":"","_kad_post_layout":"","_kad_post_sidebar_id":"","_kad_post_content_style":"","_kad_post_vertical_padding":"","_kad_post_feature":"","_kad_post_feature_position":"","_kad_post_header":false,"_kad_post_footer":false,"_kad_post_classname":""},"product_brand":[],"product_cat":[14302],"product_tag":[],"class_list":{"0":"post-102354","1":"product","2":"type-product","3":"status-publish","5":"product_cat-sac-fircasi-ve-tarak-sac-bakimi-kozmetik-sac-fircasi-ve-tarak-sac-bakimi-kozmetik","7":"first","8":"instock","9":"purchasable","10":"product-type-simple","11":"entry","12":"content-bg","13":"loop-entry"},"_links":{"self":[{"href":"https:\/\/www.hediyepazar.com\/index.php?rest_route=\/wp\/v2\/product\/102354","targetHints":{"allow":["GET"]}}],"collection":[{"href":"https:\/\/www.hediyepazar.com\/index.php?rest_route=\/wp\/v2\/product"}],"about":[{"href":"https:\/\/www.hediyepazar.com\/index.php?rest_route=\/wp\/v2\/types\/product"}],"replies":[{"embeddable":true,"href":"https:\/\/www.hediyepazar.com\/index.php?rest_route=%2Fwp%2Fv2%2Fcomments&post=102354"}],"wp:attachment":[{"href":"https:\/\/www.hediyepazar.com\/index.php?rest_route=%2Fwp%2Fv2%2Fmedia&parent=102354"}],"wp:term":[{"taxonomy":"product_brand","embeddable":true,"href":"https:\/\/www.hediyepazar.com\/index.php?rest_route=%2Fwp%2Fv2%2Fproduct_brand&post=102354"},{"taxonomy":"product_cat","embeddable":true,"href":"https:\/\/www.hediyepazar.com\/index.php?rest_route=%2Fwp%2Fv2%2Fproduct_cat&post=102354"},{"taxonomy":"product_tag","embeddable":true,"href":"https:\/\/www.hediyepazar.com\/index.php?rest_route=%2Fwp%2Fv2%2Fproduct_tag&post=102354"}],"curies":[{"name":"wp","href":"https:\/\/api.w.org\/{rel}","templated":true}]}}