{"id":102411,"date":"2026-05-04T06:20:03","date_gmt":"2026-05-04T09:20:03","guid":{"rendered":"https:\/\/www.hediyepazar.com\/?product=turk-6-li-seffaf-baharat-kasigi-camino-design"},"modified":"2026-05-04T06:20:03","modified_gmt":"2026-05-04T09:20:03","slug":"turk-6-li-seffaf-baharat-kasigi-camino-design","status":"publish","type":"product","link":"https:\/\/www.hediyepazar.com\/?product=turk-6-li-seffaf-baharat-kasigi-camino-design","title":{"rendered":"Turk 6 l\u0131 \u015eeffaf Baharat Ka\u015f\u0131\u011f\u0131 Camino Design"},"content":{"rendered":"<p>\t<strong>\u00dcr\u00fcn \u00d6zellikleri : <\/strong><\/p>\n<p>\t<strong>Materyal : <\/strong> \u015eeffaf Akrilik Plastik<\/p>\n<p>\t<strong>Adet \/ Renk \/ Tasar\u0131m : <\/strong> 6 Adet, Turk\u00a0<span style=\"color: rgb(1, 15, 38); font-family: Roboto, sans-serif; font-size: 13px;\">Camino\u00a0<\/span>Design olarak tasarlad\u0131\u011f\u0131m\u0131z, resimde yer alan renk kombinasyonunu, s\u00fcrpriz ya\u015famaman\u0131z i\u00e7in birebir g\u00f6nderiyoruz<\/p>\n<p>\t<strong>\u00d6l\u00e7\u00fcler : <\/strong> 9 x 2,5 cm<\/p>\n<p>\t<strong>Yayg\u0131n Olarak Uygulanabilir:<\/strong> Mutfakta, banyoda ve evde yayg\u0131n olarak uygulanabilen pratik ve kullan\u0131\u015fl\u0131 ara\u00e7lard\u0131r; un, banyo tuzu, \u00e7ay, kahve, baharat, tah\u0131l, biber ve daha fazlas\u0131 i\u00e7in uygundur.<\/p>\n<p>\t<strong>G\u00fcvenilir Malzeme: <\/strong>Akrilik plastikten yap\u0131lm\u0131\u015ft\u0131r, g\u00fcvenilir ve tekrar kullan\u0131labilir, sa\u011flam ve g\u00fc\u00e7l\u00fcd\u00fcr, k\u0131r\u0131lmas\u0131 veya b\u00fck\u00fclmesi kolay de\u011fildir, y\u00fczeyi \u00e7apak ve tala\u015f olmadan p\u00fcr\u00fczs\u00fcz bir \u015fekilde temas eder, bu da sizin i\u00e7in tekrar tekrar uzun s\u00fcre kullanman\u0131z i\u00e7in g\u00fcvenlidir.<\/p>\n<p>\t<strong>Yarat\u0131c\u0131 Tasar\u0131m:<\/strong> Elinizde tutman\u0131z i\u00e7in kolay bir kulp ile tasarlanm\u0131\u015ft\u0131r, kep\u00e7e derin kavanozlara, kaplara veya teneke kutulara kolayca s\u0131\u011far, kullan\u0131m\u0131 kolay ve kullan\u0131\u015fl\u0131d\u0131r<\/p>\n<p>\t<strong>M\u00dcKEMMEL SATI\u015e SONRASI H\u0130ZMET : <\/strong>Turk \/ Turk olarak m\u00fc\u015fterilerimize en iyi hizmeti sunmay\u0131 ama\u00e7l\u0131yor, g\u00fcvenle sat\u0131n alabilmeniz i\u00e7in, ambalaj kalitemize g\u00fcveniyor, her \u00fcr\u00fcn sorunsuz teslimat i\u00e7in \u00f6zenle paketliyor ve resimde belirtilen renk, ebat, \u00f6zelikte \u00fcr\u00fcn g\u00f6ndermeyi taahh\u00fct ediyoruz. Hasarl\u0131 \u00fcr\u00fcn ald\u0131ysan\u0131z veya di\u011fer \u00fcr\u00fcn ve paket teslimat sorunlar\u0131 oldu\u011funda bizimle ileti\u015fime ge\u00e7mekten \u00e7ekinmeyin.\u00a0<\/p>\n<p>\t\u00a0<\/p>\n","protected":false},"excerpt":{"rendered":"<p>\u00dcr\u00fcn \u00d6zellikleri : Materyal : \u015eeffaf Akrilik Plastik Adet \/ Renk \/ Tasar\u0131m : 6 Adet, Turk\u00a0Camino\u00a0Design olarak tasarlad\u0131\u011f\u0131m\u0131z, resimde yer alan renk kombinasyonunu, s\u00fcrpriz ya\u015famaman\u0131z i\u00e7in birebir g\u00f6nderiyoruz \u00d6l\u00e7\u00fcler : 9 x 2,5 cm Yayg\u0131n Olarak Uygulanabilir: Mutfakta, banyoda ve evde yayg\u0131n olarak uygulanabilen pratik ve kullan\u0131\u015fl\u0131 ara\u00e7lard\u0131r; un, banyo tuzu, \u00e7ay, kahve, baharat,&#8230;<\/p>\n","protected":false},"featured_media":102410,"comment_status":"open","ping_status":"closed","template":"","meta":{"_kad_post_transparent":"","_kad_post_title":"","_kad_post_layout":"","_kad_post_sidebar_id":"","_kad_post_content_style":"","_kad_post_vertical_padding":"","_kad_post_feature":"","_kad_post_feature_position":"","_kad_post_header":false,"_kad_post_footer":false,"_kad_post_classname":""},"product_brand":[],"product_cat":[7826],"product_tag":[],"class_list":{"0":"post-102411","1":"product","2":"type-product","3":"status-publish","4":"has-post-thumbnail","6":"product_cat-endustriyel-mutfak-ekipmanlari-sofra-sofra-mutfak-ev-yasam-endustriyel-mutfak-ekipmanlari","8":"first","9":"instock","10":"purchasable","11":"product-type-simple","12":"entry","13":"content-bg","14":"loop-entry"},"_links":{"self":[{"href":"https:\/\/www.hediyepazar.com\/index.php?rest_route=\/wp\/v2\/product\/102411","targetHints":{"allow":["GET"]}}],"collection":[{"href":"https:\/\/www.hediyepazar.com\/index.php?rest_route=\/wp\/v2\/product"}],"about":[{"href":"https:\/\/www.hediyepazar.com\/index.php?rest_route=\/wp\/v2\/types\/product"}],"replies":[{"embeddable":true,"href":"https:\/\/www.hediyepazar.com\/index.php?rest_route=%2Fwp%2Fv2%2Fcomments&post=102411"}],"wp:featuredmedia":[{"embeddable":true,"href":"https:\/\/www.hediyepazar.com\/index.php?rest_route=\/wp\/v2\/media\/102410"}],"wp:attachment":[{"href":"https:\/\/www.hediyepazar.com\/index.php?rest_route=%2Fwp%2Fv2%2Fmedia&parent=102411"}],"wp:term":[{"taxonomy":"product_brand","embeddable":true,"href":"https:\/\/www.hediyepazar.com\/index.php?rest_route=%2Fwp%2Fv2%2Fproduct_brand&post=102411"},{"taxonomy":"product_cat","embeddable":true,"href":"https:\/\/www.hediyepazar.com\/index.php?rest_route=%2Fwp%2Fv2%2Fproduct_cat&post=102411"},{"taxonomy":"product_tag","embeddable":true,"href":"https:\/\/www.hediyepazar.com\/index.php?rest_route=%2Fwp%2Fv2%2Fproduct_tag&post=102411"}],"curies":[{"name":"wp","href":"https:\/\/api.w.org\/{rel}","templated":true}]}}