{"id":102435,"date":"2026-05-04T06:27:58","date_gmt":"2026-05-04T09:27:58","guid":{"rendered":"https:\/\/www.hediyepazar.com\/?product=turk-iglesias-kutulu-el-yapimi-tiras-fircasi"},"modified":"2026-05-04T06:27:58","modified_gmt":"2026-05-04T09:27:58","slug":"turk-iglesias-kutulu-el-yapimi-tiras-fircasi","status":"publish","type":"product","link":"https:\/\/www.hediyepazar.com\/?product=turk-iglesias-kutulu-el-yapimi-tiras-fircasi","title":{"rendered":"Turk Iglesias Kutulu El Yap\u0131m\u0131 T\u0131ra\u015f F\u0131r\u00e7as\u0131"},"content":{"rendered":"<p>\n\t<strong>\u00dcr\u00fcn \u00d6zellikleri : <\/strong><\/p>\n<p>\t<strong>Materyal : Ah\u015fap Sap + Do\u011fa\u015f K\u0131llar\u00a0<\/strong><\/p>\n<p>\t<strong>Adet \/ Renk \/ Tasar\u0131m : <\/strong> 1 Adet, HSNET Nano Absolute Design olarak tasarlad\u0131\u011f\u0131m\u0131z, resimde yer alan modeli , s\u00fcrpriz ya\u015famaman\u0131z i\u00e7in birebir g\u00f6nderiyoruz<\/p>\n<p>\t<strong>\u00d6l\u00e7\u00fcler : <\/strong>Toplam Uzunluk 5&#215;14 Cm , F\u0131r\u00e7a Uzunlu\u011fu 7 Cm<\/p>\n<p>\n\t<font color=\"#ff0000\"><b>\u00a0<\/b><\/font>\u00fcy\u00fck boyu m\u00fckemmel su ve k\u00f6p\u00fck tutma kapasitesi sunar. Sap\u0131 sert plastik malzemeden \u00fcretilmi\u015ftir. K\u0131llar\u0131 kopma yapmaz. D\u00fc\u015fmeye dayan\u0131kl\u0131d\u0131r.<\/p>\n<p>\n\t<br \/>\n\tDETAYLI B\u0130LG\u0130 \u0130\u00c7\u0130N EK RES\u0130MLER\u0130 \u0130NCELEYEB\u0130L\u0130RS\u0130N\u0130Z.<\/p>\n<p>\n\t<span br=\"\"><img decoding=\"async\"  src=\"https:\/\/hepsicdn.com.tr\/static\/product_detail\/hbnet748b4b64_4806901.webp\"><\/span><\/p>\n","protected":false},"excerpt":{"rendered":"<p>\u00dcr\u00fcn \u00d6zellikleri : Materyal : Ah\u015fap Sap + Do\u011fa\u015f K\u0131llar\u00a0 Adet \/ Renk \/ Tasar\u0131m : 1 Adet, HSNET Nano Absolute Design olarak tasarlad\u0131\u011f\u0131m\u0131z, resimde yer alan modeli , s\u00fcrpriz ya\u015famaman\u0131z i\u00e7in birebir g\u00f6nderiyoruz \u00d6l\u00e7\u00fcler : Toplam Uzunluk 5&#215;14 Cm , F\u0131r\u00e7a Uzunlu\u011fu 7 Cm \u00a0\u00fcy\u00fck boyu m\u00fckemmel su ve k\u00f6p\u00fck tutma kapasitesi sunar. Sap\u0131&#8230;<\/p>\n","protected":false},"featured_media":102434,"comment_status":"open","ping_status":"closed","template":"","meta":{"_kad_post_transparent":"","_kad_post_title":"","_kad_post_layout":"","_kad_post_sidebar_id":"","_kad_post_content_style":"","_kad_post_vertical_padding":"","_kad_post_feature":"","_kad_post_feature_position":"","_kad_post_header":false,"_kad_post_footer":false,"_kad_post_classname":""},"product_brand":[],"product_cat":[14227],"product_tag":[],"class_list":{"0":"post-102435","1":"product","2":"type-product","3":"status-publish","4":"has-post-thumbnail","6":"product_cat-kuafor-urunleri-erkek-kuafor-kuafor-urunleri","8":"first","9":"instock","10":"purchasable","11":"product-type-simple","12":"entry","13":"content-bg","14":"loop-entry"},"_links":{"self":[{"href":"https:\/\/www.hediyepazar.com\/index.php?rest_route=\/wp\/v2\/product\/102435","targetHints":{"allow":["GET"]}}],"collection":[{"href":"https:\/\/www.hediyepazar.com\/index.php?rest_route=\/wp\/v2\/product"}],"about":[{"href":"https:\/\/www.hediyepazar.com\/index.php?rest_route=\/wp\/v2\/types\/product"}],"replies":[{"embeddable":true,"href":"https:\/\/www.hediyepazar.com\/index.php?rest_route=%2Fwp%2Fv2%2Fcomments&post=102435"}],"wp:featuredmedia":[{"embeddable":true,"href":"https:\/\/www.hediyepazar.com\/index.php?rest_route=\/wp\/v2\/media\/102434"}],"wp:attachment":[{"href":"https:\/\/www.hediyepazar.com\/index.php?rest_route=%2Fwp%2Fv2%2Fmedia&parent=102435"}],"wp:term":[{"taxonomy":"product_brand","embeddable":true,"href":"https:\/\/www.hediyepazar.com\/index.php?rest_route=%2Fwp%2Fv2%2Fproduct_brand&post=102435"},{"taxonomy":"product_cat","embeddable":true,"href":"https:\/\/www.hediyepazar.com\/index.php?rest_route=%2Fwp%2Fv2%2Fproduct_cat&post=102435"},{"taxonomy":"product_tag","embeddable":true,"href":"https:\/\/www.hediyepazar.com\/index.php?rest_route=%2Fwp%2Fv2%2Fproduct_tag&post=102435"}],"curies":[{"name":"wp","href":"https:\/\/api.w.org\/{rel}","templated":true}]}}