{"id":102436,"date":"2026-05-04T06:28:24","date_gmt":"2026-05-04T09:28:24","guid":{"rendered":"https:\/\/www.hediyepazar.com\/?product=turk-prograde-pistonlu-14x-lavabo-gider-acici-pompa"},"modified":"2026-05-04T06:28:24","modified_gmt":"2026-05-04T09:28:24","slug":"turk-prograde-pistonlu-14x-lavabo-gider-acici-pompa","status":"publish","type":"product","link":"https:\/\/www.hediyepazar.com\/?product=turk-prograde-pistonlu-14x-lavabo-gider-acici-pompa","title":{"rendered":"Turk ProGrade Pistonlu 14X Lavabo Gider A\u00e7\u0131c\u0131 Pompa"},"content":{"rendered":"<p>\t<strong>\u00dcr\u00fcn \u00d6zellikleri :\u00a0<\/strong><\/p>\n<p>\t<strong>Renk : <\/strong>Resimdeki ORANGE Renk-Desen Kombinasyonu birebir g\u00f6nderilir ve s\u00fcrpriz ya\u015famazs\u0131n\u0131z.\u00a0\u00a0<\/p>\n<p>\t<strong>Materyal : ABS Sa\u011flamla\u015ft\u0131r\u0131lm\u0131\u015f Plastik tutma sap\u0131 + Kau\u00e7uk-silikon pompa + \u0130\u00e7 G\u00fc\u00e7l\u00fc yay deste\u011fi\u00a0<\/strong><\/p>\n<p>\t<strong>\u00d6l\u00e7\u00fcler : 21 cm uzunluk x 12 cm pompa alt \u00e7ap\u0131\u00a0<\/strong>&#8211; Ekran yan\u0131lmalar\u0131na kar\u015f\u0131 l\u00fctfen \u00f6l\u00e7\u00fcleri kar\u015f\u0131la\u015ft\u0131r\u0131n.<\/p>\n<p>\t<strong>\u00d6NE \u00c7IKAN \u00d6ZELL\u0130K : \u00dcstten basmal\u0131 ergonomik kullan\u0131ma ve 14 kat g\u00fc\u00e7l\u00fc hava pompalama \u00f6zeli\u011fine sahiptir.\u00a0<\/strong><\/p>\n<p>\t<strong>G\u00dc\u00c7L\u00dc EM\u0130\u015e G\u00dcC\u00dc \u2013 <\/strong>G\u00fc\u00e7l\u00fc piston sayesinde g\u00fc\u00e7l\u00fc emi\u015f g\u00fcc\u00fc ile t\u0131kan\u0131kl\u0131klar\u0131 ve kiri giderir | G\u00fc\u00e7l\u00fc vantuz sayesinde birka\u00e7 bas\u0131\u015ftan sonra serbest kal\u0131r.<\/p>\n<p>\t<strong>YAVA\u015e VE ENGELL\u0130 KANALLARI TEM\u0130ZL\u0130YOR :<\/strong> Yava\u015f akan du\u015flar ve banyolar yayg\u0131n bir sorundur. Du\u015f tekneniz, lavabonuz doluyken bile giderin \u00fczerine uygulay\u0131n ve birka\u00e7 pompa i\u00e7inde t\u0131kanman\u0131n nedeni ortadan kalkacakt\u0131r.<\/p>\n<p>\t<strong>BLOKAJLARI HIZLI TEM\u0130ZLER &#8211; <\/strong>B\u00fcy\u00fck a\u00e7\u0131kl\u0131\u011f\u0131 t\u0131kanm\u0131\u015f tapan\u0131z\u0131n \u00fczerine yerle\u015ftirin ve 2-3 (TIKANIKLI\u011eA G\u00d6RE) pompalay\u0131n. 10 saniye i\u00e7inde di\u011fer piston t\u00fcrlerinden daha fazlas\u0131n\u0131 temizleyeceksiniz.<\/p>\n<p>\tG\u00fc\u00e7, pompay\u0131, \u00fczerindeyken k\u00f6r\u00fc\u011f\u00fc a\u015fa\u011f\u0131 do\u011fru bast\u0131rman\u0131zdan gelir ve s\u0131k\u0131\u015fan havay\u0131 fi\u015f deli\u011finden a\u015fa\u011f\u0131 itmeye zorlar. Bu, geleneksel bir pistonla ayn\u0131 y\u00f6ntemdir, ancak \u00e7ok daha b\u00fcy\u00fck (8x) hava hacmi a\u015fa\u011f\u0131 do\u011fru bast\u0131r\u0131l\u0131r.<\/p>\n<p>\t<strong>KOLAY TEM\u0130ZLEME :<\/strong> \u0130\u015finiz bitti\u011finde \u00e7ama\u015f\u0131r suyu ile p\u00fcsk\u00fcrt\u00fcn ve musluk\/du\u015f alt\u0131nda y\u0131kay\u0131n.<\/p>\n<p>\t<strong>KOKULARI \u00d6NLER \u2013<\/strong> Banyo veya mutfaktaki t\u0131kan\u0131kl\u0131klar\u0131 ve kokular\u0131 kolayca gidermek i\u00e7in m\u00fckemmeldir.<\/p>\n<p>\tBu benzersiz pompa, t\u0131kan\u0131kl\u0131klar\u0131 gidermek i\u00e7in hava yerine su kullan\u0131r. g\u00fc\u00e7lendirilmi\u015f silikon tasar\u0131m\u0131, tipik bir pistondan 14 kat daha fazla kuvvet i\u00e7in her iti\u015fte g\u00fc\u00e7l\u00fc bir bas\u0131n\u00e7 ve her \u00e7eki\u015fte g\u00fc\u00e7l\u00fc bir vakum olu\u015fturur.<\/p>\n<p>\tGeleneksel pistonlardan farkl\u0131 olarak, lavabo hatlar\u0131n\u0131n U-b\u00fck\u00fcm\u00fc veya at\u0131k hatlar\u0131na derinden s\u0131k\u0131\u015fm\u0131\u015f t\u0131kan\u0131kl\u0131klar\u0131n \u00f6tesindeki birikintileri \u00e7\u0131karmak i\u00e7in t\u00fcm kanalizasyonlara uyan yumu\u015fak, pompa i\u00e7erir.<\/p>\n<p>\tBu pompa kullan\u0131m\u0131 sadece kolay olmakla kalmaz, ayn\u0131 zamanda tekrar tekrar kullan\u0131labilir, bu nedenle uygun maliyetli bir se\u00e7enek sunar. Tesisat\u00e7\u0131y\u0131 aramadan kendin yap \u00e7\u00f6z\u00fcm\u00fcm\u00fcz\u00fc tercih edin ve i\u015fi \u00e7ok daha ucuza halledin.<\/p>\n","protected":false},"excerpt":{"rendered":"<p>\u00dcr\u00fcn \u00d6zellikleri :\u00a0 Renk : Resimdeki ORANGE Renk-Desen Kombinasyonu birebir g\u00f6nderilir ve s\u00fcrpriz ya\u015famazs\u0131n\u0131z.\u00a0\u00a0 Materyal : ABS Sa\u011flamla\u015ft\u0131r\u0131lm\u0131\u015f Plastik tutma sap\u0131 + Kau\u00e7uk-silikon pompa + \u0130\u00e7 G\u00fc\u00e7l\u00fc yay deste\u011fi\u00a0 \u00d6l\u00e7\u00fcler : 21 cm uzunluk x 12 cm pompa alt \u00e7ap\u0131\u00a0&#8211; Ekran yan\u0131lmalar\u0131na kar\u015f\u0131 l\u00fctfen \u00f6l\u00e7\u00fcleri kar\u015f\u0131la\u015ft\u0131r\u0131n. \u00d6NE \u00c7IKAN \u00d6ZELL\u0130K : \u00dcstten basmal\u0131 ergonomik kullan\u0131ma ve&#8230;<\/p>\n","protected":false},"featured_media":0,"comment_status":"open","ping_status":"closed","template":"","meta":{"_kad_post_transparent":"","_kad_post_title":"","_kad_post_layout":"","_kad_post_sidebar_id":"","_kad_post_content_style":"","_kad_post_vertical_padding":"","_kad_post_feature":"","_kad_post_feature_position":"","_kad_post_header":false,"_kad_post_footer":false,"_kad_post_classname":""},"product_brand":[],"product_cat":[14212],"product_tag":[],"class_list":{"0":"post-102436","1":"product","2":"type-product","3":"status-publish","5":"product_cat-lavabo-acici-ve-tikaclar-sofra-sofra-mutfak-ev-yasam-lavabo-acici-ve-tikaclar","7":"first","8":"instock","9":"purchasable","10":"product-type-simple","11":"entry","12":"content-bg","13":"loop-entry"},"_links":{"self":[{"href":"https:\/\/www.hediyepazar.com\/index.php?rest_route=\/wp\/v2\/product\/102436","targetHints":{"allow":["GET"]}}],"collection":[{"href":"https:\/\/www.hediyepazar.com\/index.php?rest_route=\/wp\/v2\/product"}],"about":[{"href":"https:\/\/www.hediyepazar.com\/index.php?rest_route=\/wp\/v2\/types\/product"}],"replies":[{"embeddable":true,"href":"https:\/\/www.hediyepazar.com\/index.php?rest_route=%2Fwp%2Fv2%2Fcomments&post=102436"}],"wp:attachment":[{"href":"https:\/\/www.hediyepazar.com\/index.php?rest_route=%2Fwp%2Fv2%2Fmedia&parent=102436"}],"wp:term":[{"taxonomy":"product_brand","embeddable":true,"href":"https:\/\/www.hediyepazar.com\/index.php?rest_route=%2Fwp%2Fv2%2Fproduct_brand&post=102436"},{"taxonomy":"product_cat","embeddable":true,"href":"https:\/\/www.hediyepazar.com\/index.php?rest_route=%2Fwp%2Fv2%2Fproduct_cat&post=102436"},{"taxonomy":"product_tag","embeddable":true,"href":"https:\/\/www.hediyepazar.com\/index.php?rest_route=%2Fwp%2Fv2%2Fproduct_tag&post=102436"}],"curies":[{"name":"wp","href":"https:\/\/api.w.org\/{rel}","templated":true}]}}