{"id":102455,"date":"2026-05-04T06:37:17","date_gmt":"2026-05-04T09:37:17","guid":{"rendered":"https:\/\/www.hediyepazar.com\/?product=turk-proens-2-boyutlu-derz-kaziyici-ve-temizleyici"},"modified":"2026-05-04T06:37:17","modified_gmt":"2026-05-04T09:37:17","slug":"turk-proens-2-boyutlu-derz-kaziyici-ve-temizleyici","status":"publish","type":"product","link":"https:\/\/www.hediyepazar.com\/?product=turk-proens-2-boyutlu-derz-kaziyici-ve-temizleyici","title":{"rendered":"Turk Proens 2 Boyutlu Derz Kaz\u0131y\u0131c\u0131 ve Temizleyici"},"content":{"rendered":"<p>\n\t<span style=\"color:#ff0000;\"><strong>Spesifikasyonlar : <\/strong><\/span><\/p>\n<p>\n\t<span style=\"color:#ff0000;\"><strong>Materyal : ABS Plastik ana g\u00f6vde, \u00e7elik u\u00e7<\/strong><\/span><\/p>\n<p>\n\t<span style=\"color:#ff0000;\"><strong>\u00d6l\u00e7\u00fcler : Uzunluk 22 cm x 4,6 cm kaz\u0131y\u0131c\u0131 uzunlu\u011fu Ekran yan\u0131lmalar\u0131na kar\u015f\u0131 l\u00fctfen \u00f6l\u00e7\u00fcleri kar\u015f\u0131la\u015ft\u0131r\u0131n. <\/strong><\/span><\/p>\n<p>\n\t<span style=\"color:#ff0000;\"><strong>NOT : Manuel \u00f6l\u00e7\u00fcm nedeniyle MM fark, ekran fark\u0131 nedeniyle, renk tonlar\u0131 %0,5 oran\u0131nda fark olabilir. L\u00fctfen anlay\u0131\u015f g\u00f6sterin<\/strong><\/span><\/p>\n<p>\n\t<span style=\"color:#008000;\"><strong>GEN\u0130\u015e KULLANIM ALANI : Derz aralar\u0131n\u0131 doldurma i\u015flemi \u00f6ncesi testere\/kaz\u0131y\u0131c\u0131 ama\u00e7l\u0131 ve sonras\u0131 temizlik son r\u00f6t\u00fc\u015f ama\u00e7l\u0131 \u00e7ift kullan\u0131m<\/strong><\/span><\/p>\n<p>\n\t<span style=\"color:#008000;\"><strong>\u00d6NE \u00c7IKAN \u00d6ZELL\u0130K : Ergonomik tutu\u015f, \u00e7elik testere\u00a0<\/strong><\/span><\/p>\n<p>\n\t<strong>A\u00c7I TASARIMI: <\/strong>Sap\u0131n a\u00e7\u0131s\u0131 size daha iyi bir tutu\u015f a\u00e7\u0131s\u0131 ve kontrol sa\u011flar, b\u00f6ylece fazla g\u00fc\u00e7 kullanman\u0131za gerek kalmaz. S\u0131y\u0131r\u0131c\u0131 b\u0131\u00e7aklar t\u0131rt\u0131kl\u0131 oldu\u011fundan eski, \u00e7atlam\u0131\u015f ve kabarm\u0131\u015f harc\u0131 y\u00fczeyden temizlemenize yard\u0131mc\u0131 olur.<\/p>\n<p>\n\t<strong>ALET SET\u0130:<\/strong> 2 adet \u00f6n montaj\u0131 yap\u0131lm\u0131\u015f s\u0131y\u0131r\u0131c\u0131 b\u0131\u00e7a\u011f\u0131 \u00fcr\u00fcn i\u00e7erisinde \u00f6n montaj\u0131 yap\u0131lm\u0131\u015f olarak gelir, s\u0131y\u0131r\u0131c\u0131 b\u0131\u00e7aklar\u0131 vidalarla sabitlenir, kolayca de\u011fi\u015ftirilebilir ve i\u015f bitene kadar kullanman\u0131za olanak sa\u011flar.<br \/>\n\t<strong>MALZEME:<\/strong>Yeniden tasarlanm\u0131\u015f dayan\u0131kl\u0131 b\u0131\u00e7aklar\u0131 sayesinde defalarca kullan\u0131labilir. Ayr\u0131ca \u00fcr\u00fcn\u00fcn arka k\u0131sm\u0131nda bulunan yeni nesil f\u0131r\u00e7a sayesinde \u00e7\u0131kar\u0131lan har\u00e7 kolayl\u0131kla temizlenir ve ek bir alete ihtiya\u00e7 duymadan i\u015finiz h\u0131zl\u0131 bir \u015fekilde tamamlan\u0131r.<br \/>\n\t<strong>\u0130Y\u0130 KAL\u0130TE:<\/strong> Eski har\u00e7 kal\u0131nt\u0131lar\u0131n\u0131 f\u0131r\u00e7a ile temizleyin. T\u00fcm bu g\u00f6revleri ger\u00e7ekle\u015ftirirken koruyucu eldiven ve g\u00f6zl\u00fck takman\u0131z \u00f6nerilir. Yeni har\u00e7lar yap\u0131lmadan \u00f6nce y\u00fczey t\u00fcm har\u00e7 kal\u0131nt\u0131lar\u0131ndan ve tozdan ar\u0131nd\u0131r\u0131lmal\u0131d\u0131r.<br \/>\n\tDETAYLI B\u0130LG\u0130 \u0130\u00c7\u0130N EK RES\u0130MLER\u0130 \u0130NCELEYEB\u0130L\u0130RS\u0130N\u0130Z.<br \/>\n\t<img decoding=\"async\"  src=\"https:\/\/hepsicdn.com.tr\/static\/product_detail\/hbnetb18b72c9_4808901.jpg\"><\/p>\n","protected":false},"excerpt":{"rendered":"<p>Spesifikasyonlar : Materyal : ABS Plastik ana g\u00f6vde, \u00e7elik u\u00e7 \u00d6l\u00e7\u00fcler : Uzunluk 22 cm x 4,6 cm kaz\u0131y\u0131c\u0131 uzunlu\u011fu Ekran yan\u0131lmalar\u0131na kar\u015f\u0131 l\u00fctfen \u00f6l\u00e7\u00fcleri kar\u015f\u0131la\u015ft\u0131r\u0131n. NOT : Manuel \u00f6l\u00e7\u00fcm nedeniyle MM fark, ekran fark\u0131 nedeniyle, renk tonlar\u0131 %0,5 oran\u0131nda fark olabilir. L\u00fctfen anlay\u0131\u015f g\u00f6sterin GEN\u0130\u015e KULLANIM ALANI : Derz aralar\u0131n\u0131 doldurma i\u015flemi \u00f6ncesi testere\/kaz\u0131y\u0131c\u0131&#8230;<\/p>\n","protected":false},"featured_media":0,"comment_status":"open","ping_status":"closed","template":"","meta":{"_kad_post_transparent":"","_kad_post_title":"","_kad_post_layout":"","_kad_post_sidebar_id":"","_kad_post_content_style":"","_kad_post_vertical_padding":"","_kad_post_feature":"","_kad_post_feature_position":"","_kad_post_header":false,"_kad_post_footer":false,"_kad_post_classname":""},"product_brand":[],"product_cat":[14269],"product_tag":[],"class_list":{"0":"post-102455","1":"product","2":"type-product","3":"status-publish","5":"product_cat-hirdavat-urunleri-yapi-market-bahce-yapi-market-ev-yasam-torpu-ve-ege-setleri","7":"first","8":"instock","9":"purchasable","10":"product-type-simple","11":"entry","12":"content-bg","13":"loop-entry"},"_links":{"self":[{"href":"https:\/\/www.hediyepazar.com\/index.php?rest_route=\/wp\/v2\/product\/102455","targetHints":{"allow":["GET"]}}],"collection":[{"href":"https:\/\/www.hediyepazar.com\/index.php?rest_route=\/wp\/v2\/product"}],"about":[{"href":"https:\/\/www.hediyepazar.com\/index.php?rest_route=\/wp\/v2\/types\/product"}],"replies":[{"embeddable":true,"href":"https:\/\/www.hediyepazar.com\/index.php?rest_route=%2Fwp%2Fv2%2Fcomments&post=102455"}],"wp:attachment":[{"href":"https:\/\/www.hediyepazar.com\/index.php?rest_route=%2Fwp%2Fv2%2Fmedia&parent=102455"}],"wp:term":[{"taxonomy":"product_brand","embeddable":true,"href":"https:\/\/www.hediyepazar.com\/index.php?rest_route=%2Fwp%2Fv2%2Fproduct_brand&post=102455"},{"taxonomy":"product_cat","embeddable":true,"href":"https:\/\/www.hediyepazar.com\/index.php?rest_route=%2Fwp%2Fv2%2Fproduct_cat&post=102455"},{"taxonomy":"product_tag","embeddable":true,"href":"https:\/\/www.hediyepazar.com\/index.php?rest_route=%2Fwp%2Fv2%2Fproduct_tag&post=102455"}],"curies":[{"name":"wp","href":"https:\/\/api.w.org\/{rel}","templated":true}]}}