{"id":102486,"date":"2026-05-04T06:44:58","date_gmt":"2026-05-04T09:44:58","guid":{"rendered":"https:\/\/www.hediyepazar.com\/?product=turk-mutfak-banyo-lavabo-gider-acma-fircasi-2-adet"},"modified":"2026-05-04T06:44:58","modified_gmt":"2026-05-04T09:44:58","slug":"turk-mutfak-banyo-lavabo-gider-acma-fircasi-2-adet","status":"publish","type":"product","link":"https:\/\/www.hediyepazar.com\/?product=turk-mutfak-banyo-lavabo-gider-acma-fircasi-2-adet","title":{"rendered":"Turk Mutfak Banyo Lavabo Gider A\u00e7ma F\u0131r\u00e7as\u0131 2 Adet"},"content":{"rendered":"<p><span style=\"color:#ff0000;\"><strong> Spesifikasyonlar : <br \/> <\/strong><\/span><\/p>\n<p><span style=\"color:#ff0000;\"><strong> Adet : 2  <\/strong><\/span><\/p>\n<p><span style=\"color:#ff0000;\"><strong> \u00d6l\u00e7\u00fcler :  72 cm uzunluk <br \/> <\/strong><\/span><\/p>\n<p>Mutfak, banyo, wc lababolar\u0131nda daha hafif t\u0131kanmalar\u0131 ve h\u0131zl\u0131 \u00e7\u00f6z\u00fcm i\u00e7in tasarlanm\u0131\u015f 72 cm temizleme f\u0131r\u00e7as\u0131d\u0131r.<br \/>\n <br \/>Esnektir, k\u0131vr\u0131labilir.<\/p>\n","protected":false},"excerpt":{"rendered":"<p>Spesifikasyonlar : Adet : 2 \u00d6l\u00e7\u00fcler : 72 cm uzunluk Mutfak, banyo, wc lababolar\u0131nda daha hafif t\u0131kanmalar\u0131 ve h\u0131zl\u0131 \u00e7\u00f6z\u00fcm i\u00e7in tasarlanm\u0131\u015f 72 cm temizleme f\u0131r\u00e7as\u0131d\u0131r. Esnektir, k\u0131vr\u0131labilir.<\/p>\n","protected":false},"featured_media":102485,"comment_status":"open","ping_status":"closed","template":"","meta":{"_kad_post_transparent":"","_kad_post_title":"","_kad_post_layout":"","_kad_post_sidebar_id":"","_kad_post_content_style":"","_kad_post_vertical_padding":"","_kad_post_feature":"","_kad_post_feature_position":"","_kad_post_header":false,"_kad_post_footer":false,"_kad_post_classname":""},"product_brand":[],"product_cat":[14212],"product_tag":[],"class_list":{"0":"post-102486","1":"product","2":"type-product","3":"status-publish","4":"has-post-thumbnail","6":"product_cat-lavabo-acici-ve-tikaclar-sofra-sofra-mutfak-ev-yasam-lavabo-acici-ve-tikaclar","8":"first","9":"instock","10":"purchasable","11":"product-type-simple","12":"entry","13":"content-bg","14":"loop-entry"},"_links":{"self":[{"href":"https:\/\/www.hediyepazar.com\/index.php?rest_route=\/wp\/v2\/product\/102486","targetHints":{"allow":["GET"]}}],"collection":[{"href":"https:\/\/www.hediyepazar.com\/index.php?rest_route=\/wp\/v2\/product"}],"about":[{"href":"https:\/\/www.hediyepazar.com\/index.php?rest_route=\/wp\/v2\/types\/product"}],"replies":[{"embeddable":true,"href":"https:\/\/www.hediyepazar.com\/index.php?rest_route=%2Fwp%2Fv2%2Fcomments&post=102486"}],"wp:featuredmedia":[{"embeddable":true,"href":"https:\/\/www.hediyepazar.com\/index.php?rest_route=\/wp\/v2\/media\/102485"}],"wp:attachment":[{"href":"https:\/\/www.hediyepazar.com\/index.php?rest_route=%2Fwp%2Fv2%2Fmedia&parent=102486"}],"wp:term":[{"taxonomy":"product_brand","embeddable":true,"href":"https:\/\/www.hediyepazar.com\/index.php?rest_route=%2Fwp%2Fv2%2Fproduct_brand&post=102486"},{"taxonomy":"product_cat","embeddable":true,"href":"https:\/\/www.hediyepazar.com\/index.php?rest_route=%2Fwp%2Fv2%2Fproduct_cat&post=102486"},{"taxonomy":"product_tag","embeddable":true,"href":"https:\/\/www.hediyepazar.com\/index.php?rest_route=%2Fwp%2Fv2%2Fproduct_tag&post=102486"}],"curies":[{"name":"wp","href":"https:\/\/api.w.org\/{rel}","templated":true}]}}