{"id":102512,"date":"2026-05-04T06:48:06","date_gmt":"2026-05-04T09:48:06","guid":{"rendered":"https:\/\/www.hediyepazar.com\/?product=turk-cicek-damlama-sulama-sise-aparat-seti-3-sise"},"modified":"2026-05-04T06:48:06","modified_gmt":"2026-05-04T09:48:06","slug":"turk-cicek-damlama-sulama-sise-aparat-seti-3-sise","status":"publish","type":"product","link":"https:\/\/www.hediyepazar.com\/?product=turk-cicek-damlama-sulama-sise-aparat-seti-3-sise","title":{"rendered":"Turk \u00c7i\u00e7ek Damlama Sulama \u015ei\u015fe Aparat Seti 3 \u015ei\u015fe"},"content":{"rendered":"<p>\n\t<strong>\u00dcr\u00fcn \u00d6zellikleri : <\/strong><\/p>\n<p>\t<strong>Materyal : plastik\u00a0<\/strong><\/p>\n<p>\t<strong>Adet \/ Renk \/ Tasar\u0131m : <\/strong> 3 Adet \u015fi\u015fe + 3 adet aparat + 1 ad 100 ml mini p\u00fcsk\u00fcrtme \u015fi\u015fesi\u00a0 , HSNETDesign olarak tasarlad\u0131\u011f\u0131m\u0131z, resimde yer alan kombinasyonu, s\u00fcrpriz ya\u015famaman\u0131z i\u00e7in birebir g\u00f6nderiyoruz<\/p>\n<p>\t<strong>\u00d6l\u00e7\u00fcler : <\/strong><\/p>\n<p>\n\tKendi \u015fi\u015fesi ucuna tak\u0131lan aparat\u0131n damlama h\u0131z\u0131\/\u015fiddeti yan\u0131ndaki vanas\u0131 ile ayarlan\u0131r ve topra\u011fa bat\u0131r\u0131larak \u00e7i\u00e7e\u011fin s\u00fcrekli istedi\u011finiz \u00f6l\u00e7\u00fcde sulanmas\u0131 sa\u011flan\u0131r. Ayn\u0131 zamanda herhangi bir 0,5 lt 1,5 lt gibi pet \u015fi\u015feleri de takabilirsiniz.<\/p>\n<p>\n\t<strong>M\u00dcKEMMEL SATI\u015e SONRASI H\u0130ZMET : <\/strong>HSNET \/ HSNET olarak m\u00fc\u015fterilerimize en iyi hizmeti sunmay\u0131 ama\u00e7l\u0131yor, g\u00fcvenle sat\u0131n alabilmeniz i\u00e7in, ambalaj kalitemize g\u00fcveniyor, her \u00fcr\u00fcn sorunsuz teslimat i\u00e7in \u00f6zenle paketliyor ve resimde belirtilen renk, ebat, \u00f6zelikte \u00fcr\u00fcn g\u00f6ndermeyi taahh\u00fct ediyoruz. Hasarl\u0131 \u00fcr\u00fcn ald\u0131ysan\u0131z veya di\u011fer \u00fcr\u00fcn ve paket teslimat sorunlar\u0131 oldu\u011funda bizimle ileti\u015fime ge\u00e7mekten \u00e7ekinmeyin.<\/p>\n<p>\n\t<strong>Detayl\u0131 bilgi i\u00e7in ek resimleri inceleyebilirsiniz<\/strong><\/p>\n<p><\/p>\n<p>\n\t<strong><img decoding=\"async\"  src=\"https:\/\/hepsicdn.com.tr\/static\/product_detail\/hbnetb07a040f_4814901.jpg\"><\/strong><\/p>\n<p>\n\t\u00a0<\/p>\n","protected":false},"excerpt":{"rendered":"<p>\u00dcr\u00fcn \u00d6zellikleri : Materyal : plastik\u00a0 Adet \/ Renk \/ Tasar\u0131m : 3 Adet \u015fi\u015fe + 3 adet aparat + 1 ad 100 ml mini p\u00fcsk\u00fcrtme \u015fi\u015fesi\u00a0 , HSNETDesign olarak tasarlad\u0131\u011f\u0131m\u0131z, resimde yer alan kombinasyonu, s\u00fcrpriz ya\u015famaman\u0131z i\u00e7in birebir g\u00f6nderiyoruz \u00d6l\u00e7\u00fcler : Kendi \u015fi\u015fesi ucuna tak\u0131lan aparat\u0131n damlama h\u0131z\u0131\/\u015fiddeti yan\u0131ndaki vanas\u0131 ile ayarlan\u0131r ve topra\u011fa&#8230;<\/p>\n","protected":false},"featured_media":102511,"comment_status":"open","ping_status":"closed","template":"","meta":{"_kad_post_transparent":"","_kad_post_title":"","_kad_post_layout":"","_kad_post_sidebar_id":"","_kad_post_content_style":"","_kad_post_vertical_padding":"","_kad_post_feature":"","_kad_post_feature_position":"","_kad_post_header":false,"_kad_post_footer":false,"_kad_post_classname":""},"product_brand":[],"product_cat":[7848],"product_tag":[],"class_list":{"0":"post-102512","1":"product","2":"type-product","3":"status-publish","4":"has-post-thumbnail","6":"product_cat-saksi-cicek-bakimi-bitki-yetistirme-bahce-ev-yasam-saksi","8":"first","9":"instock","10":"purchasable","11":"product-type-simple","12":"entry","13":"content-bg","14":"loop-entry"},"_links":{"self":[{"href":"https:\/\/www.hediyepazar.com\/index.php?rest_route=\/wp\/v2\/product\/102512","targetHints":{"allow":["GET"]}}],"collection":[{"href":"https:\/\/www.hediyepazar.com\/index.php?rest_route=\/wp\/v2\/product"}],"about":[{"href":"https:\/\/www.hediyepazar.com\/index.php?rest_route=\/wp\/v2\/types\/product"}],"replies":[{"embeddable":true,"href":"https:\/\/www.hediyepazar.com\/index.php?rest_route=%2Fwp%2Fv2%2Fcomments&post=102512"}],"wp:featuredmedia":[{"embeddable":true,"href":"https:\/\/www.hediyepazar.com\/index.php?rest_route=\/wp\/v2\/media\/102511"}],"wp:attachment":[{"href":"https:\/\/www.hediyepazar.com\/index.php?rest_route=%2Fwp%2Fv2%2Fmedia&parent=102512"}],"wp:term":[{"taxonomy":"product_brand","embeddable":true,"href":"https:\/\/www.hediyepazar.com\/index.php?rest_route=%2Fwp%2Fv2%2Fproduct_brand&post=102512"},{"taxonomy":"product_cat","embeddable":true,"href":"https:\/\/www.hediyepazar.com\/index.php?rest_route=%2Fwp%2Fv2%2Fproduct_cat&post=102512"},{"taxonomy":"product_tag","embeddable":true,"href":"https:\/\/www.hediyepazar.com\/index.php?rest_route=%2Fwp%2Fv2%2Fproduct_tag&post=102512"}],"curies":[{"name":"wp","href":"https:\/\/api.w.org\/{rel}","templated":true}]}}