{"id":102569,"date":"2026-05-04T06:58:13","date_gmt":"2026-05-04T09:58:13","guid":{"rendered":"https:\/\/www.hediyepazar.com\/?product=turk-atv-motorsiklet-bagaj-filesi-2"},"modified":"2026-05-04T06:58:13","modified_gmt":"2026-05-04T09:58:13","slug":"turk-atv-motorsiklet-bagaj-filesi-2","status":"publish","type":"product","link":"https:\/\/www.hediyepazar.com\/?product=turk-atv-motorsiklet-bagaj-filesi-2","title":{"rendered":"Turk Atv Motorsiklet Bagaj Filesi"},"content":{"rendered":"<p>\n\t<strong><span style=\"color:#ff0000;\">Spesifikasyonlar : 1 Adet S\u0130YAH renk g\u00f6nderilir.<\/span><\/strong><\/p>\n<p>\n\t<span style=\"color:#ff0000;\"><strong>Nerelerde Kullan\u0131r\u0131m ?\u00a0<\/strong><\/span>Motorsikletler VE Atv kask veya sepette ba\u015fka ama\u00e7larla<br \/>\n\tBisikletlerde,yolculukta, ta\u015f\u0131rken vb her alanda<br \/>\n\tOtomobillerde-\u00fcst bagaj,arka bagajda,arka koltukta<\/p>\n<p>\t<span style=\"color:#ff0000;\"><span style=\"color:#ff0000;\"><strong>\u00dcr\u00fcn \u00d6zellikleri :<\/strong><\/span><\/span><strong>\u00a0<\/strong>Kapal\u0131 iken > 40 cm x 55 cm A\u00e7\u0131ld\u0131\u011f\u0131nda 100 cm x 120 cm &#8216;e kadar geni\u015fler<br \/>\n\tElastik yap\u0131s\u0131yla maksimum de\u011fere kadar b\u00fcy\u00fct\u00fclebilir.<br \/>\n\tG\u00fcvenli ve konforlu bir s\u00fcr\u00fc\u015f sa\u011flar.<\/p>\n<p>\t<span style=\"color:#ff0000;\"><span style=\"color:#ff0000;\"><span style=\"color:#ff0000;\"><strong>Nas\u0131l Kullan\u0131r\u0131m ?\u00a0<\/strong><\/span><\/span><\/span>Kancalar\u0131 iyice sabitleyiniz.<br \/>\n\tAksi takdirde kanca yerinden \u00e7\u0131kt\u0131\u011f\u0131nda s\u0131\u00e7rad\u0131\u011f\u0131 yere zarar verebilir<span style=\"color:#ff0000;\"><span style=\"color:#ff0000;\"><span style=\"color:#ff0000;\"> <\/span><\/span><\/span><\/p>\n<p><strong>M\u00dcKEMMEL SATI\u015e SONRASI H\u0130ZMET : <\/strong>Bu \u00fcr\u00fcne daha avantajl\u0131 sahip olabilmeniz i\u00e7in ma\u011fazam\u0131z\u0131 ziyaret ederek, kampanyalar\u0131 inceleyebilirsiniz. HSNET \/ HSNET olarak m\u00fc\u015fterilerimize en iyi hizmeti sunmay\u0131 ama\u00e7l\u0131yor, g\u00fcvenle sat\u0131n alabilmeniz i\u00e7in, ambalaj kalitemize g\u00fcveniyor, her \u00fcr\u00fcn sorunsuz teslimat i\u00e7in \u00f6zenle paketliyor ve resimde belirtilen renk, ebat, \u00f6zelikte \u00fcr\u00fcn g\u00f6ndermeyi taahh\u00fct ediyoruz. Hasarl\u0131 \u00fcr\u00fcn ald\u0131ysan\u0131z veya di\u011fer \u00fcr\u00fcn ve paket teslimat sorunlar\u0131 oldu\u011funda bizimle ileti\u015fime ge\u00e7mekten \u00e7ekinmeyin.<\/p>\n<p><strong>Detayl\u0131 bilgi i\u00e7in ek resimleri inceleyebilirsiniz<\/p>\n<p> <img decoding=\"async\"  src=\"https:\/\/hepsicdn.com.tr\/static\/product_detail\/hbnet45325d9d_4823401.webp\"><\/strong><\/strong><\/p>\n","protected":false},"excerpt":{"rendered":"<p>Spesifikasyonlar : 1 Adet S\u0130YAH renk g\u00f6nderilir. Nerelerde Kullan\u0131r\u0131m ?\u00a0Motorsikletler VE Atv kask veya sepette ba\u015fka ama\u00e7larla Bisikletlerde,yolculukta, ta\u015f\u0131rken vb her alanda Otomobillerde-\u00fcst bagaj,arka bagajda,arka koltukta \u00dcr\u00fcn \u00d6zellikleri :\u00a0Kapal\u0131 iken > 40 cm x 55 cm A\u00e7\u0131ld\u0131\u011f\u0131nda 100 cm x 120 cm &#8216;e kadar geni\u015fler Elastik yap\u0131s\u0131yla maksimum de\u011fere kadar b\u00fcy\u00fct\u00fclebilir. G\u00fcvenli ve konforlu bir&#8230;<\/p>\n","protected":false},"featured_media":102568,"comment_status":"open","ping_status":"closed","template":"","meta":{"_kad_post_transparent":"","_kad_post_title":"","_kad_post_layout":"","_kad_post_sidebar_id":"","_kad_post_content_style":"","_kad_post_vertical_padding":"","_kad_post_feature":"","_kad_post_feature_position":"","_kad_post_header":false,"_kad_post_footer":false,"_kad_post_classname":""},"product_brand":[],"product_cat":[14310],"product_tag":[],"class_list":{"0":"post-102569","1":"product","2":"type-product","3":"status-publish","4":"has-post-thumbnail","6":"product_cat-motosiklet-aksesuarlari-motosiklet-otomobil-motosiklet-yasam-motosiklet-aksesuarlari","8":"first","9":"instock","10":"purchasable","11":"product-type-simple","12":"entry","13":"content-bg","14":"loop-entry"},"_links":{"self":[{"href":"https:\/\/www.hediyepazar.com\/index.php?rest_route=\/wp\/v2\/product\/102569","targetHints":{"allow":["GET"]}}],"collection":[{"href":"https:\/\/www.hediyepazar.com\/index.php?rest_route=\/wp\/v2\/product"}],"about":[{"href":"https:\/\/www.hediyepazar.com\/index.php?rest_route=\/wp\/v2\/types\/product"}],"replies":[{"embeddable":true,"href":"https:\/\/www.hediyepazar.com\/index.php?rest_route=%2Fwp%2Fv2%2Fcomments&post=102569"}],"wp:featuredmedia":[{"embeddable":true,"href":"https:\/\/www.hediyepazar.com\/index.php?rest_route=\/wp\/v2\/media\/102568"}],"wp:attachment":[{"href":"https:\/\/www.hediyepazar.com\/index.php?rest_route=%2Fwp%2Fv2%2Fmedia&parent=102569"}],"wp:term":[{"taxonomy":"product_brand","embeddable":true,"href":"https:\/\/www.hediyepazar.com\/index.php?rest_route=%2Fwp%2Fv2%2Fproduct_brand&post=102569"},{"taxonomy":"product_cat","embeddable":true,"href":"https:\/\/www.hediyepazar.com\/index.php?rest_route=%2Fwp%2Fv2%2Fproduct_cat&post=102569"},{"taxonomy":"product_tag","embeddable":true,"href":"https:\/\/www.hediyepazar.com\/index.php?rest_route=%2Fwp%2Fv2%2Fproduct_tag&post=102569"}],"curies":[{"name":"wp","href":"https:\/\/api.w.org\/{rel}","templated":true}]}}