{"id":102570,"date":"2026-05-04T06:58:36","date_gmt":"2026-05-04T09:58:36","guid":{"rendered":"https:\/\/www.hediyepazar.com\/?product=turk-perma-bigudi-kagidi-1000-adet"},"modified":"2026-05-04T06:58:36","modified_gmt":"2026-05-04T09:58:36","slug":"turk-perma-bigudi-kagidi-1000-adet","status":"publish","type":"product","link":"https:\/\/www.hediyepazar.com\/?product=turk-perma-bigudi-kagidi-1000-adet","title":{"rendered":"Turk Perma Bigudi Ka\u011f\u0131d\u0131 1000 Adet"},"content":{"rendered":"<p>\n\t<strong>\u00dcr\u00fcn \u00d6zellikleri : <\/strong><\/p>\n<p>\t<strong>Materyal : Sel\u00fcl\u00f6z<\/strong><\/p>\n<p>\t<strong>Adet \/ Renk \/ Tasar\u0131m : 1000\u00a0<\/strong>Adet, HSNET Villena Design olarak tasarlad\u0131\u011f\u0131m\u0131z, resimde yer alan BEYAZ rengi, s\u00fcrpriz ya\u015famaman\u0131z i\u00e7in birebir g\u00f6nderiyoruz<\/p>\n<p>\tT\u00fcm perma i\u015flemleri i\u00e7in tek kullan\u0131ml\u0131k Ka\u011f\u0131tt\u0131r.<\/p>\n<p>\n\tSa\u00e7a perma ilac\u0131 s\u00fcr\u00fcld\u00fckten sonra ard\u0131ndan sa\u00e7lar bigudi ile sar\u0131l\u0131r. Sa\u00e7tan bir tutam al\u0131n\u0131r perma yapmak i\u00e7in gerekli kimyasal sa\u00e7a s\u00fcr\u00fcld\u00fckten sonra, perma ka\u011f\u0131d\u0131 perma yap\u0131lmas\u0131 i\u00e7in ayr\u0131lan sa\u00e7 tutam\u0131na sar\u0131l\u0131r ve uca kadar getirildikten sonra perma bigudisi ile sa\u00e7lar sa\u011fdan sola, soldan sa\u011fa yumu\u015fak bir \u015fekilde sar\u0131l\u0131r.\u00a0<\/p>\n<p>\n\t<strong>M\u00dcKEMMEL SATI\u015e SONRASI H\u0130ZMET : <\/strong>HSNET \/ HSNET olarak m\u00fc\u015fterilerimize en iyi hizmeti sunmay\u0131 ama\u00e7l\u0131yor, g\u00fcvenle sat\u0131n alabilmeniz i\u00e7in, ambalaj kalitemize g\u00fcveniyor, her \u00fcr\u00fcn sorunsuz teslimat i\u00e7in \u00f6zenle paketliyor ve resimde belirtilen renk, ebat, \u00f6zelikte \u00fcr\u00fcn g\u00f6ndermeyi taahh\u00fct ediyoruz. Hasarl\u0131 \u00fcr\u00fcn ald\u0131ysan\u0131z veya di\u011fer \u00fcr\u00fcn ve paket teslimat sorunlar\u0131 oldu\u011funda bizimle ileti\u015fime ge\u00e7mekten \u00e7ekinmeyin.<\/p>\n<p>\n\t<strong>Detayl\u0131 bilgi i\u00e7in ek resimleri inceleyebilirsiniz<\/strong><\/p>\n<p><\/p>\n<p>\n\t<strong><img decoding=\"async\"  src=\"https:\/\/hepsicdn.com.tr\/static\/product_detail\/hbnetca2ca2bc_4824201.webp\"><\/strong><\/p>\n<p>\n\t\u00a0<\/p>\n","protected":false},"excerpt":{"rendered":"<p>\u00dcr\u00fcn \u00d6zellikleri : Materyal : Sel\u00fcl\u00f6z Adet \/ Renk \/ Tasar\u0131m : 1000\u00a0Adet, HSNET Villena Design olarak tasarlad\u0131\u011f\u0131m\u0131z, resimde yer alan BEYAZ rengi, s\u00fcrpriz ya\u015famaman\u0131z i\u00e7in birebir g\u00f6nderiyoruz T\u00fcm perma i\u015flemleri i\u00e7in tek kullan\u0131ml\u0131k Ka\u011f\u0131tt\u0131r. Sa\u00e7a perma ilac\u0131 s\u00fcr\u00fcld\u00fckten sonra ard\u0131ndan sa\u00e7lar bigudi ile sar\u0131l\u0131r. Sa\u00e7tan bir tutam al\u0131n\u0131r perma yapmak i\u00e7in gerekli kimyasal sa\u00e7a&#8230;<\/p>\n","protected":false},"featured_media":0,"comment_status":"open","ping_status":"closed","template":"","meta":{"_kad_post_transparent":"","_kad_post_title":"","_kad_post_layout":"","_kad_post_sidebar_id":"","_kad_post_content_style":"","_kad_post_vertical_padding":"","_kad_post_feature":"","_kad_post_feature_position":"","_kad_post_header":false,"_kad_post_footer":false,"_kad_post_classname":""},"product_brand":[],"product_cat":[14264],"product_tag":[],"class_list":{"0":"post-102570","1":"product","2":"type-product","3":"status-publish","5":"product_cat-rofle-perma-bigudi-kuafor-urunleri-erkek-kuafor-rofle-perma-bigudi","7":"first","8":"instock","9":"purchasable","10":"product-type-simple","11":"entry","12":"content-bg","13":"loop-entry"},"_links":{"self":[{"href":"https:\/\/www.hediyepazar.com\/index.php?rest_route=\/wp\/v2\/product\/102570","targetHints":{"allow":["GET"]}}],"collection":[{"href":"https:\/\/www.hediyepazar.com\/index.php?rest_route=\/wp\/v2\/product"}],"about":[{"href":"https:\/\/www.hediyepazar.com\/index.php?rest_route=\/wp\/v2\/types\/product"}],"replies":[{"embeddable":true,"href":"https:\/\/www.hediyepazar.com\/index.php?rest_route=%2Fwp%2Fv2%2Fcomments&post=102570"}],"wp:attachment":[{"href":"https:\/\/www.hediyepazar.com\/index.php?rest_route=%2Fwp%2Fv2%2Fmedia&parent=102570"}],"wp:term":[{"taxonomy":"product_brand","embeddable":true,"href":"https:\/\/www.hediyepazar.com\/index.php?rest_route=%2Fwp%2Fv2%2Fproduct_brand&post=102570"},{"taxonomy":"product_cat","embeddable":true,"href":"https:\/\/www.hediyepazar.com\/index.php?rest_route=%2Fwp%2Fv2%2Fproduct_cat&post=102570"},{"taxonomy":"product_tag","embeddable":true,"href":"https:\/\/www.hediyepazar.com\/index.php?rest_route=%2Fwp%2Fv2%2Fproduct_tag&post=102570"}],"curies":[{"name":"wp","href":"https:\/\/api.w.org\/{rel}","templated":true}]}}