{"id":102624,"date":"2026-05-04T07:07:00","date_gmt":"2026-05-04T10:07:00","guid":{"rendered":"https:\/\/www.hediyepazar.com\/?product=turk-manti-kalibi-tek-seferde-61-manti-lallula-design"},"modified":"2026-05-04T07:07:00","modified_gmt":"2026-05-04T10:07:00","slug":"turk-manti-kalibi-tek-seferde-61-manti-lallula-design","status":"publish","type":"product","link":"https:\/\/www.hediyepazar.com\/?product=turk-manti-kalibi-tek-seferde-61-manti-lallula-design","title":{"rendered":"Turk Mant\u0131 Kal\u0131b\u0131 Tek Seferde 61 Mant\u0131 Lallula Design"},"content":{"rendered":"<p>\n\t<strong>\u00dcr\u00fcn \u00d6zellikleri : <\/strong><\/p>\n<p>\n\t<strong>MATERYAL : Plastik <\/strong><\/p>\n<p>\n\t<strong>ADET : 1 <\/strong><\/p>\n<p>\n\t<strong>\u00d6L\u00c7\u00dcLER : 24 cm \u00e7ap <\/strong><\/p>\n<p>\n\t<strong>KAPAS\u0130TE : tek seferde 61 mant\u0131 <\/strong><\/p>\n<p>\n\t24 cm geni\u015fli\u011findeki b\u00fcy\u00fck, tek seferde 61 mant\u0131 kesebilen mant\u0131 kesici ile yemek yapmak \u00e7ok daha pratik olacak.<\/p>\n<p>\n\tHamurunuzu gerekli \u015fekilde haz\u0131rlad\u0131ktan sonra kal\u0131b\u0131 \u00fczerine bast\u0131r\u0131n<\/p>\n<p>\n\t<strong>M\u00dcKEMMEL SATI\u015e SONRASI H\u0130ZMET : <\/strong>Bu \u00fcr\u00fcne daha avantajl\u0131 sahip olabilmeniz i\u00e7in ma\u011fazam\u0131z\u0131 ziyaret ederek, kampanyalar\u0131 inceleyebilirsiniz. HSNET \/ HSNET olarak m\u00fc\u015fterilerimize en iyi hizmeti sunmay\u0131 ama\u00e7l\u0131yor, g\u00fcvenle sat\u0131n alabilmeniz i\u00e7in, ambalaj kalitemize g\u00fcveniyor, her \u00fcr\u00fcn sorunsuz teslimat i\u00e7in \u00f6zenle paketliyor ve resimde belirtilen renk, ebat, \u00f6zelikte \u00fcr\u00fcn g\u00f6ndermeyi taahh\u00fct ediyoruz. Hasarl\u0131 \u00fcr\u00fcn ald\u0131ysan\u0131z veya di\u011fer \u00fcr\u00fcn ve paket teslimat sorunlar\u0131 oldu\u011funda bizimle ileti\u015fime ge\u00e7mekten \u00e7ekinmeyin.<\/p>\n<p>\n\t<strong>Detayl\u0131 bilgi i\u00e7in ek resimleri inceleyebilirsiniz<\/strong><\/p>\n<p><\/p>\n<p>\n\t<strong><img decoding=\"async\"  src=\"https:\/\/hepsicdn.com.tr\/static\/product_detail\/hbnetca33be23_4833301.jpg\"><\/strong><\/p>\n<p>\n\t\u00a0<\/p>\n","protected":false},"excerpt":{"rendered":"<p>\u00dcr\u00fcn \u00d6zellikleri : MATERYAL : Plastik ADET : 1 \u00d6L\u00c7\u00dcLER : 24 cm \u00e7ap KAPAS\u0130TE : tek seferde 61 mant\u0131 24 cm geni\u015fli\u011findeki b\u00fcy\u00fck, tek seferde 61 mant\u0131 kesebilen mant\u0131 kesici ile yemek yapmak \u00e7ok daha pratik olacak. Hamurunuzu gerekli \u015fekilde haz\u0131rlad\u0131ktan sonra kal\u0131b\u0131 \u00fczerine bast\u0131r\u0131n M\u00dcKEMMEL SATI\u015e SONRASI H\u0130ZMET : Bu \u00fcr\u00fcne daha avantajl\u0131&#8230;<\/p>\n","protected":false},"featured_media":102623,"comment_status":"open","ping_status":"closed","template":"","meta":{"_kad_post_transparent":"","_kad_post_title":"","_kad_post_layout":"","_kad_post_sidebar_id":"","_kad_post_content_style":"","_kad_post_vertical_padding":"","_kad_post_feature":"","_kad_post_feature_position":"","_kad_post_header":false,"_kad_post_footer":false,"_kad_post_classname":""},"product_brand":[],"product_cat":[7826],"product_tag":[],"class_list":{"0":"post-102624","1":"product","2":"type-product","3":"status-publish","4":"has-post-thumbnail","6":"product_cat-endustriyel-mutfak-ekipmanlari-sofra-sofra-mutfak-ev-yasam-endustriyel-mutfak-ekipmanlari","8":"first","9":"instock","10":"purchasable","11":"product-type-simple","12":"entry","13":"content-bg","14":"loop-entry"},"_links":{"self":[{"href":"https:\/\/www.hediyepazar.com\/index.php?rest_route=\/wp\/v2\/product\/102624","targetHints":{"allow":["GET"]}}],"collection":[{"href":"https:\/\/www.hediyepazar.com\/index.php?rest_route=\/wp\/v2\/product"}],"about":[{"href":"https:\/\/www.hediyepazar.com\/index.php?rest_route=\/wp\/v2\/types\/product"}],"replies":[{"embeddable":true,"href":"https:\/\/www.hediyepazar.com\/index.php?rest_route=%2Fwp%2Fv2%2Fcomments&post=102624"}],"wp:featuredmedia":[{"embeddable":true,"href":"https:\/\/www.hediyepazar.com\/index.php?rest_route=\/wp\/v2\/media\/102623"}],"wp:attachment":[{"href":"https:\/\/www.hediyepazar.com\/index.php?rest_route=%2Fwp%2Fv2%2Fmedia&parent=102624"}],"wp:term":[{"taxonomy":"product_brand","embeddable":true,"href":"https:\/\/www.hediyepazar.com\/index.php?rest_route=%2Fwp%2Fv2%2Fproduct_brand&post=102624"},{"taxonomy":"product_cat","embeddable":true,"href":"https:\/\/www.hediyepazar.com\/index.php?rest_route=%2Fwp%2Fv2%2Fproduct_cat&post=102624"},{"taxonomy":"product_tag","embeddable":true,"href":"https:\/\/www.hediyepazar.com\/index.php?rest_route=%2Fwp%2Fv2%2Fproduct_tag&post=102624"}],"curies":[{"name":"wp","href":"https:\/\/api.w.org\/{rel}","templated":true}]}}