{"id":102654,"date":"2026-05-04T07:13:04","date_gmt":"2026-05-04T10:13:04","guid":{"rendered":"https:\/\/www.hediyepazar.com\/?product=turk-protez-tirnak-manikur-egitim-ve-sunum-parmaklari-10-adet"},"modified":"2026-05-04T07:13:04","modified_gmt":"2026-05-04T10:13:04","slug":"turk-protez-tirnak-manikur-egitim-ve-sunum-parmaklari-10-adet","status":"publish","type":"product","link":"https:\/\/www.hediyepazar.com\/?product=turk-protez-tirnak-manikur-egitim-ve-sunum-parmaklari-10-adet","title":{"rendered":"Turk Protez T\u0131rnak Manik\u00fcr E\u011fitim ve Sunum Parmaklar\u0131 10 adet"},"content":{"rendered":"<p>\n\t<strong>\u00dcr\u00fcn \u00d6zellikleri : <\/strong><\/p>\n<p>\n\t<strong>Renk :\u00a0<\/strong>Resimdeki TENK RENG\u0130 Renk\/tasar\u0131m birebir g\u00f6nderilir ve s\u00fcrpriz ya\u015famazs\u0131n\u0131z.\u00a0\u00a0<\/p>\n<p>\n\t<strong>Materyal : Silikon+Plastik\u00a0<\/strong><\/p>\n<p>\n\t<strong>Adet : 10<\/strong><\/p>\n<p>\tBu t\u0131rnak te\u015fhir seti sa\u011flam, hafif ve kullan\u0131m\u0131 g\u00fcvenlidir. Yap\u0131\u015ft\u0131r\u0131larak e\u011fitim yap\u0131labilir veya m\u00fc\u015fterilere yap\u0131lan t\u0131rnaklar \u00f6rnek olarak g\u00f6sterilebilir<br \/>\n\tBu ABS T\u0131rnak Renk Kart\u0131 Seti, \u00f6nceden yapt\u0131\u011f\u0131n\u0131z, protez t\u0131rnak, s\u00fcsleme gibi aktivitelerin m\u00fc\u015fterilerin se\u00e7ebilece\u011fi 10 renk oje g\u00f6r\u00fcnt\u00fcleyebilir.<br \/>\n\tYeni ba\u015flayanlar i\u00e7in, e\u011fitim ve \u00e7izmek i\u00e7in bir uygulama tahtas\u0131 olarak kullan\u0131labilir, bu nedenle bu t\u0131rnak te\u015fhir parmaklar\u0131 \u00e7ok pratiktir.<br \/>\n\tProfesyonel manik\u00fcrc\u00fcler ve t\u0131rnak d\u00fckkanlar\u0131 i\u00e7in de ev kullan\u0131m\u0131 i\u00e7in uygundur.<\/p>\n<p><\/p>\n<p>\n\tM\u00dcKEMMEL SATI\u015e SONRASI H\u0130ZMET : HSNET \/ HSNET m\u00fc\u015fterilerimize en iyi hizmeti sunmay\u0131 ama\u00e7l\u0131yor ve resimde belirtilen renk, ebat, \u00f6zelikte \u00fcr\u00fcn g\u00f6ndermeyi taahh\u00fct ediyoruz. G\u00fcvenle sat\u0131n alabilirsiniz. Hasarl\u0131 \u00fcr\u00fcn ald\u0131ysan\u0131z veya di\u011fer \u00fcr\u00fcn ve paket teslimat sorunlar\u0131 oldu\u011funda bizimle ileti\u015fime ge\u00e7mekten \u00e7ekinmeyin.<br \/>\n\t<img decoding=\"async\"  src=\"https:\/\/hepsicdn.com.tr\/static\/product_detail\/hbnet4857e215_4839101.jpg\"><\/p>\n<p>\n\t\u00a0<\/p>\n","protected":false},"excerpt":{"rendered":"<p>\u00dcr\u00fcn \u00d6zellikleri : Renk :\u00a0Resimdeki TENK RENG\u0130 Renk\/tasar\u0131m birebir g\u00f6nderilir ve s\u00fcrpriz ya\u015famazs\u0131n\u0131z.\u00a0\u00a0 Materyal : Silikon+Plastik\u00a0 Adet : 10 Bu t\u0131rnak te\u015fhir seti sa\u011flam, hafif ve kullan\u0131m\u0131 g\u00fcvenlidir. Yap\u0131\u015ft\u0131r\u0131larak e\u011fitim yap\u0131labilir veya m\u00fc\u015fterilere yap\u0131lan t\u0131rnaklar \u00f6rnek olarak g\u00f6sterilebilir Bu ABS T\u0131rnak Renk Kart\u0131 Seti, \u00f6nceden yapt\u0131\u011f\u0131n\u0131z, protez t\u0131rnak, s\u00fcsleme gibi aktivitelerin m\u00fc\u015fterilerin se\u00e7ebilece\u011fi 10 renk&#8230;<\/p>\n","protected":false},"featured_media":102653,"comment_status":"open","ping_status":"closed","template":"","meta":{"_kad_post_transparent":"","_kad_post_title":"","_kad_post_layout":"","_kad_post_sidebar_id":"","_kad_post_content_style":"","_kad_post_vertical_padding":"","_kad_post_feature":"","_kad_post_feature_position":"","_kad_post_header":false,"_kad_post_footer":false,"_kad_post_classname":""},"product_brand":[],"product_cat":[14207],"product_tag":[],"class_list":{"0":"post-102654","1":"product","2":"type-product","3":"status-publish","4":"has-post-thumbnail","6":"product_cat-el-tirnak-bakim-ve-aksesuarlar-kisisel-bakim-aletleri-elektronik-el-tirnak-bakim-ve-aksesuarlar","8":"first","9":"instock","10":"purchasable","11":"product-type-simple","12":"entry","13":"content-bg","14":"loop-entry"},"_links":{"self":[{"href":"https:\/\/www.hediyepazar.com\/index.php?rest_route=\/wp\/v2\/product\/102654","targetHints":{"allow":["GET"]}}],"collection":[{"href":"https:\/\/www.hediyepazar.com\/index.php?rest_route=\/wp\/v2\/product"}],"about":[{"href":"https:\/\/www.hediyepazar.com\/index.php?rest_route=\/wp\/v2\/types\/product"}],"replies":[{"embeddable":true,"href":"https:\/\/www.hediyepazar.com\/index.php?rest_route=%2Fwp%2Fv2%2Fcomments&post=102654"}],"wp:featuredmedia":[{"embeddable":true,"href":"https:\/\/www.hediyepazar.com\/index.php?rest_route=\/wp\/v2\/media\/102653"}],"wp:attachment":[{"href":"https:\/\/www.hediyepazar.com\/index.php?rest_route=%2Fwp%2Fv2%2Fmedia&parent=102654"}],"wp:term":[{"taxonomy":"product_brand","embeddable":true,"href":"https:\/\/www.hediyepazar.com\/index.php?rest_route=%2Fwp%2Fv2%2Fproduct_brand&post=102654"},{"taxonomy":"product_cat","embeddable":true,"href":"https:\/\/www.hediyepazar.com\/index.php?rest_route=%2Fwp%2Fv2%2Fproduct_cat&post=102654"},{"taxonomy":"product_tag","embeddable":true,"href":"https:\/\/www.hediyepazar.com\/index.php?rest_route=%2Fwp%2Fv2%2Fproduct_tag&post=102654"}],"curies":[{"name":"wp","href":"https:\/\/api.w.org\/{rel}","templated":true}]}}