{"id":102670,"date":"2026-05-04T07:16:22","date_gmt":"2026-05-04T10:16:22","guid":{"rendered":"https:\/\/www.hediyepazar.com\/?product=turk-multibox-erzak-bakliyat-kutusu-surgulu-kapak-5-litre"},"modified":"2026-05-04T07:16:22","modified_gmt":"2026-05-04T10:16:22","slug":"turk-multibox-erzak-bakliyat-kutusu-surgulu-kapak-5-litre","status":"publish","type":"product","link":"https:\/\/www.hediyepazar.com\/?product=turk-multibox-erzak-bakliyat-kutusu-surgulu-kapak-5-litre","title":{"rendered":"Turk MultiBox Erzak Bakliyat Kutusu S\u00fcrg\u00fcl\u00fc Kapak 5 Litre"},"content":{"rendered":"<p>\t<strong>Spesifikasyonlar : <\/strong><\/p>\n<p>\t<strong>TAM SA\u011eLIKLI TASARIM :\u00a0<\/strong>5 Numaral\u0131 PP Plastik &#8211; Plastik malzemeler i\u00e7erisinde en sa\u011fl\u0131kl\u0131 ve kullan\u0131m\u0131 uygun malzemedir. BPA i\u00e7ermez ve g\u0131da temas\u0131na uygundur<\/p>\n<p>\t<strong>Renk : <\/strong>\u015eeffaf renk birebir g\u00f6nderilir ve s\u00fcrpriz ya\u015famazs\u0131n\u0131z. \u00dcst kapak renkleri beyaz\/gri olarak de\u011fi\u015fkenlik g\u00f6sterebilir\u00a0<\/p>\n<p>\t<strong>Tasar\u0131m <\/strong> HSNET MultiBox Design olarak tasarlad\u0131\u011f\u0131m\u0131z \u00fcr\u00fcn\u00fc g\u00f6nderiyoruz.<\/p>\n<p>\t<strong>Materyal : Polipropilen Plastik\u00a0<\/strong><\/p>\n<p>\t<strong>Ne alacaks\u0131n\u0131z ? : 1 ADET<\/strong><\/p>\n<p>\t<strong>\u00d6l\u00e7\u00fcler :\u00a0 5 litre\u00a0\u00a0<\/strong><span style=\"color: rgb(102, 102, 102); font-family: Arial; font-size: 10.5pt; white-space: pre-wrap;\">12 x 32,5 x 19 cm<\/span><\/p>\n<p>\t<strong>GEN\u0130\u015e KULLANIM ALANI :\u00a0<\/strong>Baklagiller, so\u011fan, patates, kuruyemi\u015fler, at\u0131\u015ft\u0131rmal\u0131klar, kahve ve \u00e7ay gibi kuru yiyecekleri saklamak i\u00e7in idealdir ve ayr\u0131ca s\u0131v\u0131lar\u0131 tutmak i\u00e7in m\u00fckemmeldir.\u00a0<\/p>\n<p>\t<strong>DAYANMAK \u0130\u00c7\u0130N \u00dcRET\u0130LD\u0130 : <\/strong>Bu kaplar, son derece dayan\u0131kl\u0131 ve dayan\u0131kl\u0131 Polipropilen yap\u0131lm\u0131\u015f yeni ve geli\u015ftirilmi\u015f kapaklarla y\u0131llarca s\u00fcrecek. Kapak\u00a0 mekanizmas\u0131, s\u00fcrg\u00fcl\u00fc olmas\u0131ndan dolay\u0131 kullan\u0131m\u0131 \u00e7ok pratiktir ve \u00fcst\u00fcste istiflenebilir<\/p>\n<p>\t<strong>YERDEN TASARRUF SA\u011eLAYAN TASARIM :<\/strong> Bu dayan\u0131kl\u0131 kutular, alan\u0131 en aza indirecek \u015fekilde tasarlanm\u0131\u015ft\u0131r. Buzdolab\u0131na, dondurucuya veya dolaplara s\u0131\u011facak \u015fekilde istiflenebilir, kilerde yer a\u00e7mak i\u00e7in mutfa\u011f\u0131 organize etmenizi sa\u011flar. Bu \u015feffaf kaplar ideal kiler d\u00fczenleyicileridir.<strong>\u00a0<\/strong><\/p>\n<p>\t<strong>Ekran fark\u0131 nedeniyle, renk tonlar\u0131 %0,5 oran\u0131nda fark, Manuel \u00f6l\u00e7\u00fcm nedeniyle Milimetre fark olabilir. anlay\u0131\u015f g\u00f6stermenizi rica ederiz. <\/strong><\/p>\n<p>\t<strong>M\u00dcKEMMEL SATI\u015e SONRASI H\u0130ZMET : <\/strong>HSNET \/ HSNET olarak m\u00fc\u015fterilerimize en iyi hizmeti sunmay\u0131 ama\u00e7l\u0131yor, g\u00fcvenle sat\u0131n alabilmeniz i\u00e7in, ambalaj kalitemize g\u00fcveniyor, her \u00fcr\u00fcn sorunsuz teslimat i\u00e7in \u00f6zenle paketliyor ve resimde belirtilen renk, ebat, \u00f6zelikte \u00fcr\u00fcn g\u00f6ndermeyi taahh\u00fct ediyoruz. Hasarl\u0131 \u00fcr\u00fcn ald\u0131ysan\u0131z veya di\u011fer \u00fcr\u00fcn ve paket teslimat sorunlar\u0131 oldu\u011funda bizimle ileti\u015fime ge\u00e7mekten \u00e7ekinmeyin.<\/p>\n<p>\t<strong>Detayl\u0131 bilgi i\u00e7in ek resimleri inceleyebilirsiniz<\/strong><\/p>\n<p><\/p>\n<p>\t<strong><img decoding=\"async\"  src=\"https:\/\/hepsicdn.com.tr\/static\/product_detail\/hbnet3efb2d4f_4842601.webp\"><\/strong><\/p>\n<p>\t\u00a0<\/p>\n","protected":false},"excerpt":{"rendered":"<p>Spesifikasyonlar : TAM SA\u011eLIKLI TASARIM :\u00a05 Numaral\u0131 PP Plastik &#8211; Plastik malzemeler i\u00e7erisinde en sa\u011fl\u0131kl\u0131 ve kullan\u0131m\u0131 uygun malzemedir. BPA i\u00e7ermez ve g\u0131da temas\u0131na uygundur Renk : \u015eeffaf renk birebir g\u00f6nderilir ve s\u00fcrpriz ya\u015famazs\u0131n\u0131z. \u00dcst kapak renkleri beyaz\/gri olarak de\u011fi\u015fkenlik g\u00f6sterebilir\u00a0 Tasar\u0131m HSNET MultiBox Design olarak tasarlad\u0131\u011f\u0131m\u0131z \u00fcr\u00fcn\u00fc g\u00f6nderiyoruz. Materyal : Polipropilen Plastik\u00a0 Ne alacaks\u0131n\u0131z&#8230;<\/p>\n","protected":false},"featured_media":102669,"comment_status":"open","ping_status":"closed","template":"","meta":{"_kad_post_transparent":"","_kad_post_title":"","_kad_post_layout":"","_kad_post_sidebar_id":"","_kad_post_content_style":"","_kad_post_vertical_padding":"","_kad_post_feature":"","_kad_post_feature_position":"","_kad_post_header":false,"_kad_post_footer":false,"_kad_post_classname":""},"product_brand":[],"product_cat":[14372],"product_tag":[],"class_list":{"0":"post-102670","1":"product","2":"type-product","3":"status-publish","4":"has-post-thumbnail","6":"product_cat-saklama-kabi-mutfak-saklama-duzenleme-sofra-mutfak-ev-yasam-saklama-kabi","8":"first","9":"instock","10":"purchasable","11":"product-type-simple","12":"entry","13":"content-bg","14":"loop-entry"},"_links":{"self":[{"href":"https:\/\/www.hediyepazar.com\/index.php?rest_route=\/wp\/v2\/product\/102670","targetHints":{"allow":["GET"]}}],"collection":[{"href":"https:\/\/www.hediyepazar.com\/index.php?rest_route=\/wp\/v2\/product"}],"about":[{"href":"https:\/\/www.hediyepazar.com\/index.php?rest_route=\/wp\/v2\/types\/product"}],"replies":[{"embeddable":true,"href":"https:\/\/www.hediyepazar.com\/index.php?rest_route=%2Fwp%2Fv2%2Fcomments&post=102670"}],"wp:featuredmedia":[{"embeddable":true,"href":"https:\/\/www.hediyepazar.com\/index.php?rest_route=\/wp\/v2\/media\/102669"}],"wp:attachment":[{"href":"https:\/\/www.hediyepazar.com\/index.php?rest_route=%2Fwp%2Fv2%2Fmedia&parent=102670"}],"wp:term":[{"taxonomy":"product_brand","embeddable":true,"href":"https:\/\/www.hediyepazar.com\/index.php?rest_route=%2Fwp%2Fv2%2Fproduct_brand&post=102670"},{"taxonomy":"product_cat","embeddable":true,"href":"https:\/\/www.hediyepazar.com\/index.php?rest_route=%2Fwp%2Fv2%2Fproduct_cat&post=102670"},{"taxonomy":"product_tag","embeddable":true,"href":"https:\/\/www.hediyepazar.com\/index.php?rest_route=%2Fwp%2Fv2%2Fproduct_tag&post=102670"}],"curies":[{"name":"wp","href":"https:\/\/api.w.org\/{rel}","templated":true}]}}