{"id":102779,"date":"2026-05-04T07:59:08","date_gmt":"2026-05-04T10:59:08","guid":{"rendered":"https:\/\/www.hediyepazar.com\/?product=turk-malmsey-ahsap-duvar-termometre"},"modified":"2026-05-04T07:59:08","modified_gmt":"2026-05-04T10:59:08","slug":"turk-malmsey-ahsap-duvar-termometre","status":"publish","type":"product","link":"https:\/\/www.hediyepazar.com\/?product=turk-malmsey-ahsap-duvar-termometre","title":{"rendered":"Turk Malmsey Ah\u015fap Duvar Termometre"},"content":{"rendered":"<p>\t<strong>\u00dcr\u00fcn \u00d6zellikleri : <\/strong><\/p>\n<p>\t<strong>Renk : Resimdeki Renk\/tasar\u0131m birebir g\u00f6nderilir ve s\u00fcrpriz ya\u015famazs\u0131n\u0131z. <\/strong><\/p>\n<p>\t<strong>Materyal : Ah\u015fap <\/strong><\/p>\n<p>\t<strong>Adet : 1 <\/strong><\/p>\n<p>\t<strong>\u00d6l\u00e7\u00fcler : 19 CM X 3,6 CM X 0,7 CM derinlik <\/strong><\/p>\n<p>\t<strong>EKSTRA B\u00dcY\u00dcK OKUMASI RAHAT KADRAN : <\/strong>Ekstra B\u00fcy\u00fck 19 CM y\u00fckseklik Ah\u015fap Termometre, s\u0131cakl\u0131\u011f\u0131 kolayca okuman\u0131z\u0131 sa\u011flar, bir bak\u0131\u015fta s\u0131cakl\u0131\u011f\u0131 \u00f6\u011frenebilirsiniz.<\/p>\n<p>\t<strong>\u00c7\u0130FT \u00d6L\u00c7EKL\u0130 : <\/strong>ah\u015fap Termometre, -40\u2103 ila 50\u2103 ve -40\u2109 ila 120\u2109 s\u0131cakl\u0131k aral\u0131\u011f\u0131n\u0131 do\u011fru bir \u015fekilde g\u00f6steren \uff08\u2109&#038;\u2103\uff09 \u00e7ift skalaya sahiptir.<\/p>\n<p>\t<strong>P\u0130L GEREKT\u0130RMEZ :<\/strong> Ah\u015fap Termometre pil gerektirmez, S\u0131cakl\u0131\u011f\u0131 kalibre etmeye gerek yoktur. Y\u00fcksek Hassasiyet ve \u00c7evre Dostudur<\/p>\n<p>\t<strong>ASILAB\u0130L\u0130R :<\/strong> Duvar\u0131n\u0131zdaki herhangi bir \u00e7iviye rahatl\u0131kla as\u0131labilir<\/p>\n","protected":false},"excerpt":{"rendered":"<p>\u00dcr\u00fcn \u00d6zellikleri : Renk : Resimdeki Renk\/tasar\u0131m birebir g\u00f6nderilir ve s\u00fcrpriz ya\u015famazs\u0131n\u0131z. Materyal : Ah\u015fap Adet : 1 \u00d6l\u00e7\u00fcler : 19 CM X 3,6 CM X 0,7 CM derinlik EKSTRA B\u00dcY\u00dcK OKUMASI RAHAT KADRAN : Ekstra B\u00fcy\u00fck 19 CM y\u00fckseklik Ah\u015fap Termometre, s\u0131cakl\u0131\u011f\u0131 kolayca okuman\u0131z\u0131 sa\u011flar, bir bak\u0131\u015fta s\u0131cakl\u0131\u011f\u0131 \u00f6\u011frenebilirsiniz. \u00c7\u0130FT \u00d6L\u00c7EKL\u0130 : ah\u015fap Termometre,&#8230;<\/p>\n","protected":false},"featured_media":102778,"comment_status":"open","ping_status":"closed","template":"","meta":{"_kad_post_transparent":"","_kad_post_title":"","_kad_post_layout":"","_kad_post_sidebar_id":"","_kad_post_content_style":"","_kad_post_vertical_padding":"","_kad_post_feature":"","_kad_post_feature_position":"","_kad_post_header":false,"_kad_post_footer":false,"_kad_post_classname":""},"product_brand":[],"product_cat":[14156],"product_tag":[],"class_list":{"0":"post-102779","1":"product","2":"type-product","3":"status-publish","4":"has-post-thumbnail","6":"product_cat-pratik-ev-esyalari-ev-gerecleri-ev-yasam-pratik-ev-esyalari-ev-gerecleri-ev-yasam","8":"first","9":"instock","10":"purchasable","11":"product-type-simple","12":"entry","13":"content-bg","14":"loop-entry"},"_links":{"self":[{"href":"https:\/\/www.hediyepazar.com\/index.php?rest_route=\/wp\/v2\/product\/102779","targetHints":{"allow":["GET"]}}],"collection":[{"href":"https:\/\/www.hediyepazar.com\/index.php?rest_route=\/wp\/v2\/product"}],"about":[{"href":"https:\/\/www.hediyepazar.com\/index.php?rest_route=\/wp\/v2\/types\/product"}],"replies":[{"embeddable":true,"href":"https:\/\/www.hediyepazar.com\/index.php?rest_route=%2Fwp%2Fv2%2Fcomments&post=102779"}],"wp:featuredmedia":[{"embeddable":true,"href":"https:\/\/www.hediyepazar.com\/index.php?rest_route=\/wp\/v2\/media\/102778"}],"wp:attachment":[{"href":"https:\/\/www.hediyepazar.com\/index.php?rest_route=%2Fwp%2Fv2%2Fmedia&parent=102779"}],"wp:term":[{"taxonomy":"product_brand","embeddable":true,"href":"https:\/\/www.hediyepazar.com\/index.php?rest_route=%2Fwp%2Fv2%2Fproduct_brand&post=102779"},{"taxonomy":"product_cat","embeddable":true,"href":"https:\/\/www.hediyepazar.com\/index.php?rest_route=%2Fwp%2Fv2%2Fproduct_cat&post=102779"},{"taxonomy":"product_tag","embeddable":true,"href":"https:\/\/www.hediyepazar.com\/index.php?rest_route=%2Fwp%2Fv2%2Fproduct_tag&post=102779"}],"curies":[{"name":"wp","href":"https:\/\/api.w.org\/{rel}","templated":true}]}}