{"id":102816,"date":"2026-05-04T08:09:30","date_gmt":"2026-05-04T11:09:30","guid":{"rendered":"https:\/\/www.hediyepazar.com\/?product=turk-orumcek-agi-temizleme-fircasi"},"modified":"2026-05-04T08:09:30","modified_gmt":"2026-05-04T11:09:30","slug":"turk-orumcek-agi-temizleme-fircasi","status":"publish","type":"product","link":"https:\/\/www.hediyepazar.com\/?product=turk-orumcek-agi-temizleme-fircasi","title":{"rendered":"Turk \u00d6r\u00fcmcek A\u011f\u0131 Temizleme F\u0131r\u00e7as\u0131"},"content":{"rendered":"<p>\t<strong>\u00dcr\u00fcn \u00d6zellikleri : <\/strong><\/p>\n<p>\t<strong>SOPA \u00dcR\u00dcNE DAH\u0130L DE\u011e\u0130LD\u0130R. <\/strong><\/p>\n<p>\t<strong>Adet \/ Renk \/ Tasar\u0131m : <\/strong> 1 Adet, Turk Design olarak tasarlad\u0131\u011f\u0131m\u0131z, resimde yer alan rengi, s\u00fcrpriz ya\u015famaman\u0131z i\u00e7in birebir g\u00f6nderiyoruz<\/p>\n<p>\t<strong>\u00d6l\u00e7\u00fcler (bir cep telefonu ortalama 16 cm dir. K\u0131yaslaman\u0131z i\u00e7in kolayl\u0131k de\u011fil mi ? ) :\u00a0\u00a0<\/strong>17 x 5 x 26 cm<\/p>\n<p>\tKlasik s\u00fcp\u00fcrge sopalar\u0131 tak\u0131labilir \u00f6zelikte tasarlad\u0131k.<\/p>\n<p>\t\u00d6r\u00fcmcek a\u011flar\u0131n\u0131 ve kiri, hatta d\u0131\u015far\u0131da kar\u015f\u0131la\u015ft\u0131\u011f\u0131n\u0131z ekstra yap\u0131\u015fkan a\u011flar\u0131 bile iyi bir \u015fekilde temizlemek i\u00e7in m\u00fckemmel sertli\u011fe sahip birinci s\u0131n\u0131f KILLARDAN yap\u0131lm\u0131\u015ft\u0131r.<\/p>\n<p>\t\u00d6r\u00fcmcek a\u011f\u0131 toz alma ba\u015fl\u0131\u011f\u0131 b\u00fcy\u00fck ve doludur, kubbeli ba\u015fl\u0131k yeterince esnektir, her \u00e7atlak ve k\u00f6\u015fenin kolayca f\u0131r\u00e7alanmas\u0131n\u0131 sa\u011flar ve her alan\u0131 kolayca s\u00fcp\u00fcr\u00fcr.<\/p>\n<p>\t<strong>M\u00dcKEMMEL SATI\u015e SONRASI H\u0130ZMET : <\/strong>Bu \u00fcr\u00fcne daha avantajl\u0131 sahip olabilmeniz i\u00e7in ma\u011fazam\u0131z\u0131 ziyaret ederek, kampanyalar\u0131 inceleyebilirsiniz. Turk \/ Turk olarak m\u00fc\u015fterilerimize en iyi hizmeti sunmay\u0131 ama\u00e7l\u0131yor, g\u00fcvenle sat\u0131n alabilmeniz i\u00e7in, ambalaj kalitemize g\u00fcveniyor, her \u00fcr\u00fcn sorunsuz teslimat i\u00e7in \u00f6zenle paketliyor ve resimde belirtilen renk, ebat, \u00f6zelikte \u00fcr\u00fcn g\u00f6ndermeyi taahh\u00fct ediyoruz. Hasarl\u0131 \u00fcr\u00fcn ald\u0131ysan\u0131z veya di\u011fer \u00fcr\u00fcn ve paket teslimat sorunlar\u0131 oldu\u011funda bizimle ileti\u015fime ge\u00e7mekten \u00e7ekinmeyin.<\/p>\n","protected":false},"excerpt":{"rendered":"<p>\u00dcr\u00fcn \u00d6zellikleri : SOPA \u00dcR\u00dcNE DAH\u0130L DE\u011e\u0130LD\u0130R. Adet \/ Renk \/ Tasar\u0131m : 1 Adet, Turk Design olarak tasarlad\u0131\u011f\u0131m\u0131z, resimde yer alan rengi, s\u00fcrpriz ya\u015famaman\u0131z i\u00e7in birebir g\u00f6nderiyoruz \u00d6l\u00e7\u00fcler (bir cep telefonu ortalama 16 cm dir. K\u0131yaslaman\u0131z i\u00e7in kolayl\u0131k de\u011fil mi ? ) :\u00a0\u00a017 x 5 x 26 cm Klasik s\u00fcp\u00fcrge sopalar\u0131 tak\u0131labilir \u00f6zelikte tasarlad\u0131k&#8230;.<\/p>\n","protected":false},"featured_media":0,"comment_status":"open","ping_status":"closed","template":"","meta":{"_kad_post_transparent":"","_kad_post_title":"","_kad_post_layout":"","_kad_post_sidebar_id":"","_kad_post_content_style":"","_kad_post_vertical_padding":"","_kad_post_feature":"","_kad_post_feature_position":"","_kad_post_header":false,"_kad_post_footer":false,"_kad_post_classname":""},"product_brand":[],"product_cat":[14333],"product_tag":[],"class_list":{"0":"post-102816","1":"product","2":"type-product","3":"status-publish","5":"product_cat-hasere-ilaclari-ev-gerecleri-ev-yasam-hasere-ilaclari","7":"first","8":"instock","9":"purchasable","10":"product-type-simple","11":"entry","12":"content-bg","13":"loop-entry"},"_links":{"self":[{"href":"https:\/\/www.hediyepazar.com\/index.php?rest_route=\/wp\/v2\/product\/102816","targetHints":{"allow":["GET"]}}],"collection":[{"href":"https:\/\/www.hediyepazar.com\/index.php?rest_route=\/wp\/v2\/product"}],"about":[{"href":"https:\/\/www.hediyepazar.com\/index.php?rest_route=\/wp\/v2\/types\/product"}],"replies":[{"embeddable":true,"href":"https:\/\/www.hediyepazar.com\/index.php?rest_route=%2Fwp%2Fv2%2Fcomments&post=102816"}],"wp:attachment":[{"href":"https:\/\/www.hediyepazar.com\/index.php?rest_route=%2Fwp%2Fv2%2Fmedia&parent=102816"}],"wp:term":[{"taxonomy":"product_brand","embeddable":true,"href":"https:\/\/www.hediyepazar.com\/index.php?rest_route=%2Fwp%2Fv2%2Fproduct_brand&post=102816"},{"taxonomy":"product_cat","embeddable":true,"href":"https:\/\/www.hediyepazar.com\/index.php?rest_route=%2Fwp%2Fv2%2Fproduct_cat&post=102816"},{"taxonomy":"product_tag","embeddable":true,"href":"https:\/\/www.hediyepazar.com\/index.php?rest_route=%2Fwp%2Fv2%2Fproduct_tag&post=102816"}],"curies":[{"name":"wp","href":"https:\/\/api.w.org\/{rel}","templated":true}]}}