{"id":102868,"date":"2026-05-04T08:29:21","date_gmt":"2026-05-04T11:29:21","guid":{"rendered":"https:\/\/www.hediyepazar.com\/?product=turk-berber-kuafor-ara-makasi-17-cm"},"modified":"2026-05-04T08:29:21","modified_gmt":"2026-05-04T11:29:21","slug":"turk-berber-kuafor-ara-makasi-17-cm","status":"publish","type":"product","link":"https:\/\/www.hediyepazar.com\/?product=turk-berber-kuafor-ara-makasi-17-cm","title":{"rendered":"Turk Berber Kuaf\u00f6r Ara Makas\u0131 17 cm"},"content":{"rendered":"<p>\n\t<strong>\u00dcr\u00fcn \u00d6zellikleri : <\/strong><\/p>\n<p>\t<strong>Renk : <\/strong>Resimdeki Renk birebir g\u00f6nderilir ve s\u00fcrpriz ya\u015famazs\u0131n\u0131z.<\/p>\n<p>\t<strong>Materyal : Paslanmaz \u00c7elik + Plastik ergonomik tutma sap\u0131 <\/strong><\/p>\n<p>\t<strong>\u00d6l\u00e7\u00fcler : <\/strong> (Kapal\u0131): 17 x 5.5cm -Kesim Boyu : 6cm- Ekran yan\u0131lmalar\u0131na kar\u015f\u0131 l\u00fctfen \u00f6l\u00e7\u00fcleri kar\u015f\u0131la\u015ft\u0131r\u0131n.<\/p>\n<p>\tHSNETa ad\u0131na Taksun International taraf\u0131ndan \u00fcretilir. Makas, bir b\u0131\u00e7akta di\u015fler ve ikincisinde p\u00fcr\u00fczs\u00fcz bir ustura kenar\u0131 i\u00e7erir.<br \/>\n\tEv ve berber i\u00e7in m\u00fckemmel, kal\u0131n sa\u00e7lar\u0131 inceltmek, sa\u00e7 kesimi veya kuaf\u00f6rl\u00fck kullan\u0131m\u0131 i\u00e7in harika.<br \/>\n\tB\u0131\u00e7aklar, daha iyi t\u0131ra\u015f b\u0131\u00e7a\u011f\u0131 kenar\u0131 tutu\u015fu i\u00e7in d\u0131\u015fb\u00fckey oyuk zemindir.<\/p>\n","protected":false},"excerpt":{"rendered":"<p>\u00dcr\u00fcn \u00d6zellikleri : Renk : Resimdeki Renk birebir g\u00f6nderilir ve s\u00fcrpriz ya\u015famazs\u0131n\u0131z. Materyal : Paslanmaz \u00c7elik + Plastik ergonomik tutma sap\u0131 \u00d6l\u00e7\u00fcler : (Kapal\u0131): 17 x 5.5cm -Kesim Boyu : 6cm- Ekran yan\u0131lmalar\u0131na kar\u015f\u0131 l\u00fctfen \u00f6l\u00e7\u00fcleri kar\u015f\u0131la\u015ft\u0131r\u0131n. HSNETa ad\u0131na Taksun International taraf\u0131ndan \u00fcretilir. Makas, bir b\u0131\u00e7akta di\u015fler ve ikincisinde p\u00fcr\u00fczs\u00fcz bir ustura kenar\u0131 i\u00e7erir. Ev&#8230;<\/p>\n","protected":false},"featured_media":0,"comment_status":"open","ping_status":"closed","template":"","meta":{"_kad_post_transparent":"","_kad_post_title":"","_kad_post_layout":"","_kad_post_sidebar_id":"","_kad_post_content_style":"","_kad_post_vertical_padding":"","_kad_post_feature":"","_kad_post_feature_position":"","_kad_post_header":false,"_kad_post_footer":false,"_kad_post_classname":""},"product_brand":[],"product_cat":[7917],"product_tag":[],"class_list":{"0":"post-102868","1":"product","2":"type-product","3":"status-publish","5":"product_cat-tarak-ve-makaslar-kuafor-urunleri-erkek-kuafor-tarak-ve-makaslar","7":"first","8":"instock","9":"purchasable","10":"product-type-simple","11":"entry","12":"content-bg","13":"loop-entry"},"_links":{"self":[{"href":"https:\/\/www.hediyepazar.com\/index.php?rest_route=\/wp\/v2\/product\/102868","targetHints":{"allow":["GET"]}}],"collection":[{"href":"https:\/\/www.hediyepazar.com\/index.php?rest_route=\/wp\/v2\/product"}],"about":[{"href":"https:\/\/www.hediyepazar.com\/index.php?rest_route=\/wp\/v2\/types\/product"}],"replies":[{"embeddable":true,"href":"https:\/\/www.hediyepazar.com\/index.php?rest_route=%2Fwp%2Fv2%2Fcomments&post=102868"}],"wp:attachment":[{"href":"https:\/\/www.hediyepazar.com\/index.php?rest_route=%2Fwp%2Fv2%2Fmedia&parent=102868"}],"wp:term":[{"taxonomy":"product_brand","embeddable":true,"href":"https:\/\/www.hediyepazar.com\/index.php?rest_route=%2Fwp%2Fv2%2Fproduct_brand&post=102868"},{"taxonomy":"product_cat","embeddable":true,"href":"https:\/\/www.hediyepazar.com\/index.php?rest_route=%2Fwp%2Fv2%2Fproduct_cat&post=102868"},{"taxonomy":"product_tag","embeddable":true,"href":"https:\/\/www.hediyepazar.com\/index.php?rest_route=%2Fwp%2Fv2%2Fproduct_tag&post=102868"}],"curies":[{"name":"wp","href":"https:\/\/api.w.org\/{rel}","templated":true}]}}