{"id":102869,"date":"2026-05-04T08:30:18","date_gmt":"2026-05-04T11:30:18","guid":{"rendered":"https:\/\/www.hediyepazar.com\/?product=turk-piazzetta-420-ml-buyulu-karisim-french-press"},"modified":"2026-05-04T08:30:18","modified_gmt":"2026-05-04T11:30:18","slug":"turk-piazzetta-420-ml-buyulu-karisim-french-press","status":"publish","type":"product","link":"https:\/\/www.hediyepazar.com\/?product=turk-piazzetta-420-ml-buyulu-karisim-french-press","title":{"rendered":"Turk Piazzetta 420 Ml B\u00fcy\u00fcl\u00fc Kar\u0131\u015f\u0131m French Press"},"content":{"rendered":"<p>\n\t<span style=\"color:#ff0000;\"><strong>Spesifikasyonlar : <\/strong><\/span><\/p>\n<p>\n\t<span style=\"color:#008000;\"><strong>Renk : Resimdeki Renk-Desen Kombinasyonu birebir g\u00f6nderilir. Ekran fark\u0131 nedeniyle, renk tonlar\u0131 %0,5 oran\u0131nda fark olabilir. L\u00fctfen anlay\u0131\u015f g\u00f6sterin<\/strong><\/span><\/p>\n<p>\n\t<span style=\"color:#ff0000;\"><strong>Materyal : Paslanmaz \u00c7elik i\u00e7 tak\u0131m, tritan akrilik plastik\u00a0<\/strong><\/span><\/p>\n<p>\n\t<span style=\"color:#ff0000;\"><strong>Kapasite : 420 ml <\/strong><\/span><\/p>\n<p>\n\t<span style=\"color:#008000;\"><strong>GEN\u0130\u015e KULLANIM ALANI : Bir French Press\u2019ten \u00e7ok daha fazlas\u0131 !\u00a0 Kahve, bitki \u00e7ay\u0131, de\u011fi\u015fik \u00e7aylar ile \u00e7oklu kullan\u0131m sunar. <\/strong><\/span><\/p>\n<p>\n\t<strong>Bir Daha \u00c7amurlu Kahve Yapma : <\/strong>French pres kahve makinemiz, 2 termoplastik halka i\u00e7erisinde silikon destekli filtreleme sistemine sahiptir. ve bunlar\u0131n t\u00fcm\u00fc kahve telvesinin k\u0131r\u0131lmas\u0131n\u0131 sa\u011flamaya yard\u0131mc\u0131 olmaktan daha fazlas\u0131d\u0131r.<\/p>\n<p>\t<strong>Kahve Yapma Deneyiminizi Geli\u015ftirin: <\/strong>T\u00fcm kahve yapma s\u00fcrecini izlemenizi sa\u011flar. Kola basarken s\u0131cak su ve kahve telvesinin ayr\u0131lmas\u0131n\u0131 izleyin. Kahve aromalar\u0131n\u0131n b\u00fcy\u00fcl\u00fc kar\u0131\u015f\u0131m\u0131n\u0131n sizi mutlu yerinize ta\u015f\u0131yan bir dizi duyusal deneyim yaratmas\u0131na izin verin.<br \/>\n\t<strong>Kal\u0131nla\u015ft\u0131r\u0131lm\u0131\u015f Tritan Bardak :<\/strong> French press kahve makinesi, a\u015f\u0131r\u0131 s\u0131cakl\u0131k de\u011fi\u015fimlerine dayanabilen kal\u0131nla\u015ft\u0131r\u0131lm\u0131\u015f, y\u00fcksek kaliteli \u0131s\u0131ya dayan\u0131kl\u0131 Tritan akrilik \u2018den yap\u0131lm\u0131\u015ft\u0131r. Art\u0131k kahvenin k\u00f6t\u00fc metalik bir tat ile lekelenmesi konusunda endi\u015felenmenize gerek yok. \u00c7ay, espresso ve hatta so\u011fuk i\u00e7ecekler yapmak i\u00e7in idealdir.<\/p>\n<p>\t<strong>Temizlemesi Kolay :<\/strong> Presin her par\u00e7as\u0131 temizlik i\u00e7in demonte edilebilir, bu da temizli\u011fi kolay ve basit hale getirir.<\/p>\n<p>\n\tister ilk kez kullan\u0131c\u0131 olun, ba\u015flamak kolayd\u0131r. Presin her par\u00e7as\u0131 temizlik i\u00e7in demonte edilebilir ve daha k\u00fc\u00e7\u00fck kahve telveleri bile basit bir f\u0131r\u00e7ayla katmanlar\u0131ndan kolayca temizlenebilir.<\/p>\n<p><\/p>\n<p>\n\tDETAYLI B\u0130LG\u0130 \u0130\u00c7\u0130N EK RES\u0130MLER\u0130 \u0130NCELEYEB\u0130L\u0130RS\u0130N\u0130Z.<br \/>\n\t<img decoding=\"async\"  src=\"https:\/\/hepsicdn.com.tr\/static\/product_detail\/hbnetfd911488_4875501.webp\"><\/p>\n","protected":false},"excerpt":{"rendered":"<p>Spesifikasyonlar : Renk : Resimdeki Renk-Desen Kombinasyonu birebir g\u00f6nderilir. Ekran fark\u0131 nedeniyle, renk tonlar\u0131 %0,5 oran\u0131nda fark olabilir. L\u00fctfen anlay\u0131\u015f g\u00f6sterin Materyal : Paslanmaz \u00c7elik i\u00e7 tak\u0131m, tritan akrilik plastik\u00a0 Kapasite : 420 ml GEN\u0130\u015e KULLANIM ALANI : Bir French Press\u2019ten \u00e7ok daha fazlas\u0131 !\u00a0 Kahve, bitki \u00e7ay\u0131, de\u011fi\u015fik \u00e7aylar ile \u00e7oklu kullan\u0131m sunar. Bir&#8230;<\/p>\n","protected":false},"featured_media":0,"comment_status":"open","ping_status":"closed","template":"","meta":{"_kad_post_transparent":"","_kad_post_title":"","_kad_post_layout":"","_kad_post_sidebar_id":"","_kad_post_content_style":"","_kad_post_vertical_padding":"","_kad_post_feature":"","_kad_post_feature_position":"","_kad_post_header":false,"_kad_post_footer":false,"_kad_post_classname":""},"product_brand":[],"product_cat":[7826],"product_tag":[],"class_list":{"0":"post-102869","1":"product","2":"type-product","3":"status-publish","5":"product_cat-endustriyel-mutfak-ekipmanlari-sofra-sofra-mutfak-ev-yasam-endustriyel-mutfak-ekipmanlari","7":"first","8":"instock","9":"purchasable","10":"product-type-simple","11":"entry","12":"content-bg","13":"loop-entry"},"_links":{"self":[{"href":"https:\/\/www.hediyepazar.com\/index.php?rest_route=\/wp\/v2\/product\/102869","targetHints":{"allow":["GET"]}}],"collection":[{"href":"https:\/\/www.hediyepazar.com\/index.php?rest_route=\/wp\/v2\/product"}],"about":[{"href":"https:\/\/www.hediyepazar.com\/index.php?rest_route=\/wp\/v2\/types\/product"}],"replies":[{"embeddable":true,"href":"https:\/\/www.hediyepazar.com\/index.php?rest_route=%2Fwp%2Fv2%2Fcomments&post=102869"}],"wp:attachment":[{"href":"https:\/\/www.hediyepazar.com\/index.php?rest_route=%2Fwp%2Fv2%2Fmedia&parent=102869"}],"wp:term":[{"taxonomy":"product_brand","embeddable":true,"href":"https:\/\/www.hediyepazar.com\/index.php?rest_route=%2Fwp%2Fv2%2Fproduct_brand&post=102869"},{"taxonomy":"product_cat","embeddable":true,"href":"https:\/\/www.hediyepazar.com\/index.php?rest_route=%2Fwp%2Fv2%2Fproduct_cat&post=102869"},{"taxonomy":"product_tag","embeddable":true,"href":"https:\/\/www.hediyepazar.com\/index.php?rest_route=%2Fwp%2Fv2%2Fproduct_tag&post=102869"}],"curies":[{"name":"wp","href":"https:\/\/api.w.org\/{rel}","templated":true}]}}