{"id":102928,"date":"2026-05-04T08:52:17","date_gmt":"2026-05-04T11:52:17","guid":{"rendered":"https:\/\/www.hediyepazar.com\/?product=turk-erkek-kas-sekillendirme-tuy-alma-jileti-2-adet"},"modified":"2026-05-04T08:52:17","modified_gmt":"2026-05-04T11:52:17","slug":"turk-erkek-kas-sekillendirme-tuy-alma-jileti-2-adet","status":"publish","type":"product","link":"https:\/\/www.hediyepazar.com\/?product=turk-erkek-kas-sekillendirme-tuy-alma-jileti-2-adet","title":{"rendered":"Turk Erkek Ka\u015f \u015eekillendirme T\u00fcy Alma Jileti 2 ADET"},"content":{"rendered":"<p>\n\t<strong>\u00dcr\u00fcn \u00d6zellikleri : <\/strong><\/p>\n<p>\t<strong>Materyal :\u00a0<\/strong><strong>Paslanmaz \u00c7elik B\u0131\u00e7ak + Plastik Sap<\/strong><\/p>\n<p>\t<strong>Adet \/ Renk \/ Tasar\u0131m : <\/strong> 2Adet, HSNET\u00a0<span style=\"color: rgb(1, 15, 38); font-family: Roboto, sans-serif; font-size: 13px;\">Zeno\u00a0<\/span>Design olarak tasarlad\u0131\u011f\u0131m\u0131z, resimde yer alan \u00fcr\u00fcn\u00fc\/modeli , s\u00fcrpriz ya\u015famaman\u0131z i\u00e7in birebir g\u00f6nderiyoruz<\/p>\n<p>\t<strong>\u00d6l\u00e7\u00fcler :\u00a0<\/strong><strong>\u00a020 cm uzunluk\u00a0<\/strong><\/p>\n<p>\t<strong>GEN\u0130\u015e KULLANIM ALANI : Sadece ka\u015f\u0131n\u0131zdaki ve ka\u015f aras\u0131ndaki t\u00fcyleri almakla kalmaz, ayn\u0131 zamanda y\u00fcz\u00fcn\u00fczdeki ve v\u00fccudunuzdaki gereksiz t\u00fcyleriniz i\u00e7in de uygundur. El, ayak, v\u00fccut k\u0131llar\u0131, koltuk alt\u0131, y\u00fcz k\u0131l\u0131 t\u0131ra\u015f makinesi olarak da kullan\u0131l\u0131r, sakal kenarlar\u0131ndaki t\u00fcyleri yok eder, ayr\u0131ca boyun b\u00f6lgesindeki ince t\u00fcyleri almak i\u00e7in kullan\u0131l\u0131r. Ka\u015flar\u0131 koparmadan, c\u0131mb\u0131zla, a\u011fda veya di\u015f \u00e7ekmeden m\u00fckemmel ka\u015flar olu\u015fturun.\u00a0 \u00a0t\u00fcy d\u00f6k\u00fcc\u00fc kremlere ve t\u0131ra\u015f b\u0131\u00e7aklar\u0131na harika bir alternatif. <\/strong><\/p>\n<p>\t<strong>KULLANIMI KOLAY : <\/strong>Keskin b\u0131\u00e7ak, yeni ba\u015flayanlar i\u00e7in kullan\u0131m\u0131 ve ta\u015f\u0131nmas\u0131 g\u00fcvenli olan \u00fcstte plastik bir kapak ile birlikte gelir.<\/p>\n<p>\t<strong>PASLANMAZ \u00c7EL\u0130K : <\/strong>T\u0131ra\u015f B\u0131\u00e7a\u011f\u0131 paslanmaz \u00e7elikten imal edilmi\u015ftir ve sap\u0131 plastiktir.<br \/>\n\tSadece ka\u015f\u0131n\u0131zdaki t\u00fcyleri \u00e7\u0131karmakla kalmaz, ayn\u0131 zamanda y\u00fcz\u00fcn\u00fczdeki ve v\u00fccudunuzdaki gereksiz t\u00fcyleriniz i\u00e7in de uygundur.<\/p>\n<p>\t<strong>DAHA UYGUN VE A\u011eRISIZ. <\/strong>Geleneksel y\u00f6ntemlerden farkl\u0131 olarak, ka\u015flar\u0131n\u0131z\u0131 h\u0131zl\u0131 bir \u015fekilde \u015fekillendirebilir ve cilt koruma alt\u0131nda nazik\u00e7e \u015f\u0131k bir \u015fekilde \u015fekillendirebilirsiniz.<\/p>\n<p>\t<strong>Y\u00dcKSEK DERECEL\u0130 TIRA\u015e ETK\u0130S\u0130. <\/strong>Uzun \u00f6m\u00fcrl\u00fc keskinlik ve hassas tasar\u0131ml\u0131 paslanmaz \u00e7elik b\u0131\u00e7aklar, kaymay\u0131 \u00f6nleyici tutu\u015f ile kolayl\u0131kla kontrol etmenizi sa\u011flar.<\/p>\n<p>\n\t<strong>B\u00dcY\u00dcK TIRA\u015e DENEY\u0130M\u0130. <\/strong>Bu ka\u015f t\u0131ra\u015f makinesi ile ka\u015flar\u0131n\u0131z\u0131 g\u00fczelle\u015ftirebilir ve y\u00fcz\u00fcn\u00fczdeki veya v\u00fccudunuzdaki t\u00fcyleri ince bir \u015fekilde d\u00fczeltebilirsiniz\u00a0\u00a0<\/p>\n<p>\n\t<br \/>\n\t<strong>HASSAS : <\/strong>Korumal\u0131 tasar\u0131ma sahip t\u0131ra\u015f b\u0131\u00e7a\u011f\u0131 kenar\u0131, geni\u015fletilmi\u015f b\u0131\u00e7ak kesiti ve a\u011f ile \u00f6zel tasar\u0131m, rahat t\u0131ra\u015f sa\u011flar, cildi incitmekten korur. P\u00fcr\u00fczs\u00fczle\u015ftirir ve Eksfoliye eder, ciltte yumu\u015fak ve p\u00fcr\u00fczs\u00fcz bir his b\u0131rak\u0131r. G\u00fcvenlik b\u0131\u00e7aklar\u0131 t\u00fcyleri h\u0131zl\u0131 ve kolay bir \u015fekilde kenarlar ve al\u0131r.<\/p>\n<p>\n\t\u00a0<\/p>\n<p>\n\t<strong>M\u00dcKEMMEL SATI\u015e SONRASI H\u0130ZMET : <\/strong>HSNET \/ HSNET olarak m\u00fc\u015fterilerimize en iyi hizmeti sunmay\u0131 ama\u00e7l\u0131yor, g\u00fcvenle sat\u0131n alabilmeniz i\u00e7in, ambalaj kalitemize g\u00fcveniyor, her \u00fcr\u00fcn sorunsuz teslimat i\u00e7in \u00f6zenle paketliyor ve resimde belirtilen renk, ebat, \u00f6zelikte \u00fcr\u00fcn g\u00f6ndermeyi taahh\u00fct ediyoruz. Hasarl\u0131 \u00fcr\u00fcn ald\u0131ysan\u0131z veya di\u011fer \u00fcr\u00fcn ve paket teslimat sorunlar\u0131 oldu\u011funda bizimle ileti\u015fime ge\u00e7mekten \u00e7ekinmeyin.<\/p>\n<p>\n\t<strong>Detayl\u0131 bilgi i\u00e7in ek resimleri inceleyebilirsiniz<\/strong><\/p>\n<p><\/p>\n<p>\n\t<img decoding=\"async\"  src=\"https:\/\/hepsicdn.com.tr\/static\/product_detail\/hbnet95685f63_4886401.jpg\"><\/p>\n<p>\n\t\u00a0<\/p>\n","protected":false},"excerpt":{"rendered":"<p>\u00dcr\u00fcn \u00d6zellikleri : Materyal :\u00a0Paslanmaz \u00c7elik B\u0131\u00e7ak + Plastik Sap Adet \/ Renk \/ Tasar\u0131m : 2Adet, HSNET\u00a0Zeno\u00a0Design olarak tasarlad\u0131\u011f\u0131m\u0131z, resimde yer alan \u00fcr\u00fcn\u00fc\/modeli , s\u00fcrpriz ya\u015famaman\u0131z i\u00e7in birebir g\u00f6nderiyoruz \u00d6l\u00e7\u00fcler :\u00a0\u00a020 cm uzunluk\u00a0 GEN\u0130\u015e KULLANIM ALANI : Sadece ka\u015f\u0131n\u0131zdaki ve ka\u015f aras\u0131ndaki t\u00fcyleri almakla kalmaz, ayn\u0131 zamanda y\u00fcz\u00fcn\u00fczdeki ve v\u00fccudunuzdaki gereksiz t\u00fcyleriniz i\u00e7in de&#8230;<\/p>\n","protected":false},"featured_media":0,"comment_status":"open","ping_status":"closed","template":"","meta":{"_kad_post_transparent":"","_kad_post_title":"","_kad_post_layout":"","_kad_post_sidebar_id":"","_kad_post_content_style":"","_kad_post_vertical_padding":"","_kad_post_feature":"","_kad_post_feature_position":"","_kad_post_header":false,"_kad_post_footer":false,"_kad_post_classname":""},"product_brand":[],"product_cat":[14227],"product_tag":[],"class_list":{"0":"post-102928","1":"product","2":"type-product","3":"status-publish","5":"product_cat-kuafor-urunleri-erkek-kuafor-kuafor-urunleri","7":"first","8":"instock","9":"purchasable","10":"product-type-simple","11":"entry","12":"content-bg","13":"loop-entry"},"_links":{"self":[{"href":"https:\/\/www.hediyepazar.com\/index.php?rest_route=\/wp\/v2\/product\/102928","targetHints":{"allow":["GET"]}}],"collection":[{"href":"https:\/\/www.hediyepazar.com\/index.php?rest_route=\/wp\/v2\/product"}],"about":[{"href":"https:\/\/www.hediyepazar.com\/index.php?rest_route=\/wp\/v2\/types\/product"}],"replies":[{"embeddable":true,"href":"https:\/\/www.hediyepazar.com\/index.php?rest_route=%2Fwp%2Fv2%2Fcomments&post=102928"}],"wp:attachment":[{"href":"https:\/\/www.hediyepazar.com\/index.php?rest_route=%2Fwp%2Fv2%2Fmedia&parent=102928"}],"wp:term":[{"taxonomy":"product_brand","embeddable":true,"href":"https:\/\/www.hediyepazar.com\/index.php?rest_route=%2Fwp%2Fv2%2Fproduct_brand&post=102928"},{"taxonomy":"product_cat","embeddable":true,"href":"https:\/\/www.hediyepazar.com\/index.php?rest_route=%2Fwp%2Fv2%2Fproduct_cat&post=102928"},{"taxonomy":"product_tag","embeddable":true,"href":"https:\/\/www.hediyepazar.com\/index.php?rest_route=%2Fwp%2Fv2%2Fproduct_tag&post=102928"}],"curies":[{"name":"wp","href":"https:\/\/api.w.org\/{rel}","templated":true}]}}