{"id":102977,"date":"2026-05-04T09:11:01","date_gmt":"2026-05-04T12:11:01","guid":{"rendered":"https:\/\/www.hediyepazar.com\/?product=ezere-elektrikli-kahve-ogutme-makinesi-5775"},"modified":"2026-05-04T09:11:01","modified_gmt":"2026-05-04T12:11:01","slug":"ezere-elektrikli-kahve-ogutme-makinesi-5775","status":"publish","type":"product","link":"https:\/\/www.hediyepazar.com\/?product=ezere-elektrikli-kahve-ogutme-makinesi-5775","title":{"rendered":"Ezere Elektrikli Kahve \u00d6\u011f\u00fctme Makinesi-(5775)"},"content":{"rendered":"<p>Ezere Elektrikli Kahve &Ouml;&#287;&uuml;tme Makinesi<br \/> EZERE kahve &ouml;&#287;&uuml;t&uuml;c&uuml;s&uuml; konik seramik &ccedil;apak teknolojisini kullan&#305;r.<br \/> Paslanmaz &ccedil;elik b&#305;&ccedil;aklarla kar&#351;&#305;la&#351;t&#305;r&#305;ld&#305;&#287;&#305;nda, seramik malzeme &ouml;&#287;&uuml;tme i&#351;lemi s&#305;ras&#305;nda daha az &#305;s&#305; &uuml;retir ve kahve &ccedil;ekirdeklerinin do&#287;al aromas&#305;n&#305; m&uuml;kemmel bir &#351;ekilde sunar.<br \/> Espresso&#8217;nun ince tozundan French press&#8217;in kaba par&ccedil;ac&#305;klar&#305;na kadar 40 seviyeli kaba ve ince ayar, tek t&#305;klamayla ge&ccedil;i&#351;, her fincan kahveyi damak zevki i&ccedil;in bir &#351;&ouml;lene d&ouml;n&uuml;&#351;t&uuml;r&uuml;r.<br \/> Ultra ince ile ultra kaba aras&#305;nda 40 harici olarak kontrol edilebilen &ouml;&#287;&uuml;tme ayar&#305;, farkl&#305; demleme y&ouml;ntemlerinin ihtiya&ccedil;lar&#305;n&#305; kar&#351;&#305;lar, d&uuml;zg&uuml;n &ouml;&#287;&uuml;tme par&ccedil;ac&#305;klar&#305; sa&#287;lar ve kahvenin do&#287;al aromas&#305;n&#305; ve lezzetini korur.<br \/> EZERE&#8217;nin ta&#351;&#305;nabilir kahve &ouml;&#287;&uuml;t&uuml;c&uuml;s&uuml;, h&#305;zl&#305; bir &#351;ekilde &#351;arj olmas&#305; yaln&#305;zca yakla&#351;&#305;k 3 saat s&uuml;ren 1800mAh b&uuml;y&uuml;k kapasiteli lityum pil ile donat&#305;lm&#305;&#351;t&#305;r. Tam &#351;arj oldu&#287;unda s&uuml;rekli olarak 30 fincan kahve &ouml;&#287;&uuml;tebilir! 25 g &ccedil;ekirdek haznesi kapasitesi, ayn&#305; anda 3 fincan kahvenin &ouml;&#287;&uuml;tme ihtiyac&#305;n&#305; kar&#351;&#305;lar. &#304;ster a&ccedil;&#305;k hava kamp&#305;, ister karavan seyahati veya ofis e&#287;lencesi olsun, profesyonel bir kahve deneyimi yaratmak kolayd&#305;r. Dahili pil tasar&#305;m&#305;, g&uuml;&ccedil; sorunlar&#305; konusunda endi&#351;elenmeden her zaman, her yerde kahvenin tad&#305;n&#305; &ccedil;&#305;karman&#305;z&#305; sa&#287;lar. Seyahat veya a&ccedil;&#305;k hava kullan&#305;m&#305; i&ccedil;in uygundur.<br \/> k&#305;ll&#305; diren&ccedil; alg&#305;lama ile &ouml;&#287;&uuml;tme i&#351;leminden sonra g&uuml;c&uuml; otomatik olarak keser. Sadece hafif bir bas&#305;&#351;la, bu ta&#351;&#305;nabilir kahve &ouml;&#287;&uuml;t&uuml;c&uuml;s&uuml; rahat bir kahve hayat&#305;n&#305;n tad&#305;n&#305; kolayca &ccedil;&#305;karabilir.&nbsp;<br \/> Bu k&uuml;&ccedil;&uuml;k kahve &ouml;&#287;&uuml;t&uuml;c&uuml;s&uuml; &uuml;&ccedil; a&#351;amal&#305; &ccedil;&#305;kar&#305;labilir bir yap&#305;ya sahiptir ve kalan kahve tozunu kolayca &ccedil;&#305;karmak i&ccedil;in bir temizleme f&#305;r&ccedil;as&#305; ile donat&#305;lm&#305;&#351;t&#305;r. &Ouml;&#287;&uuml;tme haznesi ve &#351;effaf toz haznesi do&#287;rudan suyla y&#305;kanabilir(NOT: MAK&#304;NE YIKAMAYA UYGUN DE&#286;&#304;LD&#304;R!)<br \/> Marka: Ezere<br \/> G&uuml;&ccedil;: 10W<br \/> Pil: 1800mAh<br \/> &Ouml;l&ccedil;&uuml;ler: 82mm*186mm<br \/> Kablo: Type-C<\/p>\n<p><img decoding=\"async\" style=\"height:1111px; width:700px\" src=\"https:\/\/hepsicdn.com.tr\/static\/product_detail\/hbnet34b0f525_4900711.webp\"><\/p>\n<p><img decoding=\"async\" style=\"height:792px; width:700px\" src=\"https:\/\/hepsicdn.com.tr\/static\/product_detail\/hbnet34b0f525_4900712.webp\"><\/p>\n<p><img decoding=\"async\" style=\"height:430px; width:700px\" src=\"https:\/\/hepsicdn.com.tr\/static\/product_detail\/hbnet34b0f525_4900713.webp\"><\/p>\n<p><img decoding=\"async\" style=\"height:828px; width:700px\" src=\"https:\/\/hepsicdn.com.tr\/static\/product_detail\/hbnet34b0f525_4900714.webp\"><\/p>\n<p><img decoding=\"async\" style=\"height:1286px; width:700px\" src=\"https:\/\/hepsicdn.com.tr\/static\/product_detail\/hbnet34b0f525_4900715.webp\"><\/p>\n<p>&nbsp;<\/p>\n","protected":false},"excerpt":{"rendered":"<p>Ezere Elektrikli Kahve &Ouml;&#287;&uuml;tme Makinesi EZERE kahve &ouml;&#287;&uuml;t&uuml;c&uuml;s&uuml; konik seramik &ccedil;apak teknolojisini kullan&#305;r. Paslanmaz &ccedil;elik b&#305;&ccedil;aklarla kar&#351;&#305;la&#351;t&#305;r&#305;ld&#305;&#287;&#305;nda, seramik malzeme &ouml;&#287;&uuml;tme i&#351;lemi s&#305;ras&#305;nda daha az &#305;s&#305; &uuml;retir ve kahve &ccedil;ekirdeklerinin do&#287;al aromas&#305;n&#305; m&uuml;kemmel bir &#351;ekilde sunar. Espresso&#8217;nun ince tozundan French press&#8217;in kaba par&ccedil;ac&#305;klar&#305;na kadar 40 seviyeli kaba ve ince ayar, tek t&#305;klamayla ge&ccedil;i&#351;, her fincan kahveyi&#8230;<\/p>\n","protected":false},"featured_media":102976,"comment_status":"open","ping_status":"closed","template":"","meta":{"_kad_post_transparent":"","_kad_post_title":"","_kad_post_layout":"","_kad_post_sidebar_id":"","_kad_post_content_style":"","_kad_post_vertical_padding":"","_kad_post_feature":"","_kad_post_feature_position":"","_kad_post_header":false,"_kad_post_footer":false,"_kad_post_classname":""},"product_brand":[],"product_cat":[14156],"product_tag":[],"class_list":{"0":"post-102977","1":"product","2":"type-product","3":"status-publish","4":"has-post-thumbnail","6":"product_cat-pratik-ev-esyalari-ev-gerecleri-ev-yasam-pratik-ev-esyalari-ev-gerecleri-ev-yasam","8":"first","9":"instock","10":"purchasable","11":"product-type-simple","12":"entry","13":"content-bg","14":"loop-entry"},"_links":{"self":[{"href":"https:\/\/www.hediyepazar.com\/index.php?rest_route=\/wp\/v2\/product\/102977","targetHints":{"allow":["GET"]}}],"collection":[{"href":"https:\/\/www.hediyepazar.com\/index.php?rest_route=\/wp\/v2\/product"}],"about":[{"href":"https:\/\/www.hediyepazar.com\/index.php?rest_route=\/wp\/v2\/types\/product"}],"replies":[{"embeddable":true,"href":"https:\/\/www.hediyepazar.com\/index.php?rest_route=%2Fwp%2Fv2%2Fcomments&post=102977"}],"wp:featuredmedia":[{"embeddable":true,"href":"https:\/\/www.hediyepazar.com\/index.php?rest_route=\/wp\/v2\/media\/102976"}],"wp:attachment":[{"href":"https:\/\/www.hediyepazar.com\/index.php?rest_route=%2Fwp%2Fv2%2Fmedia&parent=102977"}],"wp:term":[{"taxonomy":"product_brand","embeddable":true,"href":"https:\/\/www.hediyepazar.com\/index.php?rest_route=%2Fwp%2Fv2%2Fproduct_brand&post=102977"},{"taxonomy":"product_cat","embeddable":true,"href":"https:\/\/www.hediyepazar.com\/index.php?rest_route=%2Fwp%2Fv2%2Fproduct_cat&post=102977"},{"taxonomy":"product_tag","embeddable":true,"href":"https:\/\/www.hediyepazar.com\/index.php?rest_route=%2Fwp%2Fv2%2Fproduct_tag&post=102977"}],"curies":[{"name":"wp","href":"https:\/\/api.w.org\/{rel}","templated":true}]}}