{"id":103020,"date":"2026-05-04T09:14:04","date_gmt":"2026-05-04T12:14:04","guid":{"rendered":"https:\/\/www.hediyepazar.com\/?product=ally-ayarlanabilir-arac-ici-torpido-ustu-manyetik-telefon-tutucu-5775"},"modified":"2026-05-04T09:14:04","modified_gmt":"2026-05-04T12:14:04","slug":"ally-ayarlanabilir-arac-ici-torpido-ustu-manyetik-telefon-tutucu-5775","status":"publish","type":"product","link":"https:\/\/www.hediyepazar.com\/?product=ally-ayarlanabilir-arac-ici-torpido-ustu-manyetik-telefon-tutucu-5775","title":{"rendered":"ALLY Ayarlanabilir Ara\u00e7 \u0130\u00e7i Torpido \u00dcst\u00fc Manyetik Telefon Tutucu-(5775)"},"content":{"rendered":"<p>HBNT Ayarlanabilir Ara&ccedil; &#304;&ccedil;i Torpido &Uuml;st&uuml; Manyetik Telefon Tutucu<br \/> Minimalist ve &#351;&#305;k b&uuml;k&uuml;lebilir tasar&#305;m&#305;yla bulundu&#287;u ortam ile b&uuml;t&uuml;nle&#351;ir.<br \/> 360&deg; d&ouml;nebilen tasar&#305;m&#305; sayesinde a&ccedil;&#305;y&#305; kendinize g&ouml;re ayarlayabilirsiniz.<br \/> &#304;z b&#305;rakmayan yap&#305;&#351;t&#305;r&#305;c&#305; ve premium doku.<br \/> Tesla otomobillere uygundur.<br \/> 18N manyetik disk, telefonu s&#305;k&#305;ca tutar.<br \/> Tesla otomobillere uygundur.<br \/> 18N manyetik disk, telefonu s&#305;k&#305;ca tutar.<br \/> Marka: Ally<br \/> Malzeme: ABS+PC+M&#305;knat&#305;s<br \/> A&#287;&#305;rl&#305;k: 200gr<br \/> Boyut: 23*6,5*5cm<\/p>\n<p>&nbsp;<\/p>\n<p><img decoding=\"async\" style=\"height:700px; width:700px\" src=\"https:\/\/hepsicdn.com.tr\/static\/product_detail\/hbnetea965ea5_4904211.webp\"><\/p>\n<p><img decoding=\"async\" style=\"height:700px; width:700px\" src=\"https:\/\/hepsicdn.com.tr\/static\/product_detail\/hbnetea965ea5_4904212.webp\"><\/p>\n<p><img decoding=\"async\" style=\"height:700px; width:700px\" src=\"https:\/\/hepsicdn.com.tr\/static\/product_detail\/hbnetea965ea5_4904213.webp\"><\/p>\n","protected":false},"excerpt":{"rendered":"<p>HBNT Ayarlanabilir Ara&ccedil; &#304;&ccedil;i Torpido &Uuml;st&uuml; Manyetik Telefon Tutucu Minimalist ve &#351;&#305;k b&uuml;k&uuml;lebilir tasar&#305;m&#305;yla bulundu&#287;u ortam ile b&uuml;t&uuml;nle&#351;ir. 360&deg; d&ouml;nebilen tasar&#305;m&#305; sayesinde a&ccedil;&#305;y&#305; kendinize g&ouml;re ayarlayabilirsiniz. &#304;z b&#305;rakmayan yap&#305;&#351;t&#305;r&#305;c&#305; ve premium doku. Tesla otomobillere uygundur. 18N manyetik disk, telefonu s&#305;k&#305;ca tutar. Tesla otomobillere uygundur. 18N manyetik disk, telefonu s&#305;k&#305;ca tutar. Marka: Ally Malzeme: ABS+PC+M&#305;knat&#305;s A&#287;&#305;rl&#305;k:&#8230;<\/p>\n","protected":false},"featured_media":103019,"comment_status":"open","ping_status":"closed","template":"","meta":{"_kad_post_transparent":"","_kad_post_title":"","_kad_post_layout":"","_kad_post_sidebar_id":"","_kad_post_content_style":"","_kad_post_vertical_padding":"","_kad_post_feature":"","_kad_post_feature_position":"","_kad_post_header":false,"_kad_post_footer":false,"_kad_post_classname":""},"product_brand":[],"product_cat":[7872],"product_tag":[],"class_list":{"0":"post-103020","1":"product","2":"type-product","3":"status-publish","4":"has-post-thumbnail","6":"product_cat-arac-ici-telefon-tutucular-oto-aksesuarlari-cep-telefonu-elektronik-arac-ici-telefon-tutucular","8":"first","9":"instock","10":"purchasable","11":"product-type-simple","12":"entry","13":"content-bg","14":"loop-entry"},"_links":{"self":[{"href":"https:\/\/www.hediyepazar.com\/index.php?rest_route=\/wp\/v2\/product\/103020","targetHints":{"allow":["GET"]}}],"collection":[{"href":"https:\/\/www.hediyepazar.com\/index.php?rest_route=\/wp\/v2\/product"}],"about":[{"href":"https:\/\/www.hediyepazar.com\/index.php?rest_route=\/wp\/v2\/types\/product"}],"replies":[{"embeddable":true,"href":"https:\/\/www.hediyepazar.com\/index.php?rest_route=%2Fwp%2Fv2%2Fcomments&post=103020"}],"wp:featuredmedia":[{"embeddable":true,"href":"https:\/\/www.hediyepazar.com\/index.php?rest_route=\/wp\/v2\/media\/103019"}],"wp:attachment":[{"href":"https:\/\/www.hediyepazar.com\/index.php?rest_route=%2Fwp%2Fv2%2Fmedia&parent=103020"}],"wp:term":[{"taxonomy":"product_brand","embeddable":true,"href":"https:\/\/www.hediyepazar.com\/index.php?rest_route=%2Fwp%2Fv2%2Fproduct_brand&post=103020"},{"taxonomy":"product_cat","embeddable":true,"href":"https:\/\/www.hediyepazar.com\/index.php?rest_route=%2Fwp%2Fv2%2Fproduct_cat&post=103020"},{"taxonomy":"product_tag","embeddable":true,"href":"https:\/\/www.hediyepazar.com\/index.php?rest_route=%2Fwp%2Fv2%2Fproduct_tag&post=103020"}],"curies":[{"name":"wp","href":"https:\/\/api.w.org\/{rel}","templated":true}]}}