{"id":103091,"date":"2026-05-04T09:23:18","date_gmt":"2026-05-04T12:23:18","guid":{"rendered":"https:\/\/www.hediyepazar.com\/?product=duzzona-w8-15w-masaustu-wireless-hizli-kablosuz-sarj-cihazi-5775"},"modified":"2026-05-04T09:23:18","modified_gmt":"2026-05-04T12:23:18","slug":"duzzona-w8-15w-masaustu-wireless-hizli-kablosuz-sarj-cihazi-5775","status":"publish","type":"product","link":"https:\/\/www.hediyepazar.com\/?product=duzzona-w8-15w-masaustu-wireless-hizli-kablosuz-sarj-cihazi-5775","title":{"rendered":"Duzzona W8 15W Masa\u00fcst\u00fc Wireless H\u0131zl\u0131 Kablosuz \u015earj Cihaz\u0131-(5775)"},"content":{"rendered":"<p><strong>Duzzona W8 15W Masa&uuml;st&uuml; Wireless H&#305;zl&#305; Kablosuz &#350;arj Cihaz&#305;<\/strong><\/p>\n<p><img decoding=\"async\" data-cke-saved-src=\"https:\/\/cdn.myikas.com\/images\/4b0890c4-46f7-49c5-9b0d-d8f3dae632d6\/f7b11736-75d8-43c6-86e7-354e1de5d0c3\/image_1950.webp\" src=\"https:\/\/hepsicdn.com.tr\/static\/product_detail\/hbnet0f7b297a_4910711.webp\"><\/p>\n<p><img decoding=\"async\" data-cke-saved-src=\"https:\/\/cdn.myikas.com\/images\/4b0890c4-46f7-49c5-9b0d-d8f3dae632d6\/20efc0a9-a88b-4256-a99d-1510d044d4c4\/image_1950.webp\" src=\"https:\/\/hepsicdn.com.tr\/static\/product_detail\/hbnet0f7b297a_4910712.webp\"><\/p>\n<p><img decoding=\"async\" data-cke-saved-src=\"https:\/\/cdn.myikas.com\/images\/4b0890c4-46f7-49c5-9b0d-d8f3dae632d6\/5b643846-df90-4d1c-9a8a-9a89e9f9f963\/image_1950.webp\" src=\"https:\/\/hepsicdn.com.tr\/static\/product_detail\/hbnet0f7b297a_4910713.webp\"><\/p>\n<p><img decoding=\"async\" data-cke-saved-src=\"https:\/\/cdn.myikas.com\/images\/4b0890c4-46f7-49c5-9b0d-d8f3dae632d6\/e1c87590-f646-4b70-b291-87358eb7f5c5\/image_1950.webp\" src=\"https:\/\/hepsicdn.com.tr\/static\/product_detail\/hbnet0f7b297a_4910714.webp\"><\/p>\n<p><img decoding=\"async\" data-cke-saved-src=\"https:\/\/cdn.myikas.com\/images\/4b0890c4-46f7-49c5-9b0d-d8f3dae632d6\/b2523c6a-e573-4d15-b16d-74100de79bb3\/image_1950.webp\" src=\"https:\/\/hepsicdn.com.tr\/static\/product_detail\/hbnet0f7b297a_4910715.webp\"><\/p>\n<p><img decoding=\"async\" data-cke-saved-src=\"https:\/\/cdn.myikas.com\/images\/4b0890c4-46f7-49c5-9b0d-d8f3dae632d6\/10ba0fab-ff19-426d-b445-34040bec4e82\/image_1950.webp\" src=\"https:\/\/hepsicdn.com.tr\/static\/product_detail\/hbnet0f7b297a_4910716.webp\"><\/p>\n<p><img decoding=\"async\" data-cke-saved-src=\"https:\/\/cdn.myikas.com\/images\/4b0890c4-46f7-49c5-9b0d-d8f3dae632d6\/42c60565-02ce-4a3e-89e8-e3affe5d98f8\/image_1950.webp\" src=\"https:\/\/hepsicdn.com.tr\/static\/product_detail\/hbnet0f7b297a_4910717.webp\"><\/p>\n<p><strong>Duzzona W8 15W Masa&uuml;st&uuml; Wireless H&#305;zl&#305; Kablosuz &#350;arj Cihaz&#305;<\/strong><\/p>\n<p align=\"center\">15W maks kablosuz &#351;arj cihaz&#305;.<\/p>\n<p align=\"center\">H&#305;zl&#305; kablosuz &#351;arj deste&#287;i.<\/p>\n<p align=\"center\">Ultra g&uuml;venlikli &#351;arj modu.<\/p>\n<p align=\"center\">&Ccedil;oklu koruma, g&uuml;venli kullan&#305;m sa&#287;lar.<\/p>\n<p align=\"center\"><strong>&Ouml;zellikler:<\/strong><\/p>\n<p align=\"center\">&#350;arj verimlili&#287;i: &gt;75%<\/p>\n<p align=\"center\">Kablo uzunlu&#287;u: 1m<\/p>\n<p align=\"center\">Net A&#287;&#305;rl&#305;k: 75g<\/p>\n<p align=\"center\">Giri&#351;: 5.0V-2.0A, 9.0V-2.0A, 12.0V-1.5A<\/p>\n<p align=\"center\">&Ccedil;&#305;k&#305;&#351;: 5W\/7.5W\/10W\/15W(Maks)<\/p>\n<p align=\"center\">Boyutlar: 100 x 100 x 11mm<\/p>\n","protected":false},"excerpt":{"rendered":"<p>Duzzona W8 15W Masa&uuml;st&uuml; Wireless H&#305;zl&#305; Kablosuz &#350;arj Cihaz&#305; Duzzona W8 15W Masa&uuml;st&uuml; Wireless H&#305;zl&#305; Kablosuz &#350;arj Cihaz&#305; 15W maks kablosuz &#351;arj cihaz&#305;. H&#305;zl&#305; kablosuz &#351;arj deste&#287;i. Ultra g&uuml;venlikli &#351;arj modu. &Ccedil;oklu koruma, g&uuml;venli kullan&#305;m sa&#287;lar. &Ouml;zellikler: &#350;arj verimlili&#287;i: &gt;75% Kablo uzunlu&#287;u: 1m Net A&#287;&#305;rl&#305;k: 75g Giri&#351;: 5.0V-2.0A, 9.0V-2.0A, 12.0V-1.5A &Ccedil;&#305;k&#305;&#351;: 5W\/7.5W\/10W\/15W(Maks) Boyutlar: 100 x&#8230;<\/p>\n","protected":false},"featured_media":103090,"comment_status":"open","ping_status":"closed","template":"","meta":{"_kad_post_transparent":"","_kad_post_title":"","_kad_post_layout":"","_kad_post_sidebar_id":"","_kad_post_content_style":"","_kad_post_vertical_padding":"","_kad_post_feature":"","_kad_post_feature_position":"","_kad_post_header":false,"_kad_post_footer":false,"_kad_post_classname":""},"product_brand":[],"product_cat":[14496],"product_tag":[],"class_list":{"0":"post-103091","1":"product","2":"type-product","3":"status-publish","4":"has-post-thumbnail","6":"product_cat-sarj-cihazlarikablolari-cep-telefonu-aksesuarlari-cep-telefonu-elektronik-sarj-cihazlarikablolari","8":"first","9":"instock","10":"purchasable","11":"product-type-simple","12":"entry","13":"content-bg","14":"loop-entry"},"_links":{"self":[{"href":"https:\/\/www.hediyepazar.com\/index.php?rest_route=\/wp\/v2\/product\/103091","targetHints":{"allow":["GET"]}}],"collection":[{"href":"https:\/\/www.hediyepazar.com\/index.php?rest_route=\/wp\/v2\/product"}],"about":[{"href":"https:\/\/www.hediyepazar.com\/index.php?rest_route=\/wp\/v2\/types\/product"}],"replies":[{"embeddable":true,"href":"https:\/\/www.hediyepazar.com\/index.php?rest_route=%2Fwp%2Fv2%2Fcomments&post=103091"}],"wp:featuredmedia":[{"embeddable":true,"href":"https:\/\/www.hediyepazar.com\/index.php?rest_route=\/wp\/v2\/media\/103090"}],"wp:attachment":[{"href":"https:\/\/www.hediyepazar.com\/index.php?rest_route=%2Fwp%2Fv2%2Fmedia&parent=103091"}],"wp:term":[{"taxonomy":"product_brand","embeddable":true,"href":"https:\/\/www.hediyepazar.com\/index.php?rest_route=%2Fwp%2Fv2%2Fproduct_brand&post=103091"},{"taxonomy":"product_cat","embeddable":true,"href":"https:\/\/www.hediyepazar.com\/index.php?rest_route=%2Fwp%2Fv2%2Fproduct_cat&post=103091"},{"taxonomy":"product_tag","embeddable":true,"href":"https:\/\/www.hediyepazar.com\/index.php?rest_route=%2Fwp%2Fv2%2Fproduct_tag&post=103091"}],"curies":[{"name":"wp","href":"https:\/\/api.w.org\/{rel}","templated":true}]}}