{"id":103312,"date":"2026-05-04T09:59:19","date_gmt":"2026-05-04T12:59:19","guid":{"rendered":"https:\/\/www.hediyepazar.com\/?product=ally-arac-havalandirma-bolmesi-telefon-tutucu-big-swordman-5775"},"modified":"2026-05-04T09:59:19","modified_gmt":"2026-05-04T12:59:19","slug":"ally-arac-havalandirma-bolmesi-telefon-tutucu-big-swordman-5775","status":"publish","type":"product","link":"https:\/\/www.hediyepazar.com\/?product=ally-arac-havalandirma-bolmesi-telefon-tutucu-big-swordman-5775","title":{"rendered":"ALLY Ara\u00e7 Havaland\u0131rma B\u00f6lmesi Telefon Tutucu Big Swordman-(5775)"},"content":{"rendered":"<p><strong>ALLY L-606B Big Swordman Havaland&#305;rma B&ouml;lmesi Yer&ccedil;ekimi Araba Telefon Tutucu<\/strong><img decoding=\"async\" data-cke-saved-src=\"https:\/\/cdn.myikas.com\/images\/4b0890c4-46f7-49c5-9b0d-d8f3dae632d6\/02e2a0b1-ec30-42b9-a662-2c40de0bf189\/image_1950.webp\" src=\"https:\/\/cdn.myikas.com\/images\/4b0890c4-46f7-49c5-9b0d-d8f3dae632d6\/02e2a0b1-ec30-42b9-a662-2c40de0bf189\/image_1950.webp\"\/><img decoding=\"async\" data-cke-saved-src=\"https:\/\/cdn.myikas.com\/images\/4b0890c4-46f7-49c5-9b0d-d8f3dae632d6\/93676852-7bd0-41f1-b332-4eb87651f2d5\/image_1950.webp\" src=\"https:\/\/hepsicdn.com.tr\/static\/product_detail\/hbneta9ae726e_4926911.webp\"><img decoding=\"async\" data-cke-saved-src=\"https:\/\/cdn.myikas.com\/images\/4b0890c4-46f7-49c5-9b0d-d8f3dae632d6\/910e6056-5ffd-4ec5-b673-f03e13fe5b3f\/image_1950.webp\" src=\"https:\/\/hepsicdn.com.tr\/static\/product_detail\/hbneta9ae726e_4926912.webp\"><img decoding=\"async\" data-cke-saved-src=\"https:\/\/cdn.myikas.com\/images\/4b0890c4-46f7-49c5-9b0d-d8f3dae632d6\/ff368107-8dd0-4bac-9012-b36b6005624a\/image_1950.webp\" src=\"https:\/\/hepsicdn.com.tr\/static\/product_detail\/hbneta9ae726e_4926913.webp\"><img decoding=\"async\" data-cke-saved-src=\"https:\/\/cdn.myikas.com\/images\/4b0890c4-46f7-49c5-9b0d-d8f3dae632d6\/3f0c7962-5732-44e0-aebb-c6c6b8302c1f\/image_1950.webp\" src=\"https:\/\/hepsicdn.com.tr\/static\/product_detail\/hbneta9ae726e_4926914.webp\"><img decoding=\"async\" data-cke-saved-src=\"https:\/\/cdn.myikas.com\/images\/4b0890c4-46f7-49c5-9b0d-d8f3dae632d6\/8bea8eba-f049-4325-af1b-317509907f64\/image_1950.webp\" src=\"https:\/\/hepsicdn.com.tr\/static\/product_detail\/hbneta9ae726e_4926915.webp\"><img decoding=\"async\" data-cke-saved-src=\"https:\/\/cdn.myikas.com\/images\/4b0890c4-46f7-49c5-9b0d-d8f3dae632d6\/5be0a3ab-fee4-450a-be8e-d86e2e3e7160\/image_1950.webp\" src=\"https:\/\/hepsicdn.com.tr\/static\/product_detail\/hbneta9ae726e_4926916.webp\"><img decoding=\"async\" data-cke-saved-src=\"https:\/\/cdn.myikas.com\/images\/4b0890c4-46f7-49c5-9b0d-d8f3dae632d6\/683f6d1d-baeb-4808-a3ff-468da473128f\/image_1950.webp\" src=\"https:\/\/hepsicdn.com.tr\/static\/product_detail\/hbneta9ae726e_4926917.webp\"><br \/><strong>ALLY L-606B Big Swordman Havaland&#305;rma B&ouml;lmesi Araba Telefon Tutucu<\/strong><br \/>Havaland&#305;rma &ccedil;&#305;k&#305;&#351;&#305;na sabitleyerek kullanabilirsiniz.<br \/>Herhangi bir alete ihtiya&ccedil; duymadan kolayca yerle&#351;tirebilirsiniz.<br \/>Tek elle telefonunuzu tak&#305;p &ccedil;&#305;karabilirsiniz.<br \/>Minimalist ve &#351;&#305;k tasar&#305;ma sahiptir.<br \/>S&uuml;r&uuml;c&uuml;n&uuml;n g&ouml;r&uuml;&#351;&uuml;n&uuml; engellemeyerek g&uuml;venli s&uuml;r&uuml;&#351; sa&#287;lar.<br \/>A&ccedil;&#305;s&#305; ayarlanabilir.<br \/>Kompakt boyutlar&#305; sayesinde kolayca ta&#351;&#305;nabilir.<br \/>Malzeme: ABS<br \/>Uygulanabilir y&uuml;zey: araba klima &ccedil;&#305;k&#305;&#351;&#305;<br \/>Uyumluluk: 4.5-7.0 in&ccedil; cep telefonlar ile uyumludur.<\/p>\n","protected":false},"excerpt":{"rendered":"<p>ALLY L-606B Big Swordman Havaland&#305;rma B&ouml;lmesi Yer&ccedil;ekimi Araba Telefon TutucuALLY L-606B Big Swordman Havaland&#305;rma B&ouml;lmesi Araba Telefon TutucuHavaland&#305;rma &ccedil;&#305;k&#305;&#351;&#305;na sabitleyerek kullanabilirsiniz.Herhangi bir alete ihtiya&ccedil; duymadan kolayca yerle&#351;tirebilirsiniz.Tek elle telefonunuzu tak&#305;p &ccedil;&#305;karabilirsiniz.Minimalist ve &#351;&#305;k tasar&#305;ma sahiptir.S&uuml;r&uuml;c&uuml;n&uuml;n g&ouml;r&uuml;&#351;&uuml;n&uuml; engellemeyerek g&uuml;venli s&uuml;r&uuml;&#351; sa&#287;lar.A&ccedil;&#305;s&#305; ayarlanabilir.Kompakt boyutlar&#305; sayesinde kolayca ta&#351;&#305;nabilir.Malzeme: ABSUygulanabilir y&uuml;zey: araba klima &ccedil;&#305;k&#305;&#351;&#305;Uyumluluk: 4.5-7.0 in&ccedil; cep telefonlar ile&#8230;<\/p>\n","protected":false},"featured_media":103311,"comment_status":"open","ping_status":"closed","template":"","meta":{"_kad_post_transparent":"","_kad_post_title":"","_kad_post_layout":"","_kad_post_sidebar_id":"","_kad_post_content_style":"","_kad_post_vertical_padding":"","_kad_post_feature":"","_kad_post_feature_position":"","_kad_post_header":false,"_kad_post_footer":false,"_kad_post_classname":""},"product_brand":[],"product_cat":[14532],"product_tag":[],"class_list":{"0":"post-103312","1":"product","2":"type-product","3":"status-publish","4":"has-post-thumbnail","6":"product_cat-oto-aksesuarlari-cep-telefonu-elektronik-oto-aksesuarlari","8":"first","9":"instock","10":"purchasable","11":"product-type-simple","12":"entry","13":"content-bg","14":"loop-entry"},"_links":{"self":[{"href":"https:\/\/www.hediyepazar.com\/index.php?rest_route=\/wp\/v2\/product\/103312","targetHints":{"allow":["GET"]}}],"collection":[{"href":"https:\/\/www.hediyepazar.com\/index.php?rest_route=\/wp\/v2\/product"}],"about":[{"href":"https:\/\/www.hediyepazar.com\/index.php?rest_route=\/wp\/v2\/types\/product"}],"replies":[{"embeddable":true,"href":"https:\/\/www.hediyepazar.com\/index.php?rest_route=%2Fwp%2Fv2%2Fcomments&post=103312"}],"wp:featuredmedia":[{"embeddable":true,"href":"https:\/\/www.hediyepazar.com\/index.php?rest_route=\/wp\/v2\/media\/103311"}],"wp:attachment":[{"href":"https:\/\/www.hediyepazar.com\/index.php?rest_route=%2Fwp%2Fv2%2Fmedia&parent=103312"}],"wp:term":[{"taxonomy":"product_brand","embeddable":true,"href":"https:\/\/www.hediyepazar.com\/index.php?rest_route=%2Fwp%2Fv2%2Fproduct_brand&post=103312"},{"taxonomy":"product_cat","embeddable":true,"href":"https:\/\/www.hediyepazar.com\/index.php?rest_route=%2Fwp%2Fv2%2Fproduct_cat&post=103312"},{"taxonomy":"product_tag","embeddable":true,"href":"https:\/\/www.hediyepazar.com\/index.php?rest_route=%2Fwp%2Fv2%2Fproduct_tag&post=103312"}],"curies":[{"name":"wp","href":"https:\/\/api.w.org\/{rel}","templated":true}]}}