{"id":103938,"date":"2026-05-04T11:19:58","date_gmt":"2026-05-04T14:19:58","guid":{"rendered":"https:\/\/www.hediyepazar.com\/?product=dux-ducis-apple-pencil-icin-yedek-uc-2-adet-5775"},"modified":"2026-05-04T11:19:58","modified_gmt":"2026-05-04T14:19:58","slug":"dux-ducis-apple-pencil-icin-yedek-uc-2-adet-5775","status":"publish","type":"product","link":"https:\/\/www.hediyepazar.com\/?product=dux-ducis-apple-pencil-icin-yedek-uc-2-adet-5775","title":{"rendered":"Dux Ducis Apple Pencil \u0130\u00e7in Yedek U\u00e7 2 Adet-(5775)"},"content":{"rendered":"<p><strong>Dux Ducis Apple Pencil &#304;&ccedil;in Yedek U&ccedil; 2 Adet<\/strong><br \/><strong><\/strong><img decoding=\"async\" data-cke-saved-src=\"https:\/\/cdn.myikas.com\/images\/4b0890c4-46f7-49c5-9b0d-d8f3dae632d6\/2a4d6ed4-a421-4e0d-92c1-769f356ac338\/image_1950.webp\" src=\"https:\/\/hepsicdn.com.tr\/static\/product_detail\/hbnet3eeed879_4978511.webp\"><strong><\/strong><br \/><img decoding=\"async\" data-cke-saved-src=\"https:\/\/cdn.myikas.com\/images\/4b0890c4-46f7-49c5-9b0d-d8f3dae632d6\/7908e972-11da-4bf5-a2be-fbaef69010bc\/image_1950.webp\" src=\"https:\/\/hepsicdn.com.tr\/static\/product_detail\/hbnet3eeed879_4978512.webp\"><br \/><img decoding=\"async\" data-cke-saved-src=\"https:\/\/cdn.myikas.com\/images\/4b0890c4-46f7-49c5-9b0d-d8f3dae632d6\/abf678ee-584d-43d9-a64c-d04bd08711be\/image_1950.webp\" src=\"https:\/\/hepsicdn.com.tr\/static\/product_detail\/hbnet3eeed879_4978513.webp\"><br \/><img decoding=\"async\" data-cke-saved-src=\"https:\/\/cdn.myikas.com\/images\/4b0890c4-46f7-49c5-9b0d-d8f3dae632d6\/a9ea808a-cca0-4d4c-bdce-f4a91a015601\/image_1950.webp\" src=\"https:\/\/hepsicdn.com.tr\/static\/product_detail\/hbnet3eeed879_4978514.webp\"><br \/><img decoding=\"async\" data-cke-saved-src=\"https:\/\/cdn.myikas.com\/images\/4b0890c4-46f7-49c5-9b0d-d8f3dae632d6\/fa07641d-994d-4c90-834d-2d1f720660d9\/image_1950.webp\" src=\"https:\/\/hepsicdn.com.tr\/static\/product_detail\/hbnet3eeed879_4978515.webp\"><br \/><img decoding=\"async\" data-cke-saved-src=\"https:\/\/cdn.myikas.com\/images\/4b0890c4-46f7-49c5-9b0d-d8f3dae632d6\/ee7b507f-a7b7-484c-9e33-c02753870dfb\/image_1950.webp\" src=\"https:\/\/hepsicdn.com.tr\/static\/product_detail\/hbnet3eeed879_4978516.webp\"><br \/><img decoding=\"async\" data-cke-saved-src=\"https:\/\/cdn.myikas.com\/images\/4b0890c4-46f7-49c5-9b0d-d8f3dae632d6\/e4bae14d-f327-464e-a93b-9b31b3357282\/image_1950.webp\" src=\"https:\/\/hepsicdn.com.tr\/static\/product_detail\/hbnet3eeed879_4978517.webp\"><br \/><strong>Dux Ducis Apple Pencil &#304;&ccedil;in Yedek U&ccedil; 2 Adet<\/strong><\/p>\n<div>Yedek u&ccedil;lar, Apple Pencil 1. ve 2. nesil ile m&uuml;kemmel &#351;ekilde uyumludur.<br \/>Gecikme yapmaz ve &ccedil;ok daha d&uuml;zg&uuml;n &ccedil;izimler yapman&#305;z&#305; sa&#287;lar<br \/>Bas&#305;nca ve e&#287;ime duyarl&#305; oldu&#287;undan &ccedil;izgi kal&#305;nl&#305;&#287;&#305;n&#305; kolayca de&#287;i&#351;tirebilir, ince g&ouml;lgeler olu&#351;turabilir ve hatta &ccedil;ok &ccedil;e&#351;itli sanatsal efektler olu&#351;turabilirsiniz.<\/div>\n","protected":false},"excerpt":{"rendered":"<p>Dux Ducis Apple Pencil &#304;&ccedil;in Yedek U&ccedil; 2 AdetDux Ducis Apple Pencil &#304;&ccedil;in Yedek U&ccedil; 2 Adet Yedek u&ccedil;lar, Apple Pencil 1. ve 2. nesil ile m&uuml;kemmel &#351;ekilde uyumludur.Gecikme yapmaz ve &ccedil;ok daha d&uuml;zg&uuml;n &ccedil;izimler yapman&#305;z&#305; sa&#287;larBas&#305;nca ve e&#287;ime duyarl&#305; oldu&#287;undan &ccedil;izgi kal&#305;nl&#305;&#287;&#305;n&#305; kolayca de&#287;i&#351;tirebilir, ince g&ouml;lgeler olu&#351;turabilir ve hatta &ccedil;ok &ccedil;e&#351;itli sanatsal efektler olu&#351;turabilirsiniz.<\/p>\n","protected":false},"featured_media":103937,"comment_status":"open","ping_status":"closed","template":"","meta":{"_kad_post_transparent":"","_kad_post_title":"","_kad_post_layout":"","_kad_post_sidebar_id":"","_kad_post_content_style":"","_kad_post_vertical_padding":"","_kad_post_feature":"","_kad_post_feature_position":"","_kad_post_header":false,"_kad_post_footer":false,"_kad_post_classname":""},"product_brand":[],"product_cat":[14555],"product_tag":[],"class_list":{"0":"post-103938","1":"product","2":"type-product","3":"status-publish","4":"has-post-thumbnail","6":"product_cat-stylus-kalemler-bilgisayar-tablet-aksesuar-bilgisayar-tablet-elektronik-stylus-kalemler","8":"first","9":"instock","10":"purchasable","11":"product-type-simple","12":"entry","13":"content-bg","14":"loop-entry"},"_links":{"self":[{"href":"https:\/\/www.hediyepazar.com\/index.php?rest_route=\/wp\/v2\/product\/103938","targetHints":{"allow":["GET"]}}],"collection":[{"href":"https:\/\/www.hediyepazar.com\/index.php?rest_route=\/wp\/v2\/product"}],"about":[{"href":"https:\/\/www.hediyepazar.com\/index.php?rest_route=\/wp\/v2\/types\/product"}],"replies":[{"embeddable":true,"href":"https:\/\/www.hediyepazar.com\/index.php?rest_route=%2Fwp%2Fv2%2Fcomments&post=103938"}],"wp:featuredmedia":[{"embeddable":true,"href":"https:\/\/www.hediyepazar.com\/index.php?rest_route=\/wp\/v2\/media\/103937"}],"wp:attachment":[{"href":"https:\/\/www.hediyepazar.com\/index.php?rest_route=%2Fwp%2Fv2%2Fmedia&parent=103938"}],"wp:term":[{"taxonomy":"product_brand","embeddable":true,"href":"https:\/\/www.hediyepazar.com\/index.php?rest_route=%2Fwp%2Fv2%2Fproduct_brand&post=103938"},{"taxonomy":"product_cat","embeddable":true,"href":"https:\/\/www.hediyepazar.com\/index.php?rest_route=%2Fwp%2Fv2%2Fproduct_cat&post=103938"},{"taxonomy":"product_tag","embeddable":true,"href":"https:\/\/www.hediyepazar.com\/index.php?rest_route=%2Fwp%2Fv2%2Fproduct_tag&post=103938"}],"curies":[{"name":"wp","href":"https:\/\/api.w.org\/{rel}","templated":true}]}}