{"id":104426,"date":"2026-05-04T12:22:19","date_gmt":"2026-05-04T15:22:19","guid":{"rendered":"https:\/\/www.hediyepazar.com\/?product=baseus-bowie-e8-true-wireless-gurultu-engelleyici-bluetooth-kulaklik-5775"},"modified":"2026-05-04T12:22:19","modified_gmt":"2026-05-04T15:22:19","slug":"baseus-bowie-e8-true-wireless-gurultu-engelleyici-bluetooth-kulaklik-5775","status":"publish","type":"product","link":"https:\/\/www.hediyepazar.com\/?product=baseus-bowie-e8-true-wireless-gurultu-engelleyici-bluetooth-kulaklik-5775","title":{"rendered":"Baseus Bowie E8 True Wireless G\u00fcr\u00fclt\u00fc Engelleyici Bluetooth Kulakl\u0131k-(5775)"},"content":{"rendered":"<p><strong>Baseus Bowie E8 True Wireless G&uuml;r&uuml;lt&uuml; Engelleyici Bluetooth Kulakl&#305;k<\/strong><br \/><img decoding=\"async\" data-cke-saved-src=\"https:\/\/cdn.myikas.com\/images\/4b0890c4-46f7-49c5-9b0d-d8f3dae632d6\/9519032c-36b8-4b88-a129-9dcb49d8cc4d\/image_1950.webp\" src=\"https:\/\/cdn.myikas.com\/images\/4b0890c4-46f7-49c5-9b0d-d8f3dae632d6\/9519032c-36b8-4b88-a129-9dcb49d8cc4d\/image_1950.webp\"\/><br \/><img decoding=\"async\" data-cke-saved-src=\"https:\/\/cdn.myikas.com\/images\/4b0890c4-46f7-49c5-9b0d-d8f3dae632d6\/8f157e0a-dfb2-4fc0-9026-6d0f62c1a6d2\/image_1950.webp\" src=\"https:\/\/hepsicdn.com.tr\/static\/product_detail\/hbnetd478c00c_5014111.webp\"><br \/><img decoding=\"async\" data-cke-saved-src=\"https:\/\/cdn.myikas.com\/images\/4b0890c4-46f7-49c5-9b0d-d8f3dae632d6\/fc15a22d-ebb0-4c9f-9165-d1c8176a049e\/image_1950.webp\" src=\"https:\/\/hepsicdn.com.tr\/static\/product_detail\/hbnetd478c00c_5014112.webp\"><br \/><img decoding=\"async\" data-cke-saved-src=\"https:\/\/cdn.myikas.com\/images\/4b0890c4-46f7-49c5-9b0d-d8f3dae632d6\/6362788a-2a2b-4b46-8026-9952ec655c38\/image_1950.webp\" src=\"https:\/\/hepsicdn.com.tr\/static\/product_detail\/hbnetd478c00c_5014113.webp\"><br \/><img decoding=\"async\" data-cke-saved-src=\"https:\/\/cdn.myikas.com\/images\/4b0890c4-46f7-49c5-9b0d-d8f3dae632d6\/39343a4e-6200-42eb-9109-31b14e4874eb\/image_1950.webp\" src=\"https:\/\/hepsicdn.com.tr\/static\/product_detail\/hbnetd478c00c_5014114.webp\"><\/p>\n<p><img decoding=\"async\" data-cke-saved-src=\"https:\/\/cdn.myikas.com\/images\/4b0890c4-46f7-49c5-9b0d-d8f3dae632d6\/2c52d287-bdff-4ddd-ace4-267f20ff2ad5\/image_1950.webp\" src=\"https:\/\/hepsicdn.com.tr\/static\/product_detail\/hbnetd478c00c_5014115.webp\"><br \/><img decoding=\"async\" data-cke-saved-src=\"https:\/\/cdn.myikas.com\/images\/4b0890c4-46f7-49c5-9b0d-d8f3dae632d6\/0a53b42d-6364-46f7-8b4f-febb42514756\/image_1950.webp\" src=\"https:\/\/hepsicdn.com.tr\/static\/product_detail\/hbnetd478c00c_5014116.webp\"><\/p>\n<p><img decoding=\"async\" data-cke-saved-src=\"https:\/\/cdn.myikas.com\/images\/4b0890c4-46f7-49c5-9b0d-d8f3dae632d6\/3d3f5ccd-7137-4da7-bb92-4a8d8b286bc3\/image_1950.webp\" src=\"https:\/\/hepsicdn.com.tr\/static\/product_detail\/hbnetd478c00c_5014117.webp\"><\/p>\n<p><strong>Baseus Bowie E8 True Wireless G&uuml;r&uuml;lt&uuml; Engelleyici Bluetooth Kulakl&#305;k<\/strong><br \/>Tek tek ya da &ccedil;ift olarak kullan&#305;labilen maksimum konfor sunan Baseus Bowie E8 True Wireless Bluetooth Kulakl&#305;k Hi-Fi kalitesinde ses iletir.<br \/>350 mAh bataryaya sahip olan kutusu ile 60 dakika i&ccedil;erisinde tamamen &#351;arj olabilen Baseus Bowie E8 True Wireless Bluetooth Kulakl&#305;k 5 saat boyunca kesintisiz kullan&#305;m sunar.<br \/>Bluetooth 5.0 ve dijital g&uuml;r&uuml;lt&uuml; azaltma teknolojisi ile &ccedil;al&#305;&#351;an Baseus Bowie E8 True Wireless Bluetooth Kulakl&#305;k, kullan&#305;m s&#305;ras&#305;nda seste gecikme ya&#351;anmas&#305;n&#305; engeller ve sesi en y&uuml;ksek kalitede aktar&#305;r.<br \/>Alexa, Google Asistan, Cortana ve Siri gibi sanal asistanlarla uyumlu olarak &ccedil;al&#305;&#351;abilen Baseus Bowie E8 True Wireless Bluetooth Kulakl&#305;k h&#305;zl&#305;, kolay ve e&#287;lenceli kullan&#305;ma sahiptir.<br \/>Dahili olarak bulunan dijital sinyal i&#351;lemcisi ile ortam seslerini filtreleyerek konu&#351;man&#305;za yans&#305;mas&#305;n&#305; &ouml;nler. G&uuml;r&uuml;lt&uuml; azaltma teknolojisi sayesinde ses, konu&#351;ma s&#305;ras&#305;nda daha net iletilir.<br \/>M&uuml;kemmel bas ve tiz performans&#305;na sahiptir. Etkileyici bir ses efekti yaratan teknoloji sayesinde her zaman ve her yerde en y&uuml;ksek seviyede saf sesin keyfini &ccedil;&#305;karman&#305;z&#305; sa&#287;lar.<br \/>Suya ve &#305;s&#305;ya kar&#351;&#305; dayan&#305;kl&#305; olarak &uuml;retilen Baseus Bowie E8 True Wireless Bluetooth Kulakl&#305;k kompakt bir tasar&#305;ma sahiptir.<br \/>Kulakl&#305;k &uuml;zerinde bulunan dokunmatik tu&#351;lar ile gelen aramalar&#305; cevaplayabilir, reddedebilir, m&uuml;zi&#287;i de&#287;i&#351;tirebilir ve sanal asistan&#305;n&#305;za sesli komutlar verebilirsiniz.<br \/>Malzeme: ABS + PC<br \/>S&uuml;r&uuml;m: V5.0<br \/>&#304;leti&#351;im mesafesi: yakla&#351;&#305;k 10m<br \/>M&uuml;zik s&uuml;resi: yakla&#351;&#305;k 5 saat (ses seviyesinin %70&#8217;i)<br \/>&#350;arj kutusuyla m&uuml;zik s&uuml;resi: 20-25 saat<br \/>&#350;arj s&uuml;resi: yakla&#351;&#305;k 1 saat<br \/>Pil kapasitesi: 40mAh\/0,148Wh(kulakl&#305;k), 350mAh\/1,295Wh (&#351;arj kutusu)<br \/>&#350;arj s&uuml;resi: yakla&#351;&#305;k 1 saat<br \/>Frekans tepki aral&#305;&#287;&#305;: 20Hz-20khz<br \/>&#350;arj arabirimi: Type-C<br \/>A&#287;&#305;rl&#305;k: 35g<br \/>Renkler:<br \/>Siyah NGE8-01<br \/>Beyaz NGE8-02<\/p>\n","protected":false},"excerpt":{"rendered":"<p>Baseus Bowie E8 True Wireless G&uuml;r&uuml;lt&uuml; Engelleyici Bluetooth Kulakl&#305;k Baseus Bowie E8 True Wireless G&uuml;r&uuml;lt&uuml; Engelleyici Bluetooth Kulakl&#305;kTek tek ya da &ccedil;ift olarak kullan&#305;labilen maksimum konfor sunan Baseus Bowie E8 True Wireless Bluetooth Kulakl&#305;k Hi-Fi kalitesinde ses iletir.350 mAh bataryaya sahip olan kutusu ile 60 dakika i&ccedil;erisinde tamamen &#351;arj olabilen Baseus Bowie E8 True Wireless&#8230;<\/p>\n","protected":false},"featured_media":104425,"comment_status":"open","ping_status":"closed","template":"","meta":{"_kad_post_transparent":"","_kad_post_title":"","_kad_post_layout":"","_kad_post_sidebar_id":"","_kad_post_content_style":"","_kad_post_vertical_padding":"","_kad_post_feature":"","_kad_post_feature_position":"","_kad_post_header":false,"_kad_post_footer":false,"_kad_post_classname":""},"product_brand":[],"product_cat":[14632],"product_tag":[],"class_list":{"0":"post-104426","1":"product","2":"type-product","3":"status-publish","4":"has-post-thumbnail","6":"product_cat-bluetooth-kulaklik-kulaklik-elektronik-bluetooth-kulaklik-kulaklik-elektronik","8":"first","9":"instock","10":"purchasable","11":"product-type-simple","12":"entry","13":"content-bg","14":"loop-entry"},"_links":{"self":[{"href":"https:\/\/www.hediyepazar.com\/index.php?rest_route=\/wp\/v2\/product\/104426","targetHints":{"allow":["GET"]}}],"collection":[{"href":"https:\/\/www.hediyepazar.com\/index.php?rest_route=\/wp\/v2\/product"}],"about":[{"href":"https:\/\/www.hediyepazar.com\/index.php?rest_route=\/wp\/v2\/types\/product"}],"replies":[{"embeddable":true,"href":"https:\/\/www.hediyepazar.com\/index.php?rest_route=%2Fwp%2Fv2%2Fcomments&post=104426"}],"wp:featuredmedia":[{"embeddable":true,"href":"https:\/\/www.hediyepazar.com\/index.php?rest_route=\/wp\/v2\/media\/104425"}],"wp:attachment":[{"href":"https:\/\/www.hediyepazar.com\/index.php?rest_route=%2Fwp%2Fv2%2Fmedia&parent=104426"}],"wp:term":[{"taxonomy":"product_brand","embeddable":true,"href":"https:\/\/www.hediyepazar.com\/index.php?rest_route=%2Fwp%2Fv2%2Fproduct_brand&post=104426"},{"taxonomy":"product_cat","embeddable":true,"href":"https:\/\/www.hediyepazar.com\/index.php?rest_route=%2Fwp%2Fv2%2Fproduct_cat&post=104426"},{"taxonomy":"product_tag","embeddable":true,"href":"https:\/\/www.hediyepazar.com\/index.php?rest_route=%2Fwp%2Fv2%2Fproduct_tag&post=104426"}],"curies":[{"name":"wp","href":"https:\/\/api.w.org\/{rel}","templated":true}]}}