{"id":104588,"date":"2026-05-04T12:40:08","date_gmt":"2026-05-04T15:40:08","guid":{"rendered":"https:\/\/www.hediyepazar.com\/?product=ally-yl-805-katlanabilir-fanli-dizustu-laptop-standi-5775"},"modified":"2026-05-04T12:40:08","modified_gmt":"2026-05-04T15:40:08","slug":"ally-yl-805-katlanabilir-fanli-dizustu-laptop-standi-5775","status":"publish","type":"product","link":"https:\/\/www.hediyepazar.com\/?product=ally-yl-805-katlanabilir-fanli-dizustu-laptop-standi-5775","title":{"rendered":"Ally YL-805 Katlanabilir Fanl\u0131 Diz\u00fcst\u00fc Laptop Stand\u0131-(5775)"},"content":{"rendered":"<p><strong>Ally YL-805 Katlanabilir Fanl&#305; Diz&uuml;st&uuml; Laptop Stand&#305;<\/strong><img decoding=\"async\" data-cke-saved-src=\"https:\/\/cdn.myikas.com\/images\/4b0890c4-46f7-49c5-9b0d-d8f3dae632d6\/ee5a214f-9cc5-40bf-a3a3-3e385c059ca7\/image_1950.webp\" src=\"https:\/\/cdn.myikas.com\/images\/4b0890c4-46f7-49c5-9b0d-d8f3dae632d6\/ee5a214f-9cc5-40bf-a3a3-3e385c059ca7\/image_1950.webp\"\/><img decoding=\"async\" data-cke-saved-src=\"https:\/\/cdn.myikas.com\/images\/4b0890c4-46f7-49c5-9b0d-d8f3dae632d6\/e2448920-9951-48f7-b083-bffdbb84bb69\/image_1950.webp\" src=\"https:\/\/hepsicdn.com.tr\/static\/product_detail\/hbneta83d91fa_5025011.webp\"><img decoding=\"async\" data-cke-saved-src=\"https:\/\/cdn.myikas.com\/images\/4b0890c4-46f7-49c5-9b0d-d8f3dae632d6\/a43e4a38-e555-4ac3-92c9-1cd4edb39587\/image_1950.webp\" src=\"https:\/\/hepsicdn.com.tr\/static\/product_detail\/hbneta83d91fa_5025012.webp\"><img decoding=\"async\" data-cke-saved-src=\"https:\/\/cdn.myikas.com\/images\/4b0890c4-46f7-49c5-9b0d-d8f3dae632d6\/694ca18c-94b2-4fa7-9a45-78b847f54b13\/image_1950.webp\" src=\"https:\/\/hepsicdn.com.tr\/static\/product_detail\/hbneta83d91fa_5025013.webp\"><img decoding=\"async\" data-cke-saved-src=\"https:\/\/cdn.myikas.com\/images\/4b0890c4-46f7-49c5-9b0d-d8f3dae632d6\/538a7355-8cea-4289-b146-5a1eb991fc53\/image_1950.webp\" src=\"https:\/\/hepsicdn.com.tr\/static\/product_detail\/hbneta83d91fa_5025014.webp\"><img decoding=\"async\" data-cke-saved-src=\"https:\/\/cdn.myikas.com\/images\/4b0890c4-46f7-49c5-9b0d-d8f3dae632d6\/08705127-a5e8-4f65-85a9-97a225aacbce\/image_1950.webp\" src=\"https:\/\/hepsicdn.com.tr\/static\/product_detail\/hbneta83d91fa_5025015.webp\"><img decoding=\"async\" data-cke-saved-src=\"https:\/\/cdn.myikas.com\/images\/4b0890c4-46f7-49c5-9b0d-d8f3dae632d6\/6823cfd6-05a1-4209-8e5d-149cf5b6e702\/image_1950.webp\" src=\"https:\/\/hepsicdn.com.tr\/static\/product_detail\/hbneta83d91fa_5025016.webp\"><img decoding=\"async\" data-cke-saved-src=\"https:\/\/cdn.myikas.com\/images\/4b0890c4-46f7-49c5-9b0d-d8f3dae632d6\/d4d9a6c4-1f47-4499-9f19-b571d04dd7bc\/image_1950.webp\" src=\"https:\/\/hepsicdn.com.tr\/static\/product_detail\/hbneta83d91fa_5025017.webp\"><\/p>\n<p><strong>Ally YL-805 Katlanabilir Fanl&#305; Diz&uuml;st&uuml; Laptop Stand&#305;<\/strong><\/p>\n<p align=\"center\">360 ayarlanabilir ergonomik tasar&#305;m.<\/p>\n<p align=\"center\">Kolay saklanabilir ve her yerde kullan&#305;labilir.<\/p>\n<p align=\"center\">Al&uuml;minyum ala&#351;&#305;ml&#305; yuvarlak kenarlar.<\/p>\n<p align=\"center\">&Ouml;zellikler:<\/p>\n<p align=\"center\">Malzemesi: al&uuml;minyum ala&#351;&#305;m + MDF + ABS<\/p>\n<p>&Uuml;r&uuml;n kald&#305;rabildi&#287;i y&uuml;k: 10Kg<\/p>\n","protected":false},"excerpt":{"rendered":"<p>Ally YL-805 Katlanabilir Fanl&#305; Diz&uuml;st&uuml; Laptop Stand&#305; Ally YL-805 Katlanabilir Fanl&#305; Diz&uuml;st&uuml; Laptop Stand&#305; 360 ayarlanabilir ergonomik tasar&#305;m. Kolay saklanabilir ve her yerde kullan&#305;labilir. Al&uuml;minyum ala&#351;&#305;ml&#305; yuvarlak kenarlar. &Ouml;zellikler: Malzemesi: al&uuml;minyum ala&#351;&#305;m + MDF + ABS &Uuml;r&uuml;n kald&#305;rabildi&#287;i y&uuml;k: 10Kg<\/p>\n","protected":false},"featured_media":104587,"comment_status":"open","ping_status":"closed","template":"","meta":{"_kad_post_transparent":"","_kad_post_title":"","_kad_post_layout":"","_kad_post_sidebar_id":"","_kad_post_content_style":"","_kad_post_vertical_padding":"","_kad_post_feature":"","_kad_post_feature_position":"","_kad_post_header":false,"_kad_post_footer":false,"_kad_post_classname":""},"product_brand":[],"product_cat":[14662],"product_tag":[],"class_list":{"0":"post-104588","1":"product","2":"type-product","3":"status-publish","4":"has-post-thumbnail","6":"product_cat-laptop-standi-bilgisayar-tablet-aksesuar-bilgisayar-tablet-elektronik-laptop-standi","8":"first","9":"instock","10":"purchasable","11":"product-type-simple","12":"entry","13":"content-bg","14":"loop-entry"},"_links":{"self":[{"href":"https:\/\/www.hediyepazar.com\/index.php?rest_route=\/wp\/v2\/product\/104588","targetHints":{"allow":["GET"]}}],"collection":[{"href":"https:\/\/www.hediyepazar.com\/index.php?rest_route=\/wp\/v2\/product"}],"about":[{"href":"https:\/\/www.hediyepazar.com\/index.php?rest_route=\/wp\/v2\/types\/product"}],"replies":[{"embeddable":true,"href":"https:\/\/www.hediyepazar.com\/index.php?rest_route=%2Fwp%2Fv2%2Fcomments&post=104588"}],"wp:featuredmedia":[{"embeddable":true,"href":"https:\/\/www.hediyepazar.com\/index.php?rest_route=\/wp\/v2\/media\/104587"}],"wp:attachment":[{"href":"https:\/\/www.hediyepazar.com\/index.php?rest_route=%2Fwp%2Fv2%2Fmedia&parent=104588"}],"wp:term":[{"taxonomy":"product_brand","embeddable":true,"href":"https:\/\/www.hediyepazar.com\/index.php?rest_route=%2Fwp%2Fv2%2Fproduct_brand&post=104588"},{"taxonomy":"product_cat","embeddable":true,"href":"https:\/\/www.hediyepazar.com\/index.php?rest_route=%2Fwp%2Fv2%2Fproduct_cat&post=104588"},{"taxonomy":"product_tag","embeddable":true,"href":"https:\/\/www.hediyepazar.com\/index.php?rest_route=%2Fwp%2Fv2%2Fproduct_tag&post=104588"}],"curies":[{"name":"wp","href":"https:\/\/api.w.org\/{rel}","templated":true}]}}