{"id":104718,"date":"2026-05-04T12:53:57","date_gmt":"2026-05-04T15:53:57","guid":{"rendered":"https:\/\/www.hediyepazar.com\/?product=ally-anti-slayt-arazi-araclari-icin-arac-lastik-zinciri-5775"},"modified":"2026-05-04T12:53:57","modified_gmt":"2026-05-04T15:53:57","slug":"ally-anti-slayt-arazi-araclari-icin-arac-lastik-zinciri-5775","status":"publish","type":"product","link":"https:\/\/www.hediyepazar.com\/?product=ally-anti-slayt-arazi-araclari-icin-arac-lastik-zinciri-5775","title":{"rendered":"Ally Anti-Slayt Arazi Ara\u00e7lar\u0131 \u0130\u00e7in Ara\u00e7 Lastik Zinciri-(5775)"},"content":{"rendered":"<p><strong>Ally Anti-Slayt Arazi Ara&ccedil;lar&#305; &#304;&ccedil;in Ara&ccedil; Lastik Zinciri<\/strong><img decoding=\"async\" data-cke-saved-src=\"https:\/\/cdn.myikas.com\/images\/4b0890c4-46f7-49c5-9b0d-d8f3dae632d6\/a5aeb61f-7fe6-45a8-bb0d-2dab4f667515\/image_1950.webp\" src=\"https:\/\/hepsicdn.com.tr\/static\/product_detail\/hbnet0b13fadb_5034011.webp\"><img decoding=\"async\" data-cke-saved-src=\"https:\/\/cdn.myikas.com\/images\/4b0890c4-46f7-49c5-9b0d-d8f3dae632d6\/95e59d94-e258-405a-a8b0-fd76e58bee0e\/image_1950.webp\" src=\"https:\/\/hepsicdn.com.tr\/static\/product_detail\/hbnet0b13fadb_5034012.webp\"><img decoding=\"async\" data-cke-saved-src=\"https:\/\/cdn.myikas.com\/images\/4b0890c4-46f7-49c5-9b0d-d8f3dae632d6\/4ec559d9-119f-45b9-88be-a2830025e6ef\/image_1950.webp\" src=\"https:\/\/hepsicdn.com.tr\/static\/product_detail\/hbnet0b13fadb_5034013.webp\"><img decoding=\"async\" data-cke-saved-src=\"https:\/\/cdn.myikas.com\/images\/4b0890c4-46f7-49c5-9b0d-d8f3dae632d6\/10a1167c-2b1f-4ef4-8a30-c46d8dd75285\/image_1950.webp\" src=\"https:\/\/hepsicdn.com.tr\/static\/product_detail\/hbnet0b13fadb_5034014.webp\"><img decoding=\"async\" data-cke-saved-src=\"https:\/\/cdn.myikas.com\/images\/4b0890c4-46f7-49c5-9b0d-d8f3dae632d6\/a215985d-4887-409e-b74e-63045a9ecbf4\/image_1950.webp\" src=\"https:\/\/hepsicdn.com.tr\/static\/product_detail\/hbnet0b13fadb_5034015.webp\"><img decoding=\"async\" data-cke-saved-src=\"https:\/\/cdn.myikas.com\/images\/4b0890c4-46f7-49c5-9b0d-d8f3dae632d6\/576cf546-676b-4492-a972-7d93428db9e9\/image_1950.webp\" src=\"https:\/\/hepsicdn.com.tr\/static\/product_detail\/hbnet0b13fadb_5034016.webp\"><img decoding=\"async\" data-cke-saved-src=\"https:\/\/cdn.myikas.com\/images\/4b0890c4-46f7-49c5-9b0d-d8f3dae632d6\/e9746651-7250-4dfb-838c-be2366cafe36\/image_1950.webp\" src=\"https:\/\/hepsicdn.com.tr\/static\/product_detail\/hbnet0b13fadb_5034017.webp\"><img decoding=\"async\" data-cke-saved-src=\"https:\/\/cdn.myikas.com\/images\/4b0890c4-46f7-49c5-9b0d-d8f3dae632d6\/581007cc-e443-4d44-bf02-9bdd492d77aa\/image_1950.webp\" src=\"https:\/\/hepsicdn.com.tr\/static\/product_detail\/hbnet0b13fadb_5034018.webp\"><img decoding=\"async\" data-cke-saved-src=\"https:\/\/cdn.myikas.com\/images\/4b0890c4-46f7-49c5-9b0d-d8f3dae632d6\/0d36c1a8-b32a-4f3f-a333-782f47a3b829\/image_1950.webp\" src=\"https:\/\/hepsicdn.com.tr\/static\/product_detail\/hbnet0b13fadb_5034019.webp\"><img decoding=\"async\" data-cke-saved-src=\"https:\/\/cdn.myikas.com\/images\/4b0890c4-46f7-49c5-9b0d-d8f3dae632d6\/74405a6a-c14b-43a0-985b-824152706fb6\/image_1950.webp\" src=\"https:\/\/hepsicdn.com.tr\/static\/product_detail\/hbnet0b13fadb_5034020.webp\"><strong>Ally Anti-Slayt Arazi Ara&ccedil;lar&#305; &#304;&ccedil;in Ara&ccedil; Lastik Zinciri<br \/><\/strong>Ally Lastik Zinciri, arazi arac&#305;n&#305;z&#305;n kaygan zeminlerde kaymas&#305;n&#305; &ouml;nlemek i&ccedil;in tak&#305;lan tasarlanm&#305;&#351;t&#305;r.<br \/>&Ouml;zellikle karl&#305; ve buzlu yollarda, lastiklerin normal yol tutu&#351;unu sa&#287;lamas&#305; zor olabilir.<br \/>Bu durumda, Ally lastik zinciri arac&#305;n&#305;z&#305;n daha iyi yol tutu&#351;u sa&#287;lamas&#305;na yard&#305;mc&#305; olur.<br \/>Takmas&#305; olduk&ccedil;a pratiktir.<br \/>&Uuml;r&uuml;n Rengi: Sar&#305;<br \/>Tek &uuml;r&uuml;n boyutu: 95&#215;29.5cm<br \/>Maeteryal: TPU<br \/>Tek &uuml;r&uuml;n a&#287;&#305;rl&#305;&#287;&#305;: 406g<br \/>Paket i&ccedil;eri&#287;inde 6 adet zincir bulunmaktad&#305;r.<\/p>\n","protected":false},"excerpt":{"rendered":"<p>Ally Anti-Slayt Arazi Ara&ccedil;lar&#305; &#304;&ccedil;in Ara&ccedil; Lastik ZinciriAlly Anti-Slayt Arazi Ara&ccedil;lar&#305; &#304;&ccedil;in Ara&ccedil; Lastik ZinciriAlly Lastik Zinciri, arazi arac&#305;n&#305;z&#305;n kaygan zeminlerde kaymas&#305;n&#305; &ouml;nlemek i&ccedil;in tak&#305;lan tasarlanm&#305;&#351;t&#305;r.&Ouml;zellikle karl&#305; ve buzlu yollarda, lastiklerin normal yol tutu&#351;unu sa&#287;lamas&#305; zor olabilir.Bu durumda, Ally lastik zinciri arac&#305;n&#305;z&#305;n daha iyi yol tutu&#351;u sa&#287;lamas&#305;na yard&#305;mc&#305; olur.Takmas&#305; olduk&ccedil;a pratiktir.&Uuml;r&uuml;n Rengi: Sar&#305;Tek &uuml;r&uuml;n boyutu:&#8230;<\/p>\n","protected":false},"featured_media":104717,"comment_status":"open","ping_status":"closed","template":"","meta":{"_kad_post_transparent":"","_kad_post_title":"","_kad_post_layout":"","_kad_post_sidebar_id":"","_kad_post_content_style":"","_kad_post_vertical_padding":"","_kad_post_feature":"","_kad_post_feature_position":"","_kad_post_header":false,"_kad_post_footer":false,"_kad_post_classname":""},"product_brand":[],"product_cat":[14181],"product_tag":[],"class_list":{"0":"post-104718","1":"product","2":"type-product","3":"status-publish","4":"has-post-thumbnail","6":"product_cat-oto-aksesuarlari-oto-aksesuarlari-cep-telefonu-elektronik-oto-bakim-seti","8":"first","9":"instock","10":"purchasable","11":"product-type-simple","12":"entry","13":"content-bg","14":"loop-entry"},"_links":{"self":[{"href":"https:\/\/www.hediyepazar.com\/index.php?rest_route=\/wp\/v2\/product\/104718","targetHints":{"allow":["GET"]}}],"collection":[{"href":"https:\/\/www.hediyepazar.com\/index.php?rest_route=\/wp\/v2\/product"}],"about":[{"href":"https:\/\/www.hediyepazar.com\/index.php?rest_route=\/wp\/v2\/types\/product"}],"replies":[{"embeddable":true,"href":"https:\/\/www.hediyepazar.com\/index.php?rest_route=%2Fwp%2Fv2%2Fcomments&post=104718"}],"wp:featuredmedia":[{"embeddable":true,"href":"https:\/\/www.hediyepazar.com\/index.php?rest_route=\/wp\/v2\/media\/104717"}],"wp:attachment":[{"href":"https:\/\/www.hediyepazar.com\/index.php?rest_route=%2Fwp%2Fv2%2Fmedia&parent=104718"}],"wp:term":[{"taxonomy":"product_brand","embeddable":true,"href":"https:\/\/www.hediyepazar.com\/index.php?rest_route=%2Fwp%2Fv2%2Fproduct_brand&post=104718"},{"taxonomy":"product_cat","embeddable":true,"href":"https:\/\/www.hediyepazar.com\/index.php?rest_route=%2Fwp%2Fv2%2Fproduct_cat&post=104718"},{"taxonomy":"product_tag","embeddable":true,"href":"https:\/\/www.hediyepazar.com\/index.php?rest_route=%2Fwp%2Fv2%2Fproduct_tag&post=104718"}],"curies":[{"name":"wp","href":"https:\/\/api.w.org\/{rel}","templated":true}]}}