{"id":104850,"date":"2026-05-04T13:10:14","date_gmt":"2026-05-04T16:10:14","guid":{"rendered":"https:\/\/www.hediyepazar.com\/?product=ally-r-6053-kablosuz-arac-supurge-filtresi-5775"},"modified":"2026-05-04T13:10:14","modified_gmt":"2026-05-04T16:10:14","slug":"ally-r-6053-kablosuz-arac-supurge-filtresi-5775","status":"publish","type":"product","link":"https:\/\/www.hediyepazar.com\/?product=ally-r-6053-kablosuz-arac-supurge-filtresi-5775","title":{"rendered":"Ally R-6053 Kablosuz Ara\u00e7 S\u00fcp\u00fcrge Filtresi-(5775)"},"content":{"rendered":"<p><strong>Ally R-6053 Kablosuz Ara&ccedil; S&uuml;p&uuml;rge Filtresi<\/strong><img decoding=\"async\" data-cke-saved-src=\"https:\/\/cdn.myikas.com\/images\/4b0890c4-46f7-49c5-9b0d-d8f3dae632d6\/e9bbfbd1-8cb5-41c5-a16c-0ea5c6b0d028\/image_1950.webp\" src=\"https:\/\/hepsicdn.com.tr\/static\/product_detail\/hbnetdc49fa69_5042611.webp\"><img decoding=\"async\" data-cke-saved-src=\"https:\/\/cdn.myikas.com\/images\/4b0890c4-46f7-49c5-9b0d-d8f3dae632d6\/aa5af936-6c2d-4ecd-8d90-bab8bdd9c3e8\/image_1950.webp\" src=\"https:\/\/hepsicdn.com.tr\/static\/product_detail\/hbnetdc49fa69_5042612.webp\"><img decoding=\"async\" data-cke-saved-src=\"https:\/\/cdn.myikas.com\/images\/4b0890c4-46f7-49c5-9b0d-d8f3dae632d6\/a0552fad-06fb-4655-8403-1c3153e0efc2\/image_1950.webp\" src=\"https:\/\/hepsicdn.com.tr\/static\/product_detail\/hbnetdc49fa69_5042613.webp\"><img decoding=\"async\" data-cke-saved-src=\"https:\/\/cdn.myikas.com\/images\/4b0890c4-46f7-49c5-9b0d-d8f3dae632d6\/8b867644-e9d3-46af-aef5-9973c6fb9dd1\/image_1950.webp\" src=\"https:\/\/hepsicdn.com.tr\/static\/product_detail\/hbnetdc49fa69_5042614.webp\"><img decoding=\"async\" data-cke-saved-src=\"https:\/\/cdn.myikas.com\/images\/4b0890c4-46f7-49c5-9b0d-d8f3dae632d6\/2fa03398-6efd-432f-8c38-0068a4ebc56b\/image_1950.webp\" src=\"https:\/\/hepsicdn.com.tr\/static\/product_detail\/hbnetdc49fa69_5042615.webp\"><strong>Ally R-6053 Kablosuz Ara&ccedil; S&uuml;p&uuml;rge Filtresi<br \/><\/strong>R-6053 Yedek S&uuml;p&uuml;rge Filtresi y&#305;kanabilir tasar&#305;ma sahiptir.<br \/>S&uuml;p&uuml;rgenizin performansl&#305; &#351;ekilde &ccedil;al&#305;&#351;mas&#305; i&ccedil;in bilirli periyotlarda filtre de&#287;i&#351;imini tavsiye ediyoruz.<br \/>Uyumluluk: ALLY R-6053 Ara&ccedil; S&uuml;p&uuml;rgesi<br data-cke-eol=\"1\"\/><\/p>\n","protected":false},"excerpt":{"rendered":"<p>Ally R-6053 Kablosuz Ara&ccedil; S&uuml;p&uuml;rge FiltresiAlly R-6053 Kablosuz Ara&ccedil; S&uuml;p&uuml;rge FiltresiR-6053 Yedek S&uuml;p&uuml;rge Filtresi y&#305;kanabilir tasar&#305;ma sahiptir.S&uuml;p&uuml;rgenizin performansl&#305; &#351;ekilde &ccedil;al&#305;&#351;mas&#305; i&ccedil;in bilirli periyotlarda filtre de&#287;i&#351;imini tavsiye ediyoruz.Uyumluluk: ALLY R-6053 Ara&ccedil; S&uuml;p&uuml;rgesi<\/p>\n","protected":false},"featured_media":104849,"comment_status":"open","ping_status":"closed","template":"","meta":{"_kad_post_transparent":"","_kad_post_title":"","_kad_post_layout":"","_kad_post_sidebar_id":"","_kad_post_content_style":"","_kad_post_vertical_padding":"","_kad_post_feature":"","_kad_post_feature_position":"","_kad_post_header":false,"_kad_post_footer":false,"_kad_post_classname":""},"product_brand":[],"product_cat":[14452],"product_tag":[],"class_list":{"0":"post-104850","1":"product","2":"type-product","3":"status-publish","4":"has-post-thumbnail","6":"product_cat-temizlik-fircasi-ve-supurge-temizlik-gerecleri-ev-bakim-ve-temizlik-supermarket-temizlik-fircasi-ve-supurge","8":"first","9":"instock","10":"purchasable","11":"product-type-simple","12":"entry","13":"content-bg","14":"loop-entry"},"_links":{"self":[{"href":"https:\/\/www.hediyepazar.com\/index.php?rest_route=\/wp\/v2\/product\/104850","targetHints":{"allow":["GET"]}}],"collection":[{"href":"https:\/\/www.hediyepazar.com\/index.php?rest_route=\/wp\/v2\/product"}],"about":[{"href":"https:\/\/www.hediyepazar.com\/index.php?rest_route=\/wp\/v2\/types\/product"}],"replies":[{"embeddable":true,"href":"https:\/\/www.hediyepazar.com\/index.php?rest_route=%2Fwp%2Fv2%2Fcomments&post=104850"}],"wp:featuredmedia":[{"embeddable":true,"href":"https:\/\/www.hediyepazar.com\/index.php?rest_route=\/wp\/v2\/media\/104849"}],"wp:attachment":[{"href":"https:\/\/www.hediyepazar.com\/index.php?rest_route=%2Fwp%2Fv2%2Fmedia&parent=104850"}],"wp:term":[{"taxonomy":"product_brand","embeddable":true,"href":"https:\/\/www.hediyepazar.com\/index.php?rest_route=%2Fwp%2Fv2%2Fproduct_brand&post=104850"},{"taxonomy":"product_cat","embeddable":true,"href":"https:\/\/www.hediyepazar.com\/index.php?rest_route=%2Fwp%2Fv2%2Fproduct_cat&post=104850"},{"taxonomy":"product_tag","embeddable":true,"href":"https:\/\/www.hediyepazar.com\/index.php?rest_route=%2Fwp%2Fv2%2Fproduct_tag&post=104850"}],"curies":[{"name":"wp","href":"https:\/\/api.w.org\/{rel}","templated":true}]}}