{"id":104874,"date":"2026-05-04T13:15:03","date_gmt":"2026-05-04T16:15:03","guid":{"rendered":"https:\/\/www.hediyepazar.com\/?product=ally-360-donebilen-dikiz-aynasi-arac-telefon-tutucu-5775"},"modified":"2026-05-04T13:15:03","modified_gmt":"2026-05-04T16:15:03","slug":"ally-360-donebilen-dikiz-aynasi-arac-telefon-tutucu-5775","status":"publish","type":"product","link":"https:\/\/www.hediyepazar.com\/?product=ally-360-donebilen-dikiz-aynasi-arac-telefon-tutucu-5775","title":{"rendered":"Ally 360 D\u00f6nebilen Dikiz Aynas\u0131 Ara\u00e7 Telefon Tutucu-(5775)"},"content":{"rendered":"<p><strong>Ally 360 D&ouml;nebilen Dikiz Aynas&#305; Ara&ccedil; Telefon Tutucu<\/strong><img decoding=\"async\" data-cke-saved-src=\"https:\/\/cdn.myikas.com\/images\/4b0890c4-46f7-49c5-9b0d-d8f3dae632d6\/6991501b-d948-44e5-a848-4be3d63b002b\/image_1950.webp\" src=\"https:\/\/hepsicdn.com.tr\/static\/product_detail\/hbnet1cb91d78_5044411.webp\"><br \/><img decoding=\"async\" data-cke-saved-src=\"https:\/\/cdn.myikas.com\/images\/4b0890c4-46f7-49c5-9b0d-d8f3dae632d6\/eefe9db2-6eaf-447f-9e07-b517c764b4fc\/image_1950.webp\" src=\"https:\/\/hepsicdn.com.tr\/static\/product_detail\/hbnet1cb91d78_5044412.webp\"><br \/><img decoding=\"async\" data-cke-saved-src=\"https:\/\/cdn.myikas.com\/images\/4b0890c4-46f7-49c5-9b0d-d8f3dae632d6\/3c4f0165-4cc1-41a9-bdf8-e2f14acff077\/image_1950.webp\" src=\"https:\/\/hepsicdn.com.tr\/static\/product_detail\/hbnet1cb91d78_5044413.webp\"><br \/><img decoding=\"async\" data-cke-saved-src=\"https:\/\/cdn.myikas.com\/images\/4b0890c4-46f7-49c5-9b0d-d8f3dae632d6\/5ba535e0-ebb9-49c0-8bf1-9de415be7372\/image_1950.webp\" src=\"https:\/\/hepsicdn.com.tr\/static\/product_detail\/hbnet1cb91d78_5044414.webp\"><br \/><img decoding=\"async\" data-cke-saved-src=\"https:\/\/cdn.myikas.com\/images\/4b0890c4-46f7-49c5-9b0d-d8f3dae632d6\/53b90102-daa7-4040-a263-5e346002d0ca\/image_1950.webp\" src=\"https:\/\/hepsicdn.com.tr\/static\/product_detail\/hbnet1cb91d78_5044415.webp\"><br \/><img decoding=\"async\" data-cke-saved-src=\"https:\/\/cdn.myikas.com\/images\/4b0890c4-46f7-49c5-9b0d-d8f3dae632d6\/b5308ae6-82a1-4d10-affe-e1aa3bd74080\/image_1950.webp\" src=\"https:\/\/hepsicdn.com.tr\/static\/product_detail\/hbnet1cb91d78_5044416.webp\"><br \/><strong style=\"text-align: -webkit-center;\">Ally 360 D&ouml;nebilen Dikiz Aynas&#305; Ara&ccedil; Telefon Tutucu<\/strong><strong style=\"text-align: -webkit-center;\">&#8203;<\/strong><span style=\"text-align: -webkit-center;\">Ara&ccedil; dikiz aynas&#305;na&nbsp;sabitleyerek kullanabilirsiniz.<\/span><br style=\"text-align: -webkit-center;\"\/><span style=\"text-align: -webkit-center;\">Herhangi bir alete ihtiya&ccedil; duymadan kolayca yerle&#351;tirebilirsiniz.<\/span><br style=\"text-align: -webkit-center;\"\/><span style=\"text-align: -webkit-center;\">Tek hamle ile telefonunuzu alabilirsiniz<\/span><br style=\"text-align: -webkit-center;\"\/><span style=\"text-align: -webkit-center;\">Minimalist ve &#351;&#305;k tasar&#305;ma sahiptir.<\/span><br style=\"text-align: -webkit-center;\"\/><span style=\"text-align: -webkit-center;\">S&uuml;r&uuml;c&uuml;n&uuml;n g&ouml;r&uuml;&#351;&uuml;n&uuml; engellemeyerek g&uuml;venli s&uuml;r&uuml;&#351; sa&#287;lar.<\/span><br style=\"text-align: -webkit-center;\"\/><span style=\"text-align: -webkit-center;\">A&ccedil;&#305;s&#305; ayarlanabilir.<\/span><br style=\"text-align: -webkit-center;\"\/><span style=\"text-align: -webkit-center;\">Kompakt boyutlar&#305; sayesinde kolayca ta&#351;&#305;nabilir.<\/span><br style=\"text-align: -webkit-center;\"\/><span style=\"text-align: -webkit-center;\">Malzeme: ABS<\/span><br style=\"text-align: -webkit-center;\"\/><span style=\"text-align: -webkit-center;\">Uygulanabilir y&uuml;zey: araba dikiz aynas&#305;<\/span><\/p>\n","protected":false},"excerpt":{"rendered":"<p>Ally 360 D&ouml;nebilen Dikiz Aynas&#305; Ara&ccedil; Telefon TutucuAlly 360 D&ouml;nebilen Dikiz Aynas&#305; Ara&ccedil; Telefon Tutucu&#8203;Ara&ccedil; dikiz aynas&#305;na&nbsp;sabitleyerek kullanabilirsiniz.Herhangi bir alete ihtiya&ccedil; duymadan kolayca yerle&#351;tirebilirsiniz.Tek hamle ile telefonunuzu alabilirsinizMinimalist ve &#351;&#305;k tasar&#305;ma sahiptir.S&uuml;r&uuml;c&uuml;n&uuml;n g&ouml;r&uuml;&#351;&uuml;n&uuml; engellemeyerek g&uuml;venli s&uuml;r&uuml;&#351; sa&#287;lar.A&ccedil;&#305;s&#305; ayarlanabilir.Kompakt boyutlar&#305; sayesinde kolayca ta&#351;&#305;nabilir.Malzeme: ABSUygulanabilir y&uuml;zey: araba dikiz aynas&#305;<\/p>\n","protected":false},"featured_media":104873,"comment_status":"open","ping_status":"closed","template":"","meta":{"_kad_post_transparent":"","_kad_post_title":"","_kad_post_layout":"","_kad_post_sidebar_id":"","_kad_post_content_style":"","_kad_post_vertical_padding":"","_kad_post_feature":"","_kad_post_feature_position":"","_kad_post_header":false,"_kad_post_footer":false,"_kad_post_classname":""},"product_brand":[],"product_cat":[7878],"product_tag":[],"class_list":{"0":"post-104874","1":"product","2":"type-product","3":"status-publish","4":"has-post-thumbnail","6":"product_cat-oto-aksesuarlari-oto-aksesuarlari-cep-telefonu-elektronik-arac-disi-aksesuar","8":"first","9":"instock","10":"purchasable","11":"product-type-simple","12":"entry","13":"content-bg","14":"loop-entry"},"_links":{"self":[{"href":"https:\/\/www.hediyepazar.com\/index.php?rest_route=\/wp\/v2\/product\/104874","targetHints":{"allow":["GET"]}}],"collection":[{"href":"https:\/\/www.hediyepazar.com\/index.php?rest_route=\/wp\/v2\/product"}],"about":[{"href":"https:\/\/www.hediyepazar.com\/index.php?rest_route=\/wp\/v2\/types\/product"}],"replies":[{"embeddable":true,"href":"https:\/\/www.hediyepazar.com\/index.php?rest_route=%2Fwp%2Fv2%2Fcomments&post=104874"}],"wp:featuredmedia":[{"embeddable":true,"href":"https:\/\/www.hediyepazar.com\/index.php?rest_route=\/wp\/v2\/media\/104873"}],"wp:attachment":[{"href":"https:\/\/www.hediyepazar.com\/index.php?rest_route=%2Fwp%2Fv2%2Fmedia&parent=104874"}],"wp:term":[{"taxonomy":"product_brand","embeddable":true,"href":"https:\/\/www.hediyepazar.com\/index.php?rest_route=%2Fwp%2Fv2%2Fproduct_brand&post=104874"},{"taxonomy":"product_cat","embeddable":true,"href":"https:\/\/www.hediyepazar.com\/index.php?rest_route=%2Fwp%2Fv2%2Fproduct_cat&post=104874"},{"taxonomy":"product_tag","embeddable":true,"href":"https:\/\/www.hediyepazar.com\/index.php?rest_route=%2Fwp%2Fv2%2Fproduct_tag&post=104874"}],"curies":[{"name":"wp","href":"https:\/\/api.w.org\/{rel}","templated":true}]}}