{"id":105546,"date":"2026-05-04T14:35:11","date_gmt":"2026-05-04T17:35:11","guid":{"rendered":"https:\/\/www.hediyepazar.com\/?product=ally-shockproof-darbe-emici-airpods-pro-kulaklik-kilifi-5775"},"modified":"2026-05-04T14:35:11","modified_gmt":"2026-05-04T17:35:11","slug":"ally-shockproof-darbe-emici-airpods-pro-kulaklik-kilifi-5775","status":"publish","type":"product","link":"https:\/\/www.hediyepazar.com\/?product=ally-shockproof-darbe-emici-airpods-pro-kulaklik-kilifi-5775","title":{"rendered":"ALLY Shockproof Darbe Emici AirPods Pro Kulakl\u0131k K\u0131l\u0131f\u0131-(5775)"},"content":{"rendered":"<p><strong>ALLY Luxury Serisi Shockproof Darbe Emici AirPods Pro Kulakl&#305;k K&#305;l&#305;f&#305;<\/strong><iframe allow=\"accelerometer; autoplay; clipboard-write; encrypted-media; gyroscope; picture-in-picture\" allowfullscreen=\"\" frameborder=\"0\" height=\"315\" src=\"https:\/\/www.youtube.com\/embed\/3cyNP8Zc-t8\" title=\"YouTube video player\" width=\"560\"><\/iframe><img decoding=\"async\" data-cke-saved-src=\"https:\/\/cdn.myikas.com\/images\/4b0890c4-46f7-49c5-9b0d-d8f3dae632d6\/c23e6392-d5d2-419e-9384-0814bb53cf0f\/image_1950.webp\" src=\"https:\/\/hepsicdn.com.tr\/static\/product_detail\/hbnet70969657_5090011.webp\"><img decoding=\"async\" data-cke-saved-src=\"https:\/\/cdn.myikas.com\/images\/4b0890c4-46f7-49c5-9b0d-d8f3dae632d6\/baf8c4a0-907f-4916-b453-ac82e27f7eb6\/image_1950.webp\" src=\"https:\/\/hepsicdn.com.tr\/static\/product_detail\/hbnet70969657_5090012.webp\"><br \/><img decoding=\"async\" data-cke-saved-src=\"https:\/\/cdn.myikas.com\/images\/4b0890c4-46f7-49c5-9b0d-d8f3dae632d6\/a61d378f-712d-480c-93f2-54e7b01902ef\/image_1950.webp\" src=\"https:\/\/hepsicdn.com.tr\/static\/product_detail\/hbnet70969657_5090013.webp\"><img decoding=\"async\" data-cke-saved-src=\"https:\/\/cdn.myikas.com\/images\/4b0890c4-46f7-49c5-9b0d-d8f3dae632d6\/daf9bc5c-8cd0-42cb-aee2-3ff17f4d880e\/image_1950.webp\" src=\"https:\/\/hepsicdn.com.tr\/static\/product_detail\/hbnet70969657_5090014.webp\"><img decoding=\"async\" data-cke-saved-src=\"https:\/\/cdn.myikas.com\/images\/4b0890c4-46f7-49c5-9b0d-d8f3dae632d6\/0259bff8-120d-4a5b-b8ec-b1e75d049ac5\/image_1950.webp\" src=\"https:\/\/hepsicdn.com.tr\/static\/product_detail\/hbnet70969657_5090015.webp\"><\/p>\n<p><img decoding=\"async\" data-cke-saved-src=\"https:\/\/cdn.myikas.com\/images\/4b0890c4-46f7-49c5-9b0d-d8f3dae632d6\/06903bb1-6d13-4ab3-8086-08a8cb61d64c\/image_1950.webp\" src=\"https:\/\/hepsicdn.com.tr\/static\/product_detail\/hbnet70969657_5090016.webp\"><img decoding=\"async\" data-cke-saved-src=\"https:\/\/cdn.myikas.com\/images\/4b0890c4-46f7-49c5-9b0d-d8f3dae632d6\/a7df0824-9603-408d-80fd-c6234941354e\/image_1950.webp\" src=\"https:\/\/hepsicdn.com.tr\/static\/product_detail\/hbnet70969657_5090017.webp\"><img decoding=\"async\" data-cke-saved-src=\"https:\/\/cdn.myikas.com\/images\/4b0890c4-46f7-49c5-9b0d-d8f3dae632d6\/44c064f4-03b2-4c8c-b114-ee68bb584d39\/image_1950.webp\" src=\"https:\/\/hepsicdn.com.tr\/static\/product_detail\/hbnet70969657_5090018.webp\"><img decoding=\"async\" data-cke-saved-src=\"https:\/\/cdn.myikas.com\/images\/4b0890c4-46f7-49c5-9b0d-d8f3dae632d6\/7e4e8db4-acb1-4097-b9c3-222711db9af2\/image_1950.webp\" src=\"https:\/\/hepsicdn.com.tr\/static\/product_detail\/hbnet70969657_5090019.webp\"><strong>ALLY Luxury Serisi Shockproof Darbe Emici AirPods Pro Kulakl&#305;k K&#305;l&#305;f&#305;<\/strong><br \/>Airpods&#8217;unuzu k&#305;l&#305;f&#305;ndayken kablolu veya kablosuz &#351;ekilde &#351;arj etmenize imkan sunar.<br \/>&#350;&#305;k tasar&#305;m&#305;yla g&ouml;z al&#305;c&#305;d&#305;r.<br \/>Airpods k&#305;l&#305;f&#305;, blutooth kulakl&#305;kl&#305;&#287;&#305;n&#305; &ccedil;izilmelere, y&#305;pranmaya, kirlenmeye, k&#305;r&#305;lmaya kar&#351;&#305; korur.<br \/>Asma halkas&#305; sayesinde anahtarl&#305;&#287;&#305;n&#305;za takabilirsiniz ve kaybolmas&#305;n&#305; engelleyebilirsiniz.<br \/>Y&uuml;ksek kalite materyalden &uuml;retilmi&#351; Airpods k&#305;l&#305;f&#305;, darbe emici &ouml;zelli&#287;e sahiptir.<br \/>Kolayca tak&#305;l&#305;p &ccedil;&#305;kar&#305;l&#305;r.<br \/>Uyumluluk: Apple Airpods Pro&nbsp;<br \/>NOT: Kulakl&#305;k dahil de&#287;ildir, &uuml;r&uuml;n YALNIZCA Airpods k&#305;l&#305;f&#305;d&#305;r.<\/p>\n","protected":false},"excerpt":{"rendered":"<p>ALLY Luxury Serisi Shockproof Darbe Emici AirPods Pro Kulakl&#305;k K&#305;l&#305;f&#305; ALLY Luxury Serisi Shockproof Darbe Emici AirPods Pro Kulakl&#305;k K&#305;l&#305;f&#305;Airpods&#8217;unuzu k&#305;l&#305;f&#305;ndayken kablolu veya kablosuz &#351;ekilde &#351;arj etmenize imkan sunar.&#350;&#305;k tasar&#305;m&#305;yla g&ouml;z al&#305;c&#305;d&#305;r.Airpods k&#305;l&#305;f&#305;, blutooth kulakl&#305;kl&#305;&#287;&#305;n&#305; &ccedil;izilmelere, y&#305;pranmaya, kirlenmeye, k&#305;r&#305;lmaya kar&#351;&#305; korur.Asma halkas&#305; sayesinde anahtarl&#305;&#287;&#305;n&#305;za takabilirsiniz ve kaybolmas&#305;n&#305; engelleyebilirsiniz.Y&uuml;ksek kalite materyalden &uuml;retilmi&#351; Airpods k&#305;l&#305;f&#305;, darbe emici&#8230;<\/p>\n","protected":false},"featured_media":105545,"comment_status":"open","ping_status":"closed","template":"","meta":{"_kad_post_transparent":"","_kad_post_title":"","_kad_post_layout":"","_kad_post_sidebar_id":"","_kad_post_content_style":"","_kad_post_vertical_padding":"","_kad_post_feature":"","_kad_post_feature_position":"","_kad_post_header":false,"_kad_post_footer":false,"_kad_post_classname":""},"product_brand":[],"product_cat":[14565],"product_tag":[],"class_list":{"0":"post-105546","1":"product","2":"type-product","3":"status-publish","4":"has-post-thumbnail","6":"product_cat-airpods-aksesuarlar-giyilebilir-teknoloji-elektronik-airpods-aksesuarlar","8":"first","9":"instock","10":"purchasable","11":"product-type-simple","12":"entry","13":"content-bg","14":"loop-entry"},"_links":{"self":[{"href":"https:\/\/www.hediyepazar.com\/index.php?rest_route=\/wp\/v2\/product\/105546","targetHints":{"allow":["GET"]}}],"collection":[{"href":"https:\/\/www.hediyepazar.com\/index.php?rest_route=\/wp\/v2\/product"}],"about":[{"href":"https:\/\/www.hediyepazar.com\/index.php?rest_route=\/wp\/v2\/types\/product"}],"replies":[{"embeddable":true,"href":"https:\/\/www.hediyepazar.com\/index.php?rest_route=%2Fwp%2Fv2%2Fcomments&post=105546"}],"wp:featuredmedia":[{"embeddable":true,"href":"https:\/\/www.hediyepazar.com\/index.php?rest_route=\/wp\/v2\/media\/105545"}],"wp:attachment":[{"href":"https:\/\/www.hediyepazar.com\/index.php?rest_route=%2Fwp%2Fv2%2Fmedia&parent=105546"}],"wp:term":[{"taxonomy":"product_brand","embeddable":true,"href":"https:\/\/www.hediyepazar.com\/index.php?rest_route=%2Fwp%2Fv2%2Fproduct_brand&post=105546"},{"taxonomy":"product_cat","embeddable":true,"href":"https:\/\/www.hediyepazar.com\/index.php?rest_route=%2Fwp%2Fv2%2Fproduct_cat&post=105546"},{"taxonomy":"product_tag","embeddable":true,"href":"https:\/\/www.hediyepazar.com\/index.php?rest_route=%2Fwp%2Fv2%2Fproduct_tag&post=105546"}],"curies":[{"name":"wp","href":"https:\/\/api.w.org\/{rel}","templated":true}]}}