{"id":105872,"date":"2026-05-04T15:21:57","date_gmt":"2026-05-04T18:21:57","guid":{"rendered":"https:\/\/www.hediyepazar.com\/?product=ezere-profesyonel-makyaj-fircasi-bb-krem-fircasi-fondoten-fircasi-5775"},"modified":"2026-05-04T15:21:57","modified_gmt":"2026-05-04T18:21:57","slug":"ezere-profesyonel-makyaj-fircasi-bb-krem-fircasi-fondoten-fircasi-5775","status":"publish","type":"product","link":"https:\/\/www.hediyepazar.com\/?product=ezere-profesyonel-makyaj-fircasi-bb-krem-fircasi-fondoten-fircasi-5775","title":{"rendered":"EZERE Profesyonel Makyaj Fir\u00e7asi BB krem fir\u00e7asi Fond\u00f6ten Fir\u00e7asi-(5775)"},"content":{"rendered":"<p><strong>EZERE Profesyonel Makyaj F&#305;r&ccedil;as&#305; BB krem &#8203;&#8203;f&#305;r&ccedil;as&#305; Fond&ouml;ten F&#305;r&ccedil;as&#305;<\/strong><\/p>\n<p><img decoding=\"async\" data-cke-saved-src=\"https:\/\/cdn.myikas.com\/images\/4b0890c4-46f7-49c5-9b0d-d8f3dae632d6\/2f128f4d-ddba-41bf-a2f1-bbdee9f7478e\/image_1950.webp\" src=\"https:\/\/hepsicdn.com.tr\/static\/product_detail\/hbnetfcf7e01c_5122011.webp\"><\/p>\n<p><img decoding=\"async\" data-cke-saved-src=\"https:\/\/cdn.myikas.com\/images\/4b0890c4-46f7-49c5-9b0d-d8f3dae632d6\/13f89fd4-c3a0-460e-849b-4886cf73a9fd\/image_1950.webp\" src=\"https:\/\/hepsicdn.com.tr\/static\/product_detail\/hbnetfcf7e01c_5122012.webp\"><\/p>\n<p><img decoding=\"async\" data-cke-saved-src=\"https:\/\/cdn.myikas.com\/images\/4b0890c4-46f7-49c5-9b0d-d8f3dae632d6\/fb4cb5e0-06c6-46fd-b296-a0975e94800a\/image_1950.webp\" src=\"https:\/\/hepsicdn.com.tr\/static\/product_detail\/hbnetfcf7e01c_5122013.webp\"><\/p>\n<p><img decoding=\"async\" data-cke-saved-src=\"https:\/\/cdn.myikas.com\/images\/4b0890c4-46f7-49c5-9b0d-d8f3dae632d6\/f2a5a2ec-275b-4536-81c5-91bddd84401e\/image_1950.webp\" src=\"https:\/\/hepsicdn.com.tr\/static\/product_detail\/hbnetfcf7e01c_5122014.webp\"><\/p>\n<p><img decoding=\"async\" data-cke-saved-src=\"https:\/\/cdn.myikas.com\/images\/4b0890c4-46f7-49c5-9b0d-d8f3dae632d6\/9a331e13-0e3a-4324-810a-54b533cd540e\/image_1950.webp\" src=\"https:\/\/hepsicdn.com.tr\/static\/product_detail\/hbnetfcf7e01c_5122015.webp\"><\/p>\n<p><img decoding=\"async\" data-cke-saved-src=\"https:\/\/cdn.myikas.com\/images\/4b0890c4-46f7-49c5-9b0d-d8f3dae632d6\/ce826062-26a4-477d-b0e6-6441490b3dc1\/image_1950.webp\" src=\"https:\/\/hepsicdn.com.tr\/static\/product_detail\/hbnetfcf7e01c_5122016.webp\"><\/p>\n<p><img decoding=\"async\" data-cke-saved-src=\"https:\/\/cdn.myikas.com\/images\/4b0890c4-46f7-49c5-9b0d-d8f3dae632d6\/5c3116bb-766e-4299-873b-be58cf6a3477\/image_1950.webp\" src=\"https:\/\/hepsicdn.com.tr\/static\/product_detail\/hbnetfcf7e01c_5122017.webp\"><\/p>\n<p><img decoding=\"async\" data-cke-saved-src=\"https:\/\/cdn.myikas.com\/images\/4b0890c4-46f7-49c5-9b0d-d8f3dae632d6\/0b5368fa-d27d-4ee8-aea4-c5f1e009c963\/image_1950.webp\" src=\"https:\/\/hepsicdn.com.tr\/static\/product_detail\/hbnetfcf7e01c_5122018.webp\"><\/p>\n<p><img decoding=\"async\" data-cke-saved-src=\"https:\/\/cdn.myikas.com\/images\/4b0890c4-46f7-49c5-9b0d-d8f3dae632d6\/26423281-f009-418e-abd7-c2b86dd6b137\/image_1950.webp\" src=\"https:\/\/hepsicdn.com.tr\/static\/product_detail\/hbnetfcf7e01c_5122019.webp\"><\/p>\n<p><strong>EZERE Profesyonel Makyaj F&#305;r&ccedil;as&#305; BB krem &#8203;&#8203;f&#305;r&ccedil;as&#305; Fond&ouml;ten F&#305;r&ccedil;as&#305;<\/strong><br \/>BB krem ve fond&ouml;ten i&ccedil;in tasarlanm&#305;&#351; yumu&#351;ak yap&#305;l&#305; f&#305;r&ccedil;a ile kusursuz makyajlara haz&#305;r m&#305;s&#305;n?<br \/>Geni&#351; y&uuml;zey hacmiyle kolay da&#287;&#305;l&#305;m sa&#287;lar.<br \/>&#350;&#305;k tasar&#305;m&#305;yla g&ouml;z al&#305;c&#305;d&#305;r.<br \/>Makyaj &ccedil;antan&#305;za s&#305;&#287;acak boyutlara sahiptir.<br \/>Y&#305;kanabilir tasar&#305;m&#305; sayesinde bakteri olu&#351;umunu engeller.<br \/>Boyutlar: 4.5*6cm<\/p>\n","protected":false},"excerpt":{"rendered":"<p>EZERE Profesyonel Makyaj F&#305;r&ccedil;as&#305; BB krem &#8203;&#8203;f&#305;r&ccedil;as&#305; Fond&ouml;ten F&#305;r&ccedil;as&#305; EZERE Profesyonel Makyaj F&#305;r&ccedil;as&#305; BB krem &#8203;&#8203;f&#305;r&ccedil;as&#305; Fond&ouml;ten F&#305;r&ccedil;as&#305;BB krem ve fond&ouml;ten i&ccedil;in tasarlanm&#305;&#351; yumu&#351;ak yap&#305;l&#305; f&#305;r&ccedil;a ile kusursuz makyajlara haz&#305;r m&#305;s&#305;n?Geni&#351; y&uuml;zey hacmiyle kolay da&#287;&#305;l&#305;m sa&#287;lar.&#350;&#305;k tasar&#305;m&#305;yla g&ouml;z al&#305;c&#305;d&#305;r.Makyaj &ccedil;antan&#305;za s&#305;&#287;acak boyutlara sahiptir.Y&#305;kanabilir tasar&#305;m&#305; sayesinde bakteri olu&#351;umunu engeller.Boyutlar: 4.5*6cm<\/p>\n","protected":false},"featured_media":105871,"comment_status":"open","ping_status":"closed","template":"","meta":{"_kad_post_transparent":"","_kad_post_title":"","_kad_post_layout":"","_kad_post_sidebar_id":"","_kad_post_content_style":"","_kad_post_vertical_padding":"","_kad_post_feature":"","_kad_post_feature_position":"","_kad_post_header":false,"_kad_post_footer":false,"_kad_post_classname":""},"product_brand":[],"product_cat":[14500],"product_tag":[],"class_list":{"0":"post-105872","1":"product","2":"type-product","3":"status-publish","4":"has-post-thumbnail","6":"product_cat-vucut-bakimi-cilt-bakimi-kozmetik-vucut-bakimi-cilt-bakimi-kozmetik","8":"first","9":"instock","10":"purchasable","11":"product-type-simple","12":"entry","13":"content-bg","14":"loop-entry"},"_links":{"self":[{"href":"https:\/\/www.hediyepazar.com\/index.php?rest_route=\/wp\/v2\/product\/105872","targetHints":{"allow":["GET"]}}],"collection":[{"href":"https:\/\/www.hediyepazar.com\/index.php?rest_route=\/wp\/v2\/product"}],"about":[{"href":"https:\/\/www.hediyepazar.com\/index.php?rest_route=\/wp\/v2\/types\/product"}],"replies":[{"embeddable":true,"href":"https:\/\/www.hediyepazar.com\/index.php?rest_route=%2Fwp%2Fv2%2Fcomments&post=105872"}],"wp:featuredmedia":[{"embeddable":true,"href":"https:\/\/www.hediyepazar.com\/index.php?rest_route=\/wp\/v2\/media\/105871"}],"wp:attachment":[{"href":"https:\/\/www.hediyepazar.com\/index.php?rest_route=%2Fwp%2Fv2%2Fmedia&parent=105872"}],"wp:term":[{"taxonomy":"product_brand","embeddable":true,"href":"https:\/\/www.hediyepazar.com\/index.php?rest_route=%2Fwp%2Fv2%2Fproduct_brand&post=105872"},{"taxonomy":"product_cat","embeddable":true,"href":"https:\/\/www.hediyepazar.com\/index.php?rest_route=%2Fwp%2Fv2%2Fproduct_cat&post=105872"},{"taxonomy":"product_tag","embeddable":true,"href":"https:\/\/www.hediyepazar.com\/index.php?rest_route=%2Fwp%2Fv2%2Fproduct_tag&post=105872"}],"curies":[{"name":"wp","href":"https:\/\/api.w.org\/{rel}","templated":true}]}}