{"id":105874,"date":"2026-05-04T15:22:02","date_gmt":"2026-05-04T18:22:02","guid":{"rendered":"https:\/\/www.hediyepazar.com\/?product=ezere-gold-fondoten-fircasi-bb-krem-fircasi-5775"},"modified":"2026-05-04T15:22:02","modified_gmt":"2026-05-04T18:22:02","slug":"ezere-gold-fondoten-fircasi-bb-krem-fircasi-5775","status":"publish","type":"product","link":"https:\/\/www.hediyepazar.com\/?product=ezere-gold-fondoten-fircasi-bb-krem-fircasi-5775","title":{"rendered":"EZERE Gold Fond\u00f6ten Fir\u00e7asi BB ??krem ??fir\u00e7asi-(5775)"},"content":{"rendered":"<p><strong>EZERE Gold Fond&ouml;ten F&#305;r&ccedil;as&#305; BB krem &#8203;&#8203;krem &#8203;&#8203;f&#305;r&ccedil;as&#305;<\/strong><\/p>\n<p><img decoding=\"async\" data-cke-saved-src=\"https:\/\/cdn.myikas.com\/images\/4b0890c4-46f7-49c5-9b0d-d8f3dae632d6\/ff7f2ca1-c1c3-4fde-ab5a-c22710cbdeb6\/image_1950.webp\" src=\"https:\/\/hepsicdn.com.tr\/static\/product_detail\/hbnetd7380c49_5122111.webp\"><\/p>\n<p><img decoding=\"async\" data-cke-saved-src=\"https:\/\/cdn.myikas.com\/images\/4b0890c4-46f7-49c5-9b0d-d8f3dae632d6\/5287bb3a-2eeb-4874-92e2-2158c5b670e7\/image_1950.webp\" src=\"https:\/\/hepsicdn.com.tr\/static\/product_detail\/hbnetd7380c49_5122112.webp\"><\/p>\n<p><img decoding=\"async\" data-cke-saved-src=\"https:\/\/cdn.myikas.com\/images\/4b0890c4-46f7-49c5-9b0d-d8f3dae632d6\/54ec7e98-2b70-4470-87cd-bb7443dda03b\/image_1950.webp\" src=\"https:\/\/hepsicdn.com.tr\/static\/product_detail\/hbnetd7380c49_5122113.webp\"><\/p>\n<p><img decoding=\"async\" data-cke-saved-src=\"https:\/\/cdn.myikas.com\/images\/4b0890c4-46f7-49c5-9b0d-d8f3dae632d6\/0cdd25a9-7be4-475e-80ee-bdb4a7fa7401\/image_1950.webp\" src=\"https:\/\/hepsicdn.com.tr\/static\/product_detail\/hbnetd7380c49_5122114.webp\"><\/p>\n<p><img decoding=\"async\" data-cke-saved-src=\"https:\/\/cdn.myikas.com\/images\/4b0890c4-46f7-49c5-9b0d-d8f3dae632d6\/7f91af45-64db-49aa-8489-9557d2eecd04\/image_1950.webp\" src=\"https:\/\/hepsicdn.com.tr\/static\/product_detail\/hbnetd7380c49_5122115.webp\"><\/p>\n<p><img decoding=\"async\" data-cke-saved-src=\"https:\/\/cdn.myikas.com\/images\/4b0890c4-46f7-49c5-9b0d-d8f3dae632d6\/f453dff7-0e6b-4450-bcbd-7dc8de7bdf18\/image_1950.webp\" src=\"https:\/\/hepsicdn.com.tr\/static\/product_detail\/hbnetd7380c49_5122116.webp\"><\/p>\n<p><img decoding=\"async\" data-cke-saved-src=\"https:\/\/cdn.myikas.com\/images\/4b0890c4-46f7-49c5-9b0d-d8f3dae632d6\/c72f134c-037b-457c-9c3c-f9f6d2b63358\/image_1950.webp\" src=\"https:\/\/hepsicdn.com.tr\/static\/product_detail\/hbnetd7380c49_5122117.webp\"><\/p>\n<p><img decoding=\"async\" data-cke-saved-src=\"https:\/\/cdn.myikas.com\/images\/4b0890c4-46f7-49c5-9b0d-d8f3dae632d6\/93db57ab-cd89-4d72-9e6f-3804047f5452\/image_1950.webp\" src=\"https:\/\/hepsicdn.com.tr\/static\/product_detail\/hbnetd7380c49_5122118.webp\"><\/p>\n<p><strong>EZERE Gold Fond&ouml;ten F&#305;r&ccedil;as&#305; BB krem &#8203;&#8203;krem &#8203;&#8203;f&#305;r&ccedil;as&#305;<\/strong><br \/>BB krem i&ccedil;in tasarlanm&#305;&#351; yumu&#351;ak yap&#305;l&#305; f&#305;r&ccedil;a ile kusursuz makyajlara haz&#305;r m&#305;s&#305;n?<br \/>&#350;&#305;k tasar&#305;m&#305;yla g&ouml;z al&#305;c&#305;d&#305;r.<br \/>Makyaj &ccedil;antan&#305;za s&#305;&#287;acak boyutlara sahiptir.<br \/>Y&#305;kanabilir tasar&#305;m&#305; sayesinde bakteri olu&#351;umunu engeller.<br \/>Boyutlar: 14.5*2cm<br \/>A&#287;&#305;rl&#305;k:16.8g<\/p>\n<p><\/p>\n","protected":false},"excerpt":{"rendered":"<p>EZERE Gold Fond&ouml;ten F&#305;r&ccedil;as&#305; BB krem &#8203;&#8203;krem &#8203;&#8203;f&#305;r&ccedil;as&#305; EZERE Gold Fond&ouml;ten F&#305;r&ccedil;as&#305; BB krem &#8203;&#8203;krem &#8203;&#8203;f&#305;r&ccedil;as&#305;BB krem i&ccedil;in tasarlanm&#305;&#351; yumu&#351;ak yap&#305;l&#305; f&#305;r&ccedil;a ile kusursuz makyajlara haz&#305;r m&#305;s&#305;n?&#350;&#305;k tasar&#305;m&#305;yla g&ouml;z al&#305;c&#305;d&#305;r.Makyaj &ccedil;antan&#305;za s&#305;&#287;acak boyutlara sahiptir.Y&#305;kanabilir tasar&#305;m&#305; sayesinde bakteri olu&#351;umunu engeller.Boyutlar: 14.5*2cmA&#287;&#305;rl&#305;k:16.8g<\/p>\n","protected":false},"featured_media":105873,"comment_status":"open","ping_status":"closed","template":"","meta":{"_kad_post_transparent":"","_kad_post_title":"","_kad_post_layout":"","_kad_post_sidebar_id":"","_kad_post_content_style":"","_kad_post_vertical_padding":"","_kad_post_feature":"","_kad_post_feature_position":"","_kad_post_header":false,"_kad_post_footer":false,"_kad_post_classname":""},"product_brand":[],"product_cat":[14500],"product_tag":[],"class_list":{"0":"post-105874","1":"product","2":"type-product","3":"status-publish","4":"has-post-thumbnail","6":"product_cat-vucut-bakimi-cilt-bakimi-kozmetik-vucut-bakimi-cilt-bakimi-kozmetik","8":"first","9":"instock","10":"purchasable","11":"product-type-simple","12":"entry","13":"content-bg","14":"loop-entry"},"_links":{"self":[{"href":"https:\/\/www.hediyepazar.com\/index.php?rest_route=\/wp\/v2\/product\/105874","targetHints":{"allow":["GET"]}}],"collection":[{"href":"https:\/\/www.hediyepazar.com\/index.php?rest_route=\/wp\/v2\/product"}],"about":[{"href":"https:\/\/www.hediyepazar.com\/index.php?rest_route=\/wp\/v2\/types\/product"}],"replies":[{"embeddable":true,"href":"https:\/\/www.hediyepazar.com\/index.php?rest_route=%2Fwp%2Fv2%2Fcomments&post=105874"}],"wp:featuredmedia":[{"embeddable":true,"href":"https:\/\/www.hediyepazar.com\/index.php?rest_route=\/wp\/v2\/media\/105873"}],"wp:attachment":[{"href":"https:\/\/www.hediyepazar.com\/index.php?rest_route=%2Fwp%2Fv2%2Fmedia&parent=105874"}],"wp:term":[{"taxonomy":"product_brand","embeddable":true,"href":"https:\/\/www.hediyepazar.com\/index.php?rest_route=%2Fwp%2Fv2%2Fproduct_brand&post=105874"},{"taxonomy":"product_cat","embeddable":true,"href":"https:\/\/www.hediyepazar.com\/index.php?rest_route=%2Fwp%2Fv2%2Fproduct_cat&post=105874"},{"taxonomy":"product_tag","embeddable":true,"href":"https:\/\/www.hediyepazar.com\/index.php?rest_route=%2Fwp%2Fv2%2Fproduct_tag&post=105874"}],"curies":[{"name":"wp","href":"https:\/\/api.w.org\/{rel}","templated":true}]}}