{"id":106008,"date":"2026-05-04T15:37:57","date_gmt":"2026-05-04T18:37:57","guid":{"rendered":"https:\/\/www.hediyepazar.com\/?product=huawei-matepad-10-4-ultra-koruma-seffaf-silikon-kilif-5775"},"modified":"2026-05-04T15:37:57","modified_gmt":"2026-05-04T18:37:57","slug":"huawei-matepad-10-4-ultra-koruma-seffaf-silikon-kilif-5775","status":"publish","type":"product","link":"https:\/\/www.hediyepazar.com\/?product=huawei-matepad-10-4-ultra-koruma-seffaf-silikon-kilif-5775","title":{"rendered":"Huawei MatePad 10.4 Ultra Koruma \u015eeffaf Silikon K\u0131l\u0131f-(5775)"},"content":{"rendered":"<p><strong>Huawei MatePad 10.4 Ultra Koruma &#350;effaf Silikon K&#305;l&#305;f<\/strong><\/p>\n<p><img decoding=\"async\" data-cke-saved-src=\"https:\/\/cdn.myikas.com\/images\/4b0890c4-46f7-49c5-9b0d-d8f3dae632d6\/37919c4b-0990-4797-bcc7-6c636c8a98f3\/image_1950.webp\" src=\"https:\/\/hepsicdn.com.tr\/static\/product_detail\/hbnet726d3b1c_5132511.webp\"><\/p>\n<p><img decoding=\"async\" data-cke-saved-src=\"https:\/\/cdn.myikas.com\/images\/4b0890c4-46f7-49c5-9b0d-d8f3dae632d6\/51e1838f-357a-428b-bdae-3cbb44a2f181\/image_1950.webp\" src=\"https:\/\/hepsicdn.com.tr\/static\/product_detail\/hbnet726d3b1c_5132512.webp\"><\/p>\n<p><img decoding=\"async\" data-cke-saved-src=\"https:\/\/cdn.myikas.com\/images\/4b0890c4-46f7-49c5-9b0d-d8f3dae632d6\/9c249ee5-b4a1-4e27-81b7-b89042fdd161\/image_1950.webp\" src=\"https:\/\/hepsicdn.com.tr\/static\/product_detail\/hbnet726d3b1c_5132513.webp\"><\/p>\n<p><img decoding=\"async\" data-cke-saved-src=\"https:\/\/cdn.myikas.com\/images\/4b0890c4-46f7-49c5-9b0d-d8f3dae632d6\/53823a64-fe72-4c31-90d8-bcdfb22a85e8\/image_1950.webp\" src=\"https:\/\/hepsicdn.com.tr\/static\/product_detail\/hbnet726d3b1c_5132514.webp\"><\/p>\n<p><img decoding=\"async\" data-cke-saved-src=\"https:\/\/cdn.myikas.com\/images\/4b0890c4-46f7-49c5-9b0d-d8f3dae632d6\/2d2e2bec-3a38-41a6-abdb-956209a616d7\/image_1950.webp\" src=\"https:\/\/hepsicdn.com.tr\/static\/product_detail\/hbnet726d3b1c_5132515.webp\"><\/p>\n<p><img decoding=\"async\" data-cke-saved-src=\"https:\/\/cdn.myikas.com\/images\/4b0890c4-46f7-49c5-9b0d-d8f3dae632d6\/ef3a4c4e-90d1-4dee-a123-95590e867ca0\/image_1950.webp\" src=\"https:\/\/hepsicdn.com.tr\/static\/product_detail\/hbnet726d3b1c_5132516.webp\"><\/p>\n<p><strong>Huawei MatePad 10.4 Ultra Koruma &#350;effaf Silikon K&#305;l&#305;f<\/strong><\/p>\n<p><span font-size:=\"\" helvetica=\"\" style=\"color: rgb(73, 83, 94); font-family: \" text-align:=\"\">&#350;effaf tasar&#305;m&#305;yla g&ouml;z al&#305;c&#305;d&#305;r.<\/span><br font-size:=\"\" helvetica=\"\" style=\"box-sizing: border-box; color: rgb(73, 83, 94); font-family: \" text-align:=\"\"\/><span font-size:=\"\" helvetica=\"\" style=\"color: rgb(73, 83, 94); font-family: \" text-align:=\"\">T&uuml;m d&uuml;&#287;melere ve ba&#287;lant&#305; noktalar&#305;na rahat&ccedil;a eri&#351;im sa&#287;layacak &#351;ekilde tasarlanm&#305;&#351;t&#305;r.<\/span><br font-size:=\"\" helvetica=\"\" style=\"box-sizing: border-box; color: rgb(73, 83, 94); font-family: \" text-align:=\"\"\/><span font-size:=\"\" helvetica=\"\" style=\"color: rgb(73, 83, 94); font-family: \" text-align:=\"\">Cihazlar&#305; &ccedil;izilmelere, kire, y&#305;pranmaya ve a&#351;&#305;nmaya kar&#351;&#305; etkili &#351;ekilde korur.<\/span><br font-size:=\"\" helvetica=\"\" style=\"box-sizing: border-box; color: rgb(73, 83, 94); font-family: \" text-align:=\"\"\/><span font-size:=\"\" helvetica=\"\" style=\"color: rgb(73, 83, 94); font-family: \" text-align:=\"\">Tabletinize fit &#351;ekilde uyum sa&#287;lar.<\/span><br font-size:=\"\" helvetica=\"\" style=\"box-sizing: border-box; color: rgb(73, 83, 94); font-family: \" text-align:=\"\"\/><span font-size:=\"\" helvetica=\"\" style=\"color: rgb(73, 83, 94); font-family: \" text-align:=\"\">Esnek tasar&#305;m&#305;yla kolayca tak&#305;l&#305;p &ccedil;&#305;kar&#305;labilir.<\/span><br font-size:=\"\" helvetica=\"\" style=\"box-sizing: border-box; color: rgb(73, 83, 94); font-family: \" text-align:=\"\"\/><span font-size:=\"\" helvetica=\"\" style=\"color: rgb(73, 83, 94); font-family: \" text-align:=\"\">Uyumluluk: Huawei MatePad 10.4<\/span><\/p>\n","protected":false},"excerpt":{"rendered":"<p>Huawei MatePad 10.4 Ultra Koruma &#350;effaf Silikon K&#305;l&#305;f Huawei MatePad 10.4 Ultra Koruma &#350;effaf Silikon K&#305;l&#305;f &#350;effaf tasar&#305;m&#305;yla g&ouml;z al&#305;c&#305;d&#305;r.T&uuml;m d&uuml;&#287;melere ve ba&#287;lant&#305; noktalar&#305;na rahat&ccedil;a eri&#351;im sa&#287;layacak &#351;ekilde tasarlanm&#305;&#351;t&#305;r.Cihazlar&#305; &ccedil;izilmelere, kire, y&#305;pranmaya ve a&#351;&#305;nmaya kar&#351;&#305; etkili &#351;ekilde korur.Tabletinize fit &#351;ekilde uyum sa&#287;lar.Esnek tasar&#305;m&#305;yla kolayca tak&#305;l&#305;p &ccedil;&#305;kar&#305;labilir.Uyumluluk: Huawei MatePad 10.4<\/p>\n","protected":false},"featured_media":106007,"comment_status":"open","ping_status":"closed","template":"","meta":{"_kad_post_transparent":"","_kad_post_title":"","_kad_post_layout":"","_kad_post_sidebar_id":"","_kad_post_content_style":"","_kad_post_vertical_padding":"","_kad_post_feature":"","_kad_post_feature_position":"","_kad_post_header":false,"_kad_post_footer":false,"_kad_post_classname":""},"product_brand":[],"product_cat":[14546],"product_tag":[],"class_list":{"0":"post-106008","1":"product","2":"type-product","3":"status-publish","4":"has-post-thumbnail","6":"product_cat-tablet-kilifi-bilgisayar-tablet-aksesuar-bilgisayar-tablet-elektronik-tablet-kilifi","8":"first","9":"instock","10":"purchasable","11":"product-type-simple","12":"entry","13":"content-bg","14":"loop-entry"},"_links":{"self":[{"href":"https:\/\/www.hediyepazar.com\/index.php?rest_route=\/wp\/v2\/product\/106008","targetHints":{"allow":["GET"]}}],"collection":[{"href":"https:\/\/www.hediyepazar.com\/index.php?rest_route=\/wp\/v2\/product"}],"about":[{"href":"https:\/\/www.hediyepazar.com\/index.php?rest_route=\/wp\/v2\/types\/product"}],"replies":[{"embeddable":true,"href":"https:\/\/www.hediyepazar.com\/index.php?rest_route=%2Fwp%2Fv2%2Fcomments&post=106008"}],"wp:featuredmedia":[{"embeddable":true,"href":"https:\/\/www.hediyepazar.com\/index.php?rest_route=\/wp\/v2\/media\/106007"}],"wp:attachment":[{"href":"https:\/\/www.hediyepazar.com\/index.php?rest_route=%2Fwp%2Fv2%2Fmedia&parent=106008"}],"wp:term":[{"taxonomy":"product_brand","embeddable":true,"href":"https:\/\/www.hediyepazar.com\/index.php?rest_route=%2Fwp%2Fv2%2Fproduct_brand&post=106008"},{"taxonomy":"product_cat","embeddable":true,"href":"https:\/\/www.hediyepazar.com\/index.php?rest_route=%2Fwp%2Fv2%2Fproduct_cat&post=106008"},{"taxonomy":"product_tag","embeddable":true,"href":"https:\/\/www.hediyepazar.com\/index.php?rest_route=%2Fwp%2Fv2%2Fproduct_tag&post=106008"}],"curies":[{"name":"wp","href":"https:\/\/api.w.org\/{rel}","templated":true}]}}